{"id":4326,"date":"2021-02-23T20:00:00","date_gmt":"2021-02-23T20:00:00","guid":{"rendered":"https:\/\/www.web-rr.de\/GHS-Buecherei\/?page_id=4326"},"modified":"2021-02-22T23:59:59","modified_gmt":"2021-02-22T23:59:59","slug":"p9783551356970","status":"publish","type":"page","link":"https:\/\/www.web-rr.de\/GHS-Buecherei\/index.php\/p9783551356970\/","title":{"rendered":"Fu\u00dfball 16"},"content":{"rendered":"<table><tbody><tr><td class='rDTitel' colspan='2'>Pel und ich<\/td><\/tr><tr><td><span class='rDLabel1'>Status: <\/span><span class='rDText1Gruen'>vorhanden<\/span><\/td><td><span class='rDLabel1'>Antolin: <\/span><span class='rDText1Rot'>Quiz nicht vorhanden.<\/span><\/td><\/tr><tr><td width=50%><img src='https:\/\/www.web-rr.de\/GHS-Buecherei\/wp-content\/uploads\/9783551356970.jpg' alt=''><\/td><td><p class='rDLabel2'>von <span class='rDText2'>Martin Klein<\/span><\/p><p class='rDLabel2'>Verlag: <span class='rDText2'>Carlsen Verlag GmbH,  2008,  5.95 \u20ac<\/span><\/p><p class='rDLabel2'>B\u00fccherei-Barcode: <span class='rDText2'>9783551356970<\/span><\/p><p class='rDLabel2'>In der B\u00fccherei erfasst am: <span class='rDText2'>01.04.2014<\/span><\/p><p class='rDLabel2'>Stichw\u00f6rter: <span class='rDText2'>Pel\u00e9, Brasilien, Wunderkind<\/span><\/p><p class='rDLabel2'>Lesealter ca. <span class='rDText2'>-<\/span><span class='rDLabel2'> Jahre<\/span><\/p><p class='rDLabel2'>Das Buch wurde <span class='rDText2'>2<\/span><span class='rDLabel2'> mal gelesen.<\/span><\/p><\/td><\/tr><tr><td colspan='2'><p class='rDLabel1'>Inhalt:<\/p><span class='rDText2'>Paul ist ein Fu\u00dfball-Wunderkind ... zumindest ein theoretisches, denn er kann s\u00e4mtliche Torergebnisse und Spieleraufstellungen aller Fu\u00dfballligen auswendig. Nur selber Fu\u00dfball spielen kann er nicht so gut. Dabei w\u00e4re er m\u00e4chtig gerne in der Schulmannschaft! Na ja, dann schreibt Paul eben Tagebuch und stellt sich vor, wie das w\u00e4re ... wenn Beckenbauer und Hoene\u00df sein Talent entdeckten, wenn man ihn nach Brasilien zum ber\u00fchmten FC Santos holte, wenn er dort als kleiner Superstar namens Paulinho spielen k\u00f6nnte, wenn ihm alle Fans zu F\u00fc\u00dfen l\u00e4gen und wenn schlie\u00dflich Klinsi bei ihm anrufen und ihn zur WM nach Deutschland holte ... ach ja, das w\u00e4r sch\u00f6n. Doch zum Gl\u00fcck lernt Paul in Wirklichkeit den echten Pel\u00e9 kennen und der trainiert mit ihm \u00bf und bald ist das Tagebuch nicht mehr so wichtig.<\/span><\/td><\/tr><tr><td colspan='2'><a href='#' onclick='history.back(); return false'>Zur\u00fcck<\/a><\/td><\/tr><\/tbody><\/table>\n","protected":false},"excerpt":{"rendered":"","protected":false},"author":1,"featured_media":0,"parent":0,"menu_order":0,"comment_status":"closed","ping_status":"closed","template":"","meta":[],"_links":{"self":[{"href":"https:\/\/www.web-rr.de\/GHS-Buecherei\/index.php\/wp-json\/wp\/v2\/pages\/4326"}],"collection":[{"href":"https:\/\/www.web-rr.de\/GHS-Buecherei\/index.php\/wp-json\/wp\/v2\/pages"}],"about":[{"href":"https:\/\/www.web-rr.de\/GHS-Buecherei\/index.php\/wp-json\/wp\/v2\/types\/page"}],"author":[{"embeddable":true,"href":"https:\/\/www.web-rr.de\/GHS-Buecherei\/index.php\/wp-json\/wp\/v2\/users\/1"}],"replies":[{"embeddable":true,"href":"https:\/\/www.web-rr.de\/GHS-Buecherei\/index.php\/wp-json\/wp\/v2\/comments?post=4326"}],"version-history":[{"count":0,"href":"https:\/\/www.web-rr.de\/GHS-Buecherei\/index.php\/wp-json\/wp\/v2\/pages\/4326\/revisions"}],"wp:attachment":[{"href":"https:\/\/www.web-rr.de\/GHS-Buecherei\/index.php\/wp-json\/wp\/v2\/media?parent=4326"}],"curies":[{"name":"wp","href":"https:\/\/api.w.org\/{rel}","templated":true}]}}