{"id":4212,"date":"2021-02-23T20:00:00","date_gmt":"2021-02-23T20:00:00","guid":{"rendered":"https:\/\/www.web-rr.de\/GHS-Buecherei\/?page_id=4212"},"modified":"2021-02-22T23:59:59","modified_gmt":"2021-02-22T23:59:59","slug":"p9783943079548","status":"publish","type":"page","link":"https:\/\/www.web-rr.de\/GHS-Buecherei\/index.php\/p9783943079548\/","title":{"rendered":"Fremdsprachen 48"},"content":{"rendered":"<table><tbody><tr><td class='rDTitel' colspan='2'>Lenas gr\u00f6\u00dfter Wunsch - Deutsch \/ Arabisch<\/td><\/tr><tr><td><span class='rDLabel1'>Status: <\/span><span class='rDText1Gruen'>vorhanden<\/span><\/td><td><span class='rDLabel1'>Antolin: <\/span><span class='rDText1Rot'>Quiz nicht vorhanden.<\/span><\/td><\/tr><tr><td width=50%><img src='https:\/\/www.web-rr.de\/GHS-Buecherei\/wp-content\/uploads\/9783943079548.jpg' alt=''><\/td><td><p class='rDLabel2'>von <span class='rDText2'>Ingrid Annel<\/span><\/p><p class='rDLabel2'>Verlag: <span class='rDText2'>Amiguitos,  2017,  13.90 \u20ac<\/span><\/p><p class='rDLabel2'>B\u00fccherei-Barcode: <span class='rDText2'>9783943079548<\/span><\/p><p class='rDLabel2'>In der B\u00fccherei erfasst am: <span class='rDText2'>07.01.2020<\/span><\/p><p class='rDLabel2'>Stichw\u00f6rter: <span class='rDText2'>Deutsch, Arabisch,<\/span><\/p><p class='rDLabel2'>Lesealter ca. <span class='rDText2'>-<\/span><span class='rDLabel2'> Jahre<\/span><\/p><p class='rDLabel2'>Das Buch wurde <span class='rDText2'>0<\/span><span class='rDLabel2'> mal gelesen.<\/span><\/p><\/td><\/tr><tr><td colspan='2'><p class='rDLabel1'>Inhalt:<\/p><span class='rDText2'>Eine anr\u00fchrende Geschichte in zwei Sprachen, geeignet als Vorlesebuch oder als Lesebuch f\u00fcr Grundsch\u00fcler ab der 2. Klasse. Leseprobe: \"Ach, M\u00e4rchen!\", seufzt Lena. \"Da erf\u00fcllt eine gute Fee drei W\u00fcnsche, und am Ende wird alles gut. Ich h\u00e4tte einen einzigen Wunsch: Ich m\u00f6chte hierbleiben, bei dir. Warum m\u00fcssen ausgerechnet meine Eltern Arbeit in einer anderen Stadt finden? Warum darf ich nicht entscheiden, in welcher Stadt ich leben m\u00f6chte?\" \"Wenn ich einen Wunsch frei h\u00e4tte\", entgegnet Kati, \"w\u00fcrde ich mir w\u00fcnschen, dass deine Eltern hier eine neue Arbeit bekommen h\u00e4tten. Dann k\u00f6nnten wir f\u00fcr immer zusammenbleiben.\"<\/span><\/td><\/tr><tr><td colspan='2'><a href='#' onclick='history.back(); return false'>Zur\u00fcck<\/a><\/td><\/tr><\/tbody><\/table>\n","protected":false},"excerpt":{"rendered":"","protected":false},"author":1,"featured_media":0,"parent":0,"menu_order":0,"comment_status":"closed","ping_status":"closed","template":"","meta":[],"_links":{"self":[{"href":"https:\/\/www.web-rr.de\/GHS-Buecherei\/index.php\/wp-json\/wp\/v2\/pages\/4212"}],"collection":[{"href":"https:\/\/www.web-rr.de\/GHS-Buecherei\/index.php\/wp-json\/wp\/v2\/pages"}],"about":[{"href":"https:\/\/www.web-rr.de\/GHS-Buecherei\/index.php\/wp-json\/wp\/v2\/types\/page"}],"author":[{"embeddable":true,"href":"https:\/\/www.web-rr.de\/GHS-Buecherei\/index.php\/wp-json\/wp\/v2\/users\/1"}],"replies":[{"embeddable":true,"href":"https:\/\/www.web-rr.de\/GHS-Buecherei\/index.php\/wp-json\/wp\/v2\/comments?post=4212"}],"version-history":[{"count":0,"href":"https:\/\/www.web-rr.de\/GHS-Buecherei\/index.php\/wp-json\/wp\/v2\/pages\/4212\/revisions"}],"wp:attachment":[{"href":"https:\/\/www.web-rr.de\/GHS-Buecherei\/index.php\/wp-json\/wp\/v2\/media?parent=4212"}],"curies":[{"name":"wp","href":"https:\/\/api.w.org\/{rel}","templated":true}]}}