{"id":4206,"date":"2021-02-23T20:00:00","date_gmt":"2021-02-23T20:00:00","guid":{"rendered":"https:\/\/www.web-rr.de\/GHS-Buecherei\/?page_id=4206"},"modified":"2021-02-22T23:59:59","modified_gmt":"2021-02-22T23:59:59","slug":"p9783702235413","status":"publish","type":"page","link":"https:\/\/www.web-rr.de\/GHS-Buecherei\/index.php\/p9783702235413\/","title":{"rendered":"Fremdsprachen 42"},"content":{"rendered":"<table><tbody><tr><td class='rDTitel' colspan='2'>Das kleine Farben-Einmaleins<\/td><\/tr><tr><td><span class='rDLabel1'>Status: <\/span><span class='rDText1Gruen'>vorhanden<\/span><\/td><td><span class='rDLabel1'>Antolin: <\/span><span class='rDText1Rot'>Quiz nicht vorhanden.<\/span><\/td><\/tr><tr><td width=50%><img src='https:\/\/www.web-rr.de\/GHS-Buecherei\/wp-content\/uploads\/9783702235413.jpg' alt=''><\/td><td><p class='rDLabel2'>von <span class='rDText2'>Reinhard Ehgartner und Helga Bansch<\/span><\/p><p class='rDLabel2'>Verlag: <span class='rDText2'>Tyrolia,  2016,  12.95 \u20ac<\/span><\/p><p class='rDLabel2'>B\u00fccherei-Barcode: <span class='rDText2'>9783702235413<\/span><\/p><p class='rDLabel2'>In der B\u00fccherei erfasst am: <span class='rDText2'>06.08.2018<\/span><\/p><p class='rDLabel2'>Stichw\u00f6rter: <span class='rDText2'>T\u00fcrkisch, Englisch, Arabisch, Deutsch, Einmaleins<\/span><\/p><p class='rDLabel2'>Lesealter ca. <span class='rDText2'>-<\/span><span class='rDLabel2'> Jahre<\/span><\/p><p class='rDLabel2'>Das Buch wurde <span class='rDText2'>0<\/span><span class='rDLabel2'> mal gelesen.<\/span><\/p><\/td><\/tr><tr><td colspan='2'><p class='rDLabel1'>Inhalt:<\/p><span class='rDText2'>Sprachen- und Kulturenvielfalt ist und wird eines der wichtigsten Themen unserer Gesellschaft der n\u00e4chsten Jahre. Literatur kann hierbei eine ideale Br\u00fccke sein, zwischen den Kulturen zu vermitteln, das Fremde kennen und in seiner Einzigartigkeit sch\u00e4tzen zu lernen. Genau diesem Anspruch stellt sich die neue, mehrsprachige Ausgabe des bew\u00e4hrten Buchstart-Bilderbuchs. Dabei wurde vor allem auf eine literarische und nicht wortw\u00f6rtliche \u00dcbersetzung geachtet. Damit stehen die Texte mit ihrem jeweils eigenen literarischen Wert gleichberechtigt nebeneinander und f\u00f6rdern so nicht nur das kulturelle Verst\u00e4ndnis, sondern machen auch Lust, \u00fcber die sprachlichen Grenzen hinweg Unterschiede und Gemeinsamkeiten zu suchen.In seiner klugen, thematischen Zusammenstellung von Farben, Zahlen und Tieren hat sich \"Das kleine Farben-Einmaleins\" bereits vielfach bew\u00e4hrt. J\u00fcngere Kinder k\u00f6nnen mit diesem Bilderbuch ihren Wortschatz erweitern und verfestigen. Gr\u00f6\u00dfere hingegen k\u00f6nnen den feinen, bewussten \"Unstimmigkeiten\" auf die Spur kommen (Woher kommt das vierte \"Quak\"?), die Maus auf jeder Seite suchen, einige kinderliterarische Zitate entdecken und in den Reimen Rhythmus und Sprachspiel nachsp\u00fcren.<\/span><\/td><\/tr><tr><td colspan='2'><a href='#' onclick='history.back(); return false'>Zur\u00fcck<\/a><\/td><\/tr><\/tbody><\/table>\n","protected":false},"excerpt":{"rendered":"","protected":false},"author":1,"featured_media":0,"parent":0,"menu_order":0,"comment_status":"closed","ping_status":"closed","template":"","meta":[],"_links":{"self":[{"href":"https:\/\/www.web-rr.de\/GHS-Buecherei\/index.php\/wp-json\/wp\/v2\/pages\/4206"}],"collection":[{"href":"https:\/\/www.web-rr.de\/GHS-Buecherei\/index.php\/wp-json\/wp\/v2\/pages"}],"about":[{"href":"https:\/\/www.web-rr.de\/GHS-Buecherei\/index.php\/wp-json\/wp\/v2\/types\/page"}],"author":[{"embeddable":true,"href":"https:\/\/www.web-rr.de\/GHS-Buecherei\/index.php\/wp-json\/wp\/v2\/users\/1"}],"replies":[{"embeddable":true,"href":"https:\/\/www.web-rr.de\/GHS-Buecherei\/index.php\/wp-json\/wp\/v2\/comments?post=4206"}],"version-history":[{"count":0,"href":"https:\/\/www.web-rr.de\/GHS-Buecherei\/index.php\/wp-json\/wp\/v2\/pages\/4206\/revisions"}],"wp:attachment":[{"href":"https:\/\/www.web-rr.de\/GHS-Buecherei\/index.php\/wp-json\/wp\/v2\/media?parent=4206"}],"curies":[{"name":"wp","href":"https:\/\/api.w.org\/{rel}","templated":true}]}}