{"id":4192,"date":"2021-02-23T20:00:00","date_gmt":"2021-02-23T20:00:00","guid":{"rendered":"https:\/\/www.web-rr.de\/GHS-Buecherei\/?page_id=4192"},"modified":"2021-02-22T23:59:59","modified_gmt":"2021-02-22T23:59:59","slug":"p9783937194479","status":"publish","type":"page","link":"https:\/\/www.web-rr.de\/GHS-Buecherei\/index.php\/p9783937194479\/","title":{"rendered":"Fremdsprachen 08"},"content":{"rendered":"<table><tbody><tr><td class='rDTitel' colspan='2'>Warum Opa eine neue Sprache lernt: Cera bababozorg zaban-e gadid yad migire<\/td><\/tr><tr><td><span class='rDLabel1'>Status: <\/span><span class='rDText1Gruen'>vorhanden<\/span><\/td><td><span class='rDLabel1'>Antolin: <\/span><span class='rDText1Rot'>Quiz nicht vorhanden.<\/span><\/td><\/tr><tr><td width=50%><img src='https:\/\/www.web-rr.de\/GHS-Buecherei\/wp-content\/uploads\/9783937194479.jpg' alt=''><\/td><td><p class='rDLabel2'>von <span class='rDText2'>Karin Afshar<\/span><\/p><p class='rDLabel2'>Verlag: <span class='rDText2'>Khorshid Verlag,  2012,  8.90 \u20ac<\/span><\/p><p class='rDLabel2'>B\u00fccherei-Barcode: <span class='rDText2'>9783937194479<\/span><\/p><p class='rDLabel2'>In der B\u00fccherei erfasst am: <span class='rDText2'>01.03.2015<\/span><\/p><p class='rDLabel2'>Stichw\u00f6rter: <span class='rDText2'>Deutsch, Persisch<\/span><\/p><p class='rDLabel2'>Lesealter ca. <span class='rDText2'>-<\/span><span class='rDLabel2'> Jahre<\/span><\/p><p class='rDLabel2'>Das Buch wurde <span class='rDText2'>1<\/span><span class='rDLabel2'> mal gelesen.<\/span><\/p><\/td><\/tr><tr><td colspan='2'><p class='rDLabel1'>Inhalt:<\/p><span class='rDText2'>Pedram ist sechs, Lilo vier Jahre alt. Wie alle Kinder sind sie neugierig und kritisch. Auch glauben sie nicht alles, was man ihnen vorsetzt, sie machen sich ihr eigenes Bild von der Welt. \u2013 Der Gro\u00dfvater kommt entweder zu Besuch oder Lilo und Pedram besuchen ihn und die Gro\u00dfmutter, und dann geschehen seltsame Dinge. Opa erz\u00e4hlt etwas, er stellt scheinbar unsinnige Fragen oder er behauptet Dinge, die einfach nicht stimmen k\u00f6nnen. Der Sammelband enth\u00e4lt alle 15 Opa-Geschichten. Drei von ihnen sind mittlerweile in der zweisprachigen Reihe erschienen, dieses B\u00e4ndchen ist einsprachig. Kinder zwischen 4 und 8 Jahren werden vieles wiedererkennen, was bei ihnen zuhause \u00e4hnlich abl\u00e4uft, doch auch \u00e4lter gewordene Kinder, jene \u00fcber 40, erinnern sich bestimmt an den einen oder anderen \u201cSpruch\u201d, der aus ihrer Kinderzeit stammt.<\/span><\/td><\/tr><tr><td colspan='2'><a href='#' onclick='history.back(); return false'>Zur\u00fcck<\/a><\/td><\/tr><\/tbody><\/table>\n","protected":false},"excerpt":{"rendered":"","protected":false},"author":1,"featured_media":0,"parent":0,"menu_order":0,"comment_status":"closed","ping_status":"closed","template":"","meta":[],"_links":{"self":[{"href":"https:\/\/www.web-rr.de\/GHS-Buecherei\/index.php\/wp-json\/wp\/v2\/pages\/4192"}],"collection":[{"href":"https:\/\/www.web-rr.de\/GHS-Buecherei\/index.php\/wp-json\/wp\/v2\/pages"}],"about":[{"href":"https:\/\/www.web-rr.de\/GHS-Buecherei\/index.php\/wp-json\/wp\/v2\/types\/page"}],"author":[{"embeddable":true,"href":"https:\/\/www.web-rr.de\/GHS-Buecherei\/index.php\/wp-json\/wp\/v2\/users\/1"}],"replies":[{"embeddable":true,"href":"https:\/\/www.web-rr.de\/GHS-Buecherei\/index.php\/wp-json\/wp\/v2\/comments?post=4192"}],"version-history":[{"count":0,"href":"https:\/\/www.web-rr.de\/GHS-Buecherei\/index.php\/wp-json\/wp\/v2\/pages\/4192\/revisions"}],"wp:attachment":[{"href":"https:\/\/www.web-rr.de\/GHS-Buecherei\/index.php\/wp-json\/wp\/v2\/media?parent=4192"}],"curies":[{"name":"wp","href":"https:\/\/api.w.org\/{rel}","templated":true}]}}