{"id":4166,"date":"2021-02-23T20:00:00","date_gmt":"2021-02-23T20:00:00","guid":{"rendered":"https:\/\/www.web-rr.de\/GHS-Buecherei\/?page_id=4166"},"modified":"2021-02-22T23:59:59","modified_gmt":"2021-02-22T23:59:59","slug":"p9783522504942","status":"publish","type":"page","link":"https:\/\/www.web-rr.de\/GHS-Buecherei\/index.php\/p9783522504942\/","title":{"rendered":"Fantasie 65"},"content":{"rendered":"<table><tbody><tr><td class='rDTitel' colspan='2'>Die Wupis 2: Angriff der Gemeinagenten<\/td><\/tr><tr><td><span class='rDLabel1'>Status: <\/span><span class='rDText1Gruen'>vorhanden<\/span><\/td><td><span class='rDLabel1'>Antolin: <\/span><span class='rDText1Gruen'>ja, Empfehlung Klasse 3<\/span><\/td><\/tr><tr><td width=50%><img src='https:\/\/www.web-rr.de\/GHS-Buecherei\/wp-content\/uploads\/9783522504942.jpg' alt=''><\/td><td><p class='rDLabel2'>von <span class='rDText2'>Fabian Lenk<\/span><\/p><p class='rDLabel2'>Verlag: <span class='rDText2'>Planet Girl,  2017,  8.99 \u20ac<\/span><\/p><p class='rDLabel2'>B\u00fccherei-Barcode: <span class='rDText2'>9783522504942<\/span><\/p><p class='rDLabel2'>In der B\u00fccherei erfasst am: <span class='rDText2'>03.01.2020<\/span><\/p><p class='rDLabel2'>Stichw\u00f6rter: <span class='rDText2'>Au\u00dferirdische, Spannung, Abenteuer<\/span><\/p><p class='rDLabel2'>Lesealter ca. <span class='rDText2'>7<\/span><span class='rDLabel2'> Jahre<\/span><\/p><p class='rDLabel2'>Das Buch wurde <span class='rDText2'>2<\/span><span class='rDLabel2'> mal gelesen.<\/span><\/p><\/td><\/tr><tr><td colspan='2'><p class='rDLabel1'>Inhalt:<\/p><span class='rDText2'>Die Wupis haben eine Mission: Die Au\u00dferirdischen vom Planeten Wups m\u00fcssen die Erde auskundschaften! Dabei ist es nat\u00fcrlich zwingend notwendig, einen Ausflug in die Stadt zu unternehmen, anstatt sich immer nur auf dem Dachboden von Bens Zuhause zu verstecken. Doch bei ihrer Expedition wird das Wupi-M\u00e4dchen Triximixi pl\u00f6tzlich von zwei ziemlich gemeinen Agenten entf\u00fchrt. F\u00fcr Ben, das schielende Opossum Otto und den Wupi-Jungen Cameo steht fest: Sie m\u00fcssen ihre Freundin retten und sie aus dem supergeheimen Geheimdiensthauptquartier befreien!\n\r\n\r\u00bbAutorentext\u00ab\n\rFabian Lenk kam 1963 zur Welt und war schon immer ziemlich neugierig und auf der Suche nach Geheimnissen, R\u00e4tseln und Verborgenem. Zun\u00e4chst wollte er Arch\u00e4ologe werden, entschied sich dann jedoch f\u00fcr Journalistik. Bis Ende 2011 war er als Reporter t\u00e4tig. Parallel begann er mit dem Schreiben von Romanen. 1996 erschien der erste von bisher sechs Romanen f\u00fcr Erwachsene, ab 2001 folgten Kinder- und Jugendb\u00fccher, von denen bisher rund 185<\/span><\/td><\/tr><tr><td colspan='2'><a href='#' onclick='history.back(); return false'>Zur\u00fcck<\/a><\/td><\/tr><\/tbody><\/table>\n","protected":false},"excerpt":{"rendered":"","protected":false},"author":1,"featured_media":0,"parent":0,"menu_order":0,"comment_status":"closed","ping_status":"closed","template":"","meta":[],"_links":{"self":[{"href":"https:\/\/www.web-rr.de\/GHS-Buecherei\/index.php\/wp-json\/wp\/v2\/pages\/4166"}],"collection":[{"href":"https:\/\/www.web-rr.de\/GHS-Buecherei\/index.php\/wp-json\/wp\/v2\/pages"}],"about":[{"href":"https:\/\/www.web-rr.de\/GHS-Buecherei\/index.php\/wp-json\/wp\/v2\/types\/page"}],"author":[{"embeddable":true,"href":"https:\/\/www.web-rr.de\/GHS-Buecherei\/index.php\/wp-json\/wp\/v2\/users\/1"}],"replies":[{"embeddable":true,"href":"https:\/\/www.web-rr.de\/GHS-Buecherei\/index.php\/wp-json\/wp\/v2\/comments?post=4166"}],"version-history":[{"count":0,"href":"https:\/\/www.web-rr.de\/GHS-Buecherei\/index.php\/wp-json\/wp\/v2\/pages\/4166\/revisions"}],"wp:attachment":[{"href":"https:\/\/www.web-rr.de\/GHS-Buecherei\/index.php\/wp-json\/wp\/v2\/media?parent=4166"}],"curies":[{"name":"wp","href":"https:\/\/api.w.org\/{rel}","templated":true}]}}