{"id":4116,"date":"2021-02-23T20:00:00","date_gmt":"2021-02-23T20:00:00","guid":{"rendered":"https:\/\/www.web-rr.de\/GHS-Buecherei\/?page_id=4116"},"modified":"2021-02-22T23:59:59","modified_gmt":"2021-02-22T23:59:59","slug":"p9783423712217","status":"publish","type":"page","link":"https:\/\/www.web-rr.de\/GHS-Buecherei\/index.php\/p9783423712217\/","title":{"rendered":"Fantasie 14"},"content":{"rendered":"<table><tbody><tr><td class='rDTitel' colspan='2'>Stink und der Lolli-Trick<\/td><\/tr><tr><td><span class='rDLabel1'>Status: <\/span><span class='rDText1Gruen'>vorhanden<\/span><\/td><td><span class='rDLabel1'>Antolin: <\/span><span class='rDText1Gruen'>ja, Empfehlung Klasse 4<\/span><\/td><\/tr><tr><td width=50%><img src='https:\/\/www.web-rr.de\/GHS-Buecherei\/wp-content\/uploads\/9783423712217.jpg' alt=''><\/td><td><p class='rDLabel2'>von <span class='rDText2'>Megan McDonald<\/span><\/p><p class='rDLabel2'>Verlag: <span class='rDText2'>Deutscher Taschenbuch Verlag,  2007,  5.50 \u20ac<\/span><\/p><p class='rDLabel2'>B\u00fccherei-Barcode: <span class='rDText2'>9783423712217<\/span><\/p><p class='rDLabel2'>In der B\u00fccherei erfasst am: <span class='rDText2'>01.04.2014<\/span><\/p><p class='rDLabel2'>Stichw\u00f6rter: <span class='rDText2'>Judy Moody, Spa\u00df, lustig<\/span><\/p><p class='rDLabel2'>Lesealter ca. <span class='rDText2'>8<\/span><span class='rDLabel2'> Jahre<\/span><\/p><p class='rDLabel2'>Das Buch wurde <span class='rDText2'>0<\/span><span class='rDLabel2'> mal gelesen.<\/span><\/p><\/td><\/tr><tr><td colspan='2'><p class='rDLabel1'>Inhalt:<\/p><span class='rDText2'>Stink, Judy Moodys kleiner Bruder, zeichnet sich vor allem dadurch aus, dass er immer Geld hat (und Judy nie). So auch im S\u00fc\u00dfwarenladen. Was kann man sich f\u00fcr f\u00fcnf Dollar nicht alles kaufen? Jelly Beans, Gummi-Dinos, Schaumfr\u00f6sche \u2026 Am Ende entscheidet Stink sich f\u00fcr den Kieferkracher, einen Super-Lolli, dessen Farben und Geschmacksrichtungen wechseln. Eine Woche lutscht Stink daran, doch sein Kiefer kracht kein bisschen. Entt\u00e4uscht schreibt er einen Brief an den Hersteller, und siehe da, einige Tage sp\u00e4ter erh\u00e4lt er als Entsch\u00e4digung ein gro\u00dfes P\u00e4ckchen, mit f\u00fcnf Pfund Lollis. Wow! Schlau, wie Stink ist, wird Briefe schreiben sein neuestes Hobby \u2013 mit ungeheurem Erfolg. Aber da Judy immer leer ausgeht, petzt sie es ihren Eltern. Von da an ist Schluss mit dem Briefe schreiben. Die Post wird wieder langweilig und landet einfach in der Ecke. So auch versehentlich eine Einladung zum Geburtstag von Stinks bestem Freund Webster. Stink verpasst die Party und wundert sich, dass Webster sich ihm gegen\u00fcber so merkw\u00fcrdig verh\u00e4lt. Als er den Grund herausfindet, ist er entsetzt und will sich angemessen entschuldigen. Gut, dass er noch kiloweise Lollis und Schokoriegel hat \u2026<\/span><\/td><\/tr><tr><td colspan='2'><a href='#' onclick='history.back(); return false'>Zur\u00fcck<\/a><\/td><\/tr><\/tbody><\/table>\n","protected":false},"excerpt":{"rendered":"","protected":false},"author":1,"featured_media":0,"parent":0,"menu_order":0,"comment_status":"closed","ping_status":"closed","template":"","meta":[],"_links":{"self":[{"href":"https:\/\/www.web-rr.de\/GHS-Buecherei\/index.php\/wp-json\/wp\/v2\/pages\/4116"}],"collection":[{"href":"https:\/\/www.web-rr.de\/GHS-Buecherei\/index.php\/wp-json\/wp\/v2\/pages"}],"about":[{"href":"https:\/\/www.web-rr.de\/GHS-Buecherei\/index.php\/wp-json\/wp\/v2\/types\/page"}],"author":[{"embeddable":true,"href":"https:\/\/www.web-rr.de\/GHS-Buecherei\/index.php\/wp-json\/wp\/v2\/users\/1"}],"replies":[{"embeddable":true,"href":"https:\/\/www.web-rr.de\/GHS-Buecherei\/index.php\/wp-json\/wp\/v2\/comments?post=4116"}],"version-history":[{"count":0,"href":"https:\/\/www.web-rr.de\/GHS-Buecherei\/index.php\/wp-json\/wp\/v2\/pages\/4116\/revisions"}],"wp:attachment":[{"href":"https:\/\/www.web-rr.de\/GHS-Buecherei\/index.php\/wp-json\/wp\/v2\/media?parent=4116"}],"curies":[{"name":"wp","href":"https:\/\/api.w.org\/{rel}","templated":true}]}}