{"id":4033,"date":"2021-02-23T20:00:00","date_gmt":"2021-02-23T20:00:00","guid":{"rendered":"https:\/\/www.web-rr.de\/GHS-Buecherei\/?page_id=4033"},"modified":"2021-02-22T23:59:59","modified_gmt":"2021-02-22T23:59:59","slug":"p9783645605779","status":"publish","type":"page","link":"https:\/\/www.web-rr.de\/GHS-Buecherei\/index.php\/p9783645605779\/","title":{"rendered":"Erde &#8211; Weltall 27"},"content":{"rendered":"<table><tbody><tr><td class='rDTitel' colspan='2'>Astronomie-Labor: Eine Abenteuerreise durch das Weltall in 52 Experimenten<\/td><\/tr><tr><td><span class='rDLabel1'>Status: <\/span><span class='rDText1Gruen'>vorhanden<\/span><\/td><td><span class='rDLabel1'>Antolin: <\/span><span class='rDText1Rot'>Quiz nicht vorhanden.<\/span><\/td><\/tr><tr><td width=50%><img src='https:\/\/www.web-rr.de\/GHS-Buecherei\/wp-content\/uploads\/9783645605779.jpg' alt=''><\/td><td><p class='rDLabel2'>von <span class='rDText2'>Michelle Nichols<\/span><\/p><p class='rDLabel2'>Verlag: <span class='rDText2'>FRANZIS Verlag GmbH,  2018,  17.95 \u20ac<\/span><\/p><p class='rDLabel2'>B\u00fccherei-Barcode: <span class='rDText2'>9783645605779<\/span><\/p><p class='rDLabel2'>In der B\u00fccherei erfasst am: <span class='rDText2'>25.08.2020<\/span><\/p><p class='rDLabel2'>Stichw\u00f6rter: <span class='rDText2'>Experimente, Teleskop, Licht,<\/span><\/p><p class='rDLabel2'>Lesealter ca. <span class='rDText2'>8<\/span><span class='rDLabel2'> Jahre<\/span><\/p><p class='rDLabel2'>Das Buch wurde <span class='rDText2'>0<\/span><span class='rDLabel2'> mal gelesen.<\/span><\/p><\/td><\/tr><tr><td colspan='2'><p class='rDLabel1'>Inhalt:<\/p><span class='rDText2'>Der Blick in den Nachthimmel fasziniert die Menschen seit jeher, wirft er doch essenzielle Fragen \u00fcber unseren Platz in der Welt und im Universum auf... Fragen, die uns von Kindheit an bewegen und begleiten.\r\nWarum ist der Himmel blau? Wie weit ist es zum Mond? Warum gibt es Jahreszeiten? Wir alle kennen diese und \u00e4hnliche Kinderfragen und bemerken oft, wie schwer es uns selbst f\u00e4llt, zu verstehen und zu erkl\u00e4ren, was sich am Himmel abspielt.\r\nIn 52 lustigen und einfach durchzuf\u00fchrenden Experimenten beantwortet dieses Buch diese und viele weitere Fragen. So erf\u00e4hrt ihr Kind alles \u00fcber die Planeten in unserem Sonnensystem, lernt, wie man die Geschwindigkeit von Licht misst, baut ein eigenes Teleskop und findet heraus, wie das Weltall klingt.\r\nOb alleine oder mit Freunden, mit den Eltern oder den Gro\u00dfeltern mit diesem Buch holen sich Kinder ab 8 Jahren das Weltall in die eigenen vier W\u00e4nde.<\/span><\/td><\/tr><tr><td colspan='2'><a href='#' onclick='history.back(); return false'>Zur\u00fcck<\/a><\/td><\/tr><\/tbody><\/table>\n","protected":false},"excerpt":{"rendered":"","protected":false},"author":1,"featured_media":0,"parent":0,"menu_order":0,"comment_status":"closed","ping_status":"closed","template":"","meta":[],"_links":{"self":[{"href":"https:\/\/www.web-rr.de\/GHS-Buecherei\/index.php\/wp-json\/wp\/v2\/pages\/4033"}],"collection":[{"href":"https:\/\/www.web-rr.de\/GHS-Buecherei\/index.php\/wp-json\/wp\/v2\/pages"}],"about":[{"href":"https:\/\/www.web-rr.de\/GHS-Buecherei\/index.php\/wp-json\/wp\/v2\/types\/page"}],"author":[{"embeddable":true,"href":"https:\/\/www.web-rr.de\/GHS-Buecherei\/index.php\/wp-json\/wp\/v2\/users\/1"}],"replies":[{"embeddable":true,"href":"https:\/\/www.web-rr.de\/GHS-Buecherei\/index.php\/wp-json\/wp\/v2\/comments?post=4033"}],"version-history":[{"count":0,"href":"https:\/\/www.web-rr.de\/GHS-Buecherei\/index.php\/wp-json\/wp\/v2\/pages\/4033\/revisions"}],"wp:attachment":[{"href":"https:\/\/www.web-rr.de\/GHS-Buecherei\/index.php\/wp-json\/wp\/v2\/media?parent=4033"}],"curies":[{"name":"wp","href":"https:\/\/api.w.org\/{rel}","templated":true}]}}