{"id":3997,"date":"2021-02-23T20:00:00","date_gmt":"2021-02-23T20:00:00","guid":{"rendered":"https:\/\/www.web-rr.de\/GHS-Buecherei\/?page_id=3997"},"modified":"2021-02-22T23:59:59","modified_gmt":"2021-02-22T23:59:59","slug":"p9783788620356","status":"publish","type":"page","link":"https:\/\/www.web-rr.de\/GHS-Buecherei\/index.php\/p9783788620356\/","title":{"rendered":"Erde &#8211; Planet 12"},"content":{"rendered":"<table><tbody><tr><td class='rDTitel' colspan='2'>WAS IST WAS Band 1 Unsere Erde. Der blaue Planet<\/td><\/tr><tr><td><span class='rDLabel1'>Status: <\/span><span class='rDText1Gruen'>vorhanden<\/span><\/td><td><span class='rDLabel1'>Antolin: <\/span><span class='rDText1Gruen'>ja, Empfehlung Klasse 5<\/span><\/td><\/tr><tr><td width=50%><img src='https:\/\/www.web-rr.de\/GHS-Buecherei\/wp-content\/uploads\/9783788620356.jpg' alt=''><\/td><td><p class='rDLabel2'>von <span class='rDText2'>Karl Urban<\/span><\/p><p class='rDLabel2'>Verlag: <span class='rDText2'>Tessloff Verlag Ragnar Tessloff GmbH & Co. KG,  2018,  9.95 \u20ac<\/span><\/p><p class='rDLabel2'>B\u00fccherei-Barcode: <span class='rDText2'>9783788620356<\/span><\/p><p class='rDLabel2'>In der B\u00fccherei erfasst am: <span class='rDText2'>25.09.2019<\/span><\/p><p class='rDLabel2'>Stichw\u00f6rter: <span class='rDText2'>Ozean, Wald, Boden, Weltall, Tiere, Tag, Nacht, Jahreszeiten, L\u00e4nder<\/span><\/p><p class='rDLabel2'>Lesealter ca. <span class='rDText2'>9<\/span><span class='rDLabel2'> Jahre<\/span><\/p><p class='rDLabel2'>Das Buch wurde <span class='rDText2'>2<\/span><span class='rDLabel2'> mal gelesen.<\/span><\/p><\/td><\/tr><tr><td colspan='2'><p class='rDLabel1'>Inhalt:<\/p><span class='rDText2'>Blau leuchtende Ozeane, tiefgr\u00fcne W\u00e4lder, fruchtbare B\u00f6den - die Erde ist in den unendlichen Weiten des Weltalls eine Oase. Sie ist der einzige uns bekannte Planet, auf dem es Leben gibt. In ihrem Inneren ist sie tausende Grad hei\u00df und unter unseren F\u00fc\u00dfen wandern die Kontinente auf einer z\u00e4hfl\u00fcssigen Schicht. Wie entstand das Leben auf der Erde? Wie haben sich bestimmte Tiere extremen Bedingungen angepasst? Woher kommen die Jahreszeiten oder Tag und Nacht?Spannung pur verspricht dieser erste Band der popul\u00e4ren Kinder- und Jugendsachbuchreihe WAS IST WAS. Seit \u00fcber 50 Jahren stillt sie den Wissensdurst neugieriger Kinder in den Bereichen Natur und Tiere, Wissenschaft und Technik, Sport, Kultur und Geschichte. Sachb\u00fccher, Mitmachhefte und Quizbl\u00f6cke, H\u00f6rb\u00fccher und Dokumentarfilme umfasst die heute multimediale Wissenswelt f\u00fcr junge Leser im Alter zwischen 3 und 8 Jahren. WAS IST WAS ist zu einer internationalen Wissensmarke geworden, die in 100 L\u00e4ndern und 45 Sprachen gefragt ist.<\/span><\/td><\/tr><tr><td colspan='2'><a href='#' onclick='history.back(); return false'>Zur\u00fcck<\/a><\/td><\/tr><\/tbody><\/table>\n","protected":false},"excerpt":{"rendered":"","protected":false},"author":1,"featured_media":0,"parent":0,"menu_order":0,"comment_status":"closed","ping_status":"closed","template":"","meta":[],"_links":{"self":[{"href":"https:\/\/www.web-rr.de\/GHS-Buecherei\/index.php\/wp-json\/wp\/v2\/pages\/3997"}],"collection":[{"href":"https:\/\/www.web-rr.de\/GHS-Buecherei\/index.php\/wp-json\/wp\/v2\/pages"}],"about":[{"href":"https:\/\/www.web-rr.de\/GHS-Buecherei\/index.php\/wp-json\/wp\/v2\/types\/page"}],"author":[{"embeddable":true,"href":"https:\/\/www.web-rr.de\/GHS-Buecherei\/index.php\/wp-json\/wp\/v2\/users\/1"}],"replies":[{"embeddable":true,"href":"https:\/\/www.web-rr.de\/GHS-Buecherei\/index.php\/wp-json\/wp\/v2\/comments?post=3997"}],"version-history":[{"count":0,"href":"https:\/\/www.web-rr.de\/GHS-Buecherei\/index.php\/wp-json\/wp\/v2\/pages\/3997\/revisions"}],"wp:attachment":[{"href":"https:\/\/www.web-rr.de\/GHS-Buecherei\/index.php\/wp-json\/wp\/v2\/media?parent=3997"}],"curies":[{"name":"wp","href":"https:\/\/api.w.org\/{rel}","templated":true}]}}