{"id":3884,"date":"2021-02-23T20:00:00","date_gmt":"2021-02-23T20:00:00","guid":{"rendered":"https:\/\/www.web-rr.de\/GHS-Buecherei\/?page_id=3884"},"modified":"2021-02-22T23:59:59","modified_gmt":"2021-02-22T23:59:59","slug":"p9783788621384","status":"publish","type":"page","link":"https:\/\/www.web-rr.de\/GHS-Buecherei\/index.php\/p9783788621384\/","title":{"rendered":"Diverse 37"},"content":{"rendered":"<table><tbody><tr><td class='rDTitel' colspan='2'>WAS IST WAS Quiz Weltall - \u00dcber 100 Fragen und Antworten! Mit Spielanleitung und Punktewertung<\/td><\/tr><tr><td><span class='rDLabel1'>Status: <\/span><span class='rDText1Gruen'>vorhanden<\/span><\/td><td><span class='rDLabel1'>Antolin: <\/span><span class='rDText1Gruen'>ja, Empfehlung Klasse 5<\/span><\/td><\/tr><tr><td width=50%><img src='https:\/\/www.web-rr.de\/GHS-Buecherei\/wp-content\/uploads\/9783788621384.jpg' alt=''><\/td><td><p class='rDLabel2'>von <span class='rDText2'>Tatjana Marti<\/span><\/p><p class='rDLabel2'>Verlag: <span class='rDText2'>Tessloff,  2018,  4.95 \u20ac<\/span><\/p><p class='rDLabel2'>B\u00fccherei-Barcode: <span class='rDText2'>9783788621384<\/span><\/p><p class='rDLabel2'>In der B\u00fccherei erfasst am: <span class='rDText2'>25.08.2020<\/span><\/p><p class='rDLabel2'>Stichw\u00f6rter: <span class='rDText2'>Planeten, Sonnensystem, Himmelsk\u00f6rper, Raumstation, Weltall<\/span><\/p><p class='rDLabel2'>Lesealter ca. <span class='rDText2'>9<\/span><span class='rDLabel2'> Jahre<\/span><\/p><p class='rDLabel2'>Das Buch wurde <span class='rDText2'>1<\/span><span class='rDLabel2'> mal gelesen.<\/span><\/p><\/td><\/tr><tr><td colspan='2'><p class='rDLabel1'>Inhalt:<\/p><span class='rDText2'>Wie viele Planeten hat unser Sonnensystem? Welche Himmelsk\u00f6rper leuchten nicht selbst? Wie lange braucht die Internationale Raumstation ISS, um einmal rund um die Erde zu fliegen? \u00dcber 100 Fragen und Antworten zum Thema \"Weltall\" bietet der Quizblock im Hosentaschenformat. Mit Spielanleitung und Punktewertung ist er einzeln oder in der Gruppe spielbar und somit die ideale Unterhaltung f\u00fcr unterwegs.\n\r\n\r\u00bbVorwort\u00ab\n\rSo geht's: Auf der Vorderseite jedes Blatts stehen bis zu vier Fragen. Die zugeh\u00f6rigen Antworten findest du auf der R\u00fcckseite. Aber nicht zu schnell nachsehen, sondern erst einmal gut \u00fcberlegen! Denn f\u00fcr jede richtige Antwort gibt es einen Punkt. Notiere die Anzahl der richtig gegebenen Antworten auf einem Blatt Papier. Denn je mehr Punkte, desto besser wirst du in der Auswertung auf der n\u00e4chsten Seite abschneiden! Auch in der Gruppe kann gespielt werden: Stellt euch abwechselnd Fragen und z\u00e4hlt die Punkte bei richtigen Antworten auf einem Zettel zusammen. Wer am Ende die meisten Punkte sammeln konnte, hat gewonnen!<\/span><\/td><\/tr><tr><td colspan='2'><a href='#' onclick='history.back(); return false'>Zur\u00fcck<\/a><\/td><\/tr><\/tbody><\/table>\n","protected":false},"excerpt":{"rendered":"","protected":false},"author":1,"featured_media":0,"parent":0,"menu_order":0,"comment_status":"closed","ping_status":"closed","template":"","meta":[],"_links":{"self":[{"href":"https:\/\/www.web-rr.de\/GHS-Buecherei\/index.php\/wp-json\/wp\/v2\/pages\/3884"}],"collection":[{"href":"https:\/\/www.web-rr.de\/GHS-Buecherei\/index.php\/wp-json\/wp\/v2\/pages"}],"about":[{"href":"https:\/\/www.web-rr.de\/GHS-Buecherei\/index.php\/wp-json\/wp\/v2\/types\/page"}],"author":[{"embeddable":true,"href":"https:\/\/www.web-rr.de\/GHS-Buecherei\/index.php\/wp-json\/wp\/v2\/users\/1"}],"replies":[{"embeddable":true,"href":"https:\/\/www.web-rr.de\/GHS-Buecherei\/index.php\/wp-json\/wp\/v2\/comments?post=3884"}],"version-history":[{"count":0,"href":"https:\/\/www.web-rr.de\/GHS-Buecherei\/index.php\/wp-json\/wp\/v2\/pages\/3884\/revisions"}],"wp:attachment":[{"href":"https:\/\/www.web-rr.de\/GHS-Buecherei\/index.php\/wp-json\/wp\/v2\/media?parent=3884"}],"curies":[{"name":"wp","href":"https:\/\/api.w.org\/{rel}","templated":true}]}}