{"id":3771,"date":"2021-02-23T20:00:00","date_gmt":"2021-02-23T20:00:00","guid":{"rendered":"https:\/\/www.web-rr.de\/GHS-Buecherei\/?page_id=3771"},"modified":"2021-02-22T23:59:59","modified_gmt":"2021-02-22T23:59:59","slug":"p9783499205828","status":"publish","type":"page","link":"https:\/\/www.web-rr.de\/GHS-Buecherei\/index.php\/p9783499205828\/","title":{"rendered":"Dahl 01"},"content":{"rendered":"<table><tbody><tr><td class='rDTitel' colspan='2'>Sophiechen und der Riese<\/td><\/tr><tr><td><span class='rDLabel1'>Status: <\/span><span class='rDText1Gruen'>vorhanden<\/span><\/td><td><span class='rDLabel1'>Antolin: <\/span><span class='rDText1Gruen'>ja, Empfehlung Klasse 5<\/span><\/td><\/tr><tr><td width=50%><img src='https:\/\/www.web-rr.de\/GHS-Buecherei\/wp-content\/uploads\/9783499205828.jpg' alt=''><\/td><td><p class='rDLabel2'>von <span class='rDText2'>Roald Dahl<\/span><\/p><p class='rDLabel2'>Verlag: <span class='rDText2'>rororo,  1990,  6.99 \u20ac<\/span><\/p><p class='rDLabel2'>B\u00fccherei-Barcode: <span class='rDText2'>9783499205828<\/span><\/p><p class='rDLabel2'>In der B\u00fccherei erfasst am: <span class='rDText2'>01.04.2013<\/span><\/p><p class='rDLabel2'>Stichw\u00f6rter: <span class='rDText2'>Riesen<\/span><\/p><p class='rDLabel2'>Lesealter ca. <span class='rDText2'>9<\/span><span class='rDLabel2'> Jahre<\/span><\/p><p class='rDLabel2'>Das Buch wurde <span class='rDText2'>1<\/span><span class='rDLabel2'> mal gelesen.<\/span><\/p><\/td><\/tr><tr><td colspan='2'><p class='rDLabel1'>Inhalt:<\/p><span class='rDText2'>Und dann war er da! Acht Meter gro\u00df war er. Seinen schwarzen Umhang trug er so elegant wie ein vornehmer Herr. Die d\u00fcnne Trompete hatte er immer noch in der Hand. So schritt er w\u00fcrdevoll \u00fcber den k\u00f6niglichen Parkrasen auf das Fenster zu. Die Zofe kreischte. Die K\u00f6nigin seufzte. Und Sophiechen winkte.Der gute Riese GuRie pustet den Menschenkindern mit einer Trompete sch\u00f6ne Tr\u00e4ume in die Schlafzimmer \u2013 bis Sophiechen ihn eines Nachts dabei entdeckt. Kurzerhand nimmt sie der GuRie mit ins Riesenland, wo nicht alle Riesen so nett sind wie er. Ganz im Gegenteil: Sie fressen sogar Menschen! Gemeinsam schmieden Sophiechen und der Riese einen Plan, wie sie den b\u00f6sen Riesen ein f\u00fcr alle Mal das Handwerk legen k\u00f6nnen. Doch daf\u00fcr brauchen sie die Hilfe der englischen K\u00f6nigin ...<\/span><\/td><\/tr><tr><td colspan='2'><a href='#' onclick='history.back(); return false'>Zur\u00fcck<\/a><\/td><\/tr><\/tbody><\/table>\n","protected":false},"excerpt":{"rendered":"","protected":false},"author":1,"featured_media":0,"parent":0,"menu_order":0,"comment_status":"closed","ping_status":"closed","template":"","meta":[],"_links":{"self":[{"href":"https:\/\/www.web-rr.de\/GHS-Buecherei\/index.php\/wp-json\/wp\/v2\/pages\/3771"}],"collection":[{"href":"https:\/\/www.web-rr.de\/GHS-Buecherei\/index.php\/wp-json\/wp\/v2\/pages"}],"about":[{"href":"https:\/\/www.web-rr.de\/GHS-Buecherei\/index.php\/wp-json\/wp\/v2\/types\/page"}],"author":[{"embeddable":true,"href":"https:\/\/www.web-rr.de\/GHS-Buecherei\/index.php\/wp-json\/wp\/v2\/users\/1"}],"replies":[{"embeddable":true,"href":"https:\/\/www.web-rr.de\/GHS-Buecherei\/index.php\/wp-json\/wp\/v2\/comments?post=3771"}],"version-history":[{"count":0,"href":"https:\/\/www.web-rr.de\/GHS-Buecherei\/index.php\/wp-json\/wp\/v2\/pages\/3771\/revisions"}],"wp:attachment":[{"href":"https:\/\/www.web-rr.de\/GHS-Buecherei\/index.php\/wp-json\/wp\/v2\/media?parent=3771"}],"curies":[{"name":"wp","href":"https:\/\/api.w.org\/{rel}","templated":true}]}}