{"id":3701,"date":"2021-02-23T20:00:00","date_gmt":"2021-02-23T20:00:00","guid":{"rendered":"https:\/\/www.web-rr.de\/GHS-Buecherei\/?page_id=3701"},"modified":"2021-02-22T23:59:59","modified_gmt":"2021-02-22T23:59:59","slug":"p9783785566374","status":"publish","type":"page","link":"https:\/\/www.web-rr.de\/GHS-Buecherei\/index.php\/p9783785566374\/","title":{"rendered":"Erstlesen 204"},"content":{"rendered":"<table><tbody><tr><td class='rDTitel' colspan='2'>Ich f\u00fcr dich, du f\u00fcr mich 01 - Drafunkel, der kleine Drache<\/td><\/tr><tr><td><span class='rDLabel1'>Status: <\/span><span class='rDText1Gruen'>vorhanden<\/span><\/td><td><span class='rDLabel1'>Antolin: <\/span><span class='rDText1Gruen'>ja, Empfehlung Klasse 4<\/span><\/td><\/tr><tr><td width=50%><img src='https:\/\/www.web-rr.de\/GHS-Buecherei\/wp-content\/uploads\/9783785566374.jpg' alt=''><\/td><td><p class='rDLabel2'>von <span class='rDText2'>Sarah Herzhoff, Sabine Kraushaar<\/span><\/p><p class='rDLabel2'>Verlag: <span class='rDText2'>Loewe,  2009,  8.80 \u20ac<\/span><\/p><p class='rDLabel2'>B\u00fccherei-Barcode: <span class='rDText2'>9783785566374<\/span><\/p><p class='rDLabel2'>In der B\u00fccherei erfasst am: <span class='rDText2'>02.10.2019<\/span><\/p><p class='rDLabel2'>Stichw\u00f6rter: <span class='rDText2'>Wald, Drache, Lehrer, Spannung, Abenteuer<\/span><\/p><p class='rDLabel2'>Lesealter ca. <span class='rDText2'>8<\/span><span class='rDLabel2'> Jahre<\/span><\/p><p class='rDLabel2'>Das Buch wurde <span class='rDText2'>1<\/span><span class='rDLabel2'> mal gelesen.<\/span><\/p><\/td><\/tr><tr><td colspan='2'><p class='rDLabel1'>Inhalt:<\/p><span class='rDText2'>Was funkelt denn da im Wald hinter den \u00c4sten? Theo traut seinen Augen kaum. Ein kleiner, silbrig-gr\u00fcner Drache hat sich am Fl\u00fcgel verletzt und braucht dringend Theos Hilfe. Klar, dass Theo sofort zur Stelle ist. Vor allem, weil Drafunkel nicht nur ein supercleverer Drache ist, sondern auch noch der weltbeste Lehrer im Feuerspucken! Doch dann ist Drafunkel pl\u00f6tzlich verschwunden. Kann Theo seinen Drachenfreund wiederfinden.? Wie in einem Rollenspiel wird diese abgeschlossene Geschichte in mehreren Kapiteln gelesen. W\u00e4hrend Erwachsene den Part des Erz\u00e4hlers und anderer Figuren vorlesen, \u00fcbernimmt der Leseanf\u00e4nger die Rolle des Protagonisten und liest dessen Part vor. Durch das gemeinsame Lesen und Betrachten der liebenswerten Illustrationen wird so der Spa\u00df am Lesen geweckt.<\/span><\/td><\/tr><tr><td colspan='2'><a href='#' onclick='history.back(); return false'>Zur\u00fcck<\/a><\/td><\/tr><\/tbody><\/table>\n","protected":false},"excerpt":{"rendered":"","protected":false},"author":1,"featured_media":0,"parent":0,"menu_order":0,"comment_status":"closed","ping_status":"closed","template":"","meta":[],"_links":{"self":[{"href":"https:\/\/www.web-rr.de\/GHS-Buecherei\/index.php\/wp-json\/wp\/v2\/pages\/3701"}],"collection":[{"href":"https:\/\/www.web-rr.de\/GHS-Buecherei\/index.php\/wp-json\/wp\/v2\/pages"}],"about":[{"href":"https:\/\/www.web-rr.de\/GHS-Buecherei\/index.php\/wp-json\/wp\/v2\/types\/page"}],"author":[{"embeddable":true,"href":"https:\/\/www.web-rr.de\/GHS-Buecherei\/index.php\/wp-json\/wp\/v2\/users\/1"}],"replies":[{"embeddable":true,"href":"https:\/\/www.web-rr.de\/GHS-Buecherei\/index.php\/wp-json\/wp\/v2\/comments?post=3701"}],"version-history":[{"count":0,"href":"https:\/\/www.web-rr.de\/GHS-Buecherei\/index.php\/wp-json\/wp\/v2\/pages\/3701\/revisions"}],"wp:attachment":[{"href":"https:\/\/www.web-rr.de\/GHS-Buecherei\/index.php\/wp-json\/wp\/v2\/media?parent=3701"}],"curies":[{"name":"wp","href":"https:\/\/api.w.org\/{rel}","templated":true}]}}