{"id":3659,"date":"2021-02-23T20:00:00","date_gmt":"2021-02-23T20:00:00","guid":{"rendered":"https:\/\/www.web-rr.de\/GHS-Buecherei\/?page_id=3659"},"modified":"2021-02-22T23:59:59","modified_gmt":"2021-02-22T23:59:59","slug":"p9783895652523","status":"publish","type":"page","link":"https:\/\/www.web-rr.de\/GHS-Buecherei\/index.php\/p9783895652523\/","title":{"rendered":"Erstlesen 162"},"content":{"rendered":"<table><tbody><tr><td class='rDTitel' colspan='2'>Nur Mut, kleiner Luis<\/td><\/tr><tr><td><span class='rDLabel1'>Status: <\/span><span class='rDText1Gruen'>vorhanden<\/span><\/td><td><span class='rDLabel1'>Antolin: <\/span><span class='rDText1Gruen'>ja, Empfehlung Klasse 2<\/span><\/td><\/tr><tr><td width=50%><img src='https:\/\/www.web-rr.de\/GHS-Buecherei\/wp-content\/uploads\/9783895652523.jpg' alt=''><\/td><td><p class='rDLabel2'>von <span class='rDText2'>Mario Ramos<\/span><\/p><p class='rDLabel2'>Verlag: <span class='rDText2'>Moritz Verlag-GmbH,  2014,  9.95 \u20ac<\/span><\/p><p class='rDLabel2'>B\u00fccherei-Barcode: <span class='rDText2'>9783895652523<\/span><\/p><p class='rDLabel2'>In der B\u00fccherei erfasst am: <span class='rDText2'>01.03.2015<\/span><\/p><p class='rDLabel2'>Stichw\u00f6rter: <span class='rDText2'>Angst, anders sein, Freundschaft<\/span><\/p><p class='rDLabel2'>Lesealter ca. <span class='rDText2'>6<\/span><span class='rDLabel2'> Jahre<\/span><\/p><p class='rDLabel2'>Das Buch wurde <span class='rDText2'>1<\/span><span class='rDLabel2'> mal gelesen.<\/span><\/p><\/td><\/tr><tr><td colspan='2'><p class='rDLabel1'>Inhalt:<\/p><span class='rDText2'>Luis ist neu in der Klasse. Aber als Wolf unter lauter Schweinen tut er sich schwer. Spannende Lekt\u00fcre f\u00fcr Erstleser!Ausgerechnet in die Klasse der Schweinekinder soll der kleine Luis gehen. Dabei ist er doch ein Wolf! Schnell ist er der Buh-Mann. Doch wenigstens gibt es dort Jojo, der sich mit ihm anfreundet und ihn besucht, als als der Wolf krank wird. Dabei erf\u00e4hrt er, dass drei fiese Schweine Luis bedrohen und er Angst davor hat, weiterhin zur Schule zu gehen. Jojo sinnt auf Abhilfe und hat eine fantastische Idee ...Diese humorvolle und spannende Geschichte des belgischen Autors und Zeichners ist beste Lekt\u00fcre f\u00fcr Erstleser! Luis ist neu in der Klasse. Aber als Wolf unter lauter Schweinen tut er sich schwer. Spannende Lekt\u00fcre f\u00fcr Erstleser!Ausgerechnet in die Klasse der Schweinekinder soll der kleine Luis gehen. Dabei ist er doch ein Wolf! Schnell ist er der Buh-Mann. Doch wenigstens gibt es dort Jojo, der sich mit ihm anfreundet und ihn besucht, als als der Wolf krank wird. Dabei erf\u00e4hrt er, dass drei fiese Schweine Luis bedrohen und er Angst davor hat, weiterhin zur Schule zu gehen. Jojo sinnt auf Abhilfe und hat eine fantastische Idee ...Diese humorvolle und spannende Geschichte des belgischen Autors und Zeichners ist beste Lekt\u00fcre f\u00fcr Erstleser!<\/span><\/td><\/tr><tr><td colspan='2'><a href='#' onclick='history.back(); return false'>Zur\u00fcck<\/a><\/td><\/tr><\/tbody><\/table>\n","protected":false},"excerpt":{"rendered":"","protected":false},"author":1,"featured_media":0,"parent":0,"menu_order":0,"comment_status":"closed","ping_status":"closed","template":"","meta":[],"_links":{"self":[{"href":"https:\/\/www.web-rr.de\/GHS-Buecherei\/index.php\/wp-json\/wp\/v2\/pages\/3659"}],"collection":[{"href":"https:\/\/www.web-rr.de\/GHS-Buecherei\/index.php\/wp-json\/wp\/v2\/pages"}],"about":[{"href":"https:\/\/www.web-rr.de\/GHS-Buecherei\/index.php\/wp-json\/wp\/v2\/types\/page"}],"author":[{"embeddable":true,"href":"https:\/\/www.web-rr.de\/GHS-Buecherei\/index.php\/wp-json\/wp\/v2\/users\/1"}],"replies":[{"embeddable":true,"href":"https:\/\/www.web-rr.de\/GHS-Buecherei\/index.php\/wp-json\/wp\/v2\/comments?post=3659"}],"version-history":[{"count":0,"href":"https:\/\/www.web-rr.de\/GHS-Buecherei\/index.php\/wp-json\/wp\/v2\/pages\/3659\/revisions"}],"wp:attachment":[{"href":"https:\/\/www.web-rr.de\/GHS-Buecherei\/index.php\/wp-json\/wp\/v2\/media?parent=3659"}],"curies":[{"name":"wp","href":"https:\/\/api.w.org\/{rel}","templated":true}]}}