{"id":3468,"date":"2021-02-23T20:00:00","date_gmt":"2021-02-23T20:00:00","guid":{"rendered":"https:\/\/www.web-rr.de\/GHS-Buecherei\/?page_id=3468"},"modified":"2021-02-22T23:59:59","modified_gmt":"2021-02-22T23:59:59","slug":"p9783956141034","status":"publish","type":"page","link":"https:\/\/www.web-rr.de\/GHS-Buecherei\/index.php\/p9783956141034\/","title":{"rendered":"Bilderbuch C-134"},"content":{"rendered":"<table><tbody><tr><td class='rDTitel' colspan='2'>Omas Haus<\/td><\/tr><tr><td><span class='rDLabel1'>Status: <\/span><span class='rDText1Gruen'>vorhanden<\/span><\/td><td><span class='rDLabel1'>Antolin: <\/span><span class='rDText1Gruen'>ja, Empfehlung Klasse 1<\/span><\/td><\/tr><tr><td width=50%><img src='https:\/\/www.web-rr.de\/GHS-Buecherei\/wp-content\/uploads\/9783956141034.jpg' alt=''><\/td><td><p class='rDLabel2'>von <span class='rDText2'>Alice Melvin und Susanne Weber<\/span><\/p><p class='rDLabel2'>Verlag: <span class='rDText2'>Verlag Antje Kunstmann GmbH,  2016,  19.95 \u20ac<\/span><\/p><p class='rDLabel2'>B\u00fccherei-Barcode: <span class='rDText2'>9783956141034<\/span><\/p><p class='rDLabel2'>In der B\u00fccherei erfasst am: <span class='rDText2'>14.06.2018<\/span><\/p><p class='rDLabel2'>Stichw\u00f6rter: <span class='rDText2'>Oma, Haus<\/span><\/p><p class='rDLabel2'>Lesealter ca. <span class='rDText2'>6<\/span><span class='rDLabel2'> Jahre<\/span><\/p><p class='rDLabel2'>Das Buch wurde <span class='rDText2'>0<\/span><span class='rDLabel2'> mal gelesen.<\/span><\/p><\/td><\/tr><tr><td colspan='2'><p class='rDLabel1'>Inhalt:<\/p><span class='rDText2'>Nach der Schule geht die kleine Heldin dieses Bilderbuchs oft zu ihrer Oma. In Omas Haus ist es so: Alles ist ganz anders, aber es bleibt immer alles gleich die kleine Milchkanne in Kuhform und die Blechdose mit dem Karomuster und den Schokokeksen, die ganz oben im Regal steht. Der Schaukelstuhl, der Globus und die tickende Standuhr. Die steile Leiter zum aufregendsten Ort dem Speicher mit Omas alten Spielsachen. Die violette Flasche mit K\u00f6rperpuder, mit der man eine wei\u00dfe Wolke in die Luft zaubern kann. Die Galerie mit den Familienfotos, zu denen Oma so viele Geschichten erz\u00e4hlen kann. Dieses Buch l\u00e4dt mit vielen Einblicken und Klappen die gr\u00f6\u00dfte f\u00fchrt auf den Dachboden! zum Erkunden ein, und zugleich ist es die herzerw\u00e4rmende Feier eines mit viel Liebe gestalteten Zuhauses. Mit all dem Leben, den Gef\u00fchlen und den Erinnerungen, die in ihm stecken, ist Omas Haus so viel mehr ist als nur ein Haus<\/span><\/td><\/tr><tr><td colspan='2'><a href='#' onclick='history.back(); return false'>Zur\u00fcck<\/a><\/td><\/tr><\/tbody><\/table>\n","protected":false},"excerpt":{"rendered":"","protected":false},"author":1,"featured_media":0,"parent":0,"menu_order":0,"comment_status":"closed","ping_status":"closed","template":"","meta":[],"_links":{"self":[{"href":"https:\/\/www.web-rr.de\/GHS-Buecherei\/index.php\/wp-json\/wp\/v2\/pages\/3468"}],"collection":[{"href":"https:\/\/www.web-rr.de\/GHS-Buecherei\/index.php\/wp-json\/wp\/v2\/pages"}],"about":[{"href":"https:\/\/www.web-rr.de\/GHS-Buecherei\/index.php\/wp-json\/wp\/v2\/types\/page"}],"author":[{"embeddable":true,"href":"https:\/\/www.web-rr.de\/GHS-Buecherei\/index.php\/wp-json\/wp\/v2\/users\/1"}],"replies":[{"embeddable":true,"href":"https:\/\/www.web-rr.de\/GHS-Buecherei\/index.php\/wp-json\/wp\/v2\/comments?post=3468"}],"version-history":[{"count":0,"href":"https:\/\/www.web-rr.de\/GHS-Buecherei\/index.php\/wp-json\/wp\/v2\/pages\/3468\/revisions"}],"wp:attachment":[{"href":"https:\/\/www.web-rr.de\/GHS-Buecherei\/index.php\/wp-json\/wp\/v2\/media?parent=3468"}],"curies":[{"name":"wp","href":"https:\/\/api.w.org\/{rel}","templated":true}]}}