{"id":3359,"date":"2021-02-23T20:00:00","date_gmt":"2021-02-23T20:00:00","guid":{"rendered":"https:\/\/www.web-rr.de\/GHS-Buecherei\/?page_id=3359"},"modified":"2021-02-22T23:59:59","modified_gmt":"2021-02-22T23:59:59","slug":"p9783833904783","status":"publish","type":"page","link":"https:\/\/www.web-rr.de\/GHS-Buecherei\/index.php\/p9783833904783\/","title":{"rendered":"Bilderbuch C-20"},"content":{"rendered":"<table><tbody><tr><td class='rDTitel' colspan='2'>Maximilian Schnecks wunderbarer Regentag<\/td><\/tr><tr><td><span class='rDLabel1'>Status: <\/span><span class='rDText1Gruen'>vorhanden<\/span><\/td><td><span class='rDLabel1'>Antolin: <\/span><span class='rDText1Gruen'>ja, Empfehlung Klasse 2<\/span><\/td><\/tr><tr><td width=50%><img src='https:\/\/www.web-rr.de\/GHS-Buecherei\/wp-content\/uploads\/9783833904783.jpg' alt=''><\/td><td><p class='rDLabel2'>von <span class='rDText2'>Helen Schneider<\/span><\/p><p class='rDLabel2'>Verlag: <span class='rDText2'>Baumhaus Verlag GmbH,  2007,  12.90 \u20ac<\/span><\/p><p class='rDLabel2'>B\u00fccherei-Barcode: <span class='rDText2'>9783833904783<\/span><\/p><p class='rDLabel2'>In der B\u00fccherei erfasst am: <span class='rDText2'>01.04.2013<\/span><\/p><p class='rDLabel2'>Stichw\u00f6rter: <span class='rDText2'>Schnecke, Abenteuer<\/span><\/p><p class='rDLabel2'>Lesealter ca. <span class='rDText2'>6<\/span><span class='rDLabel2'> Jahre<\/span><\/p><p class='rDLabel2'>Das Buch wurde <span class='rDText2'>3<\/span><span class='rDLabel2'> mal gelesen.<\/span><\/p><\/td><\/tr><tr><td colspan='2'><p class='rDLabel1'>Inhalt:<\/p><span class='rDText2'>Eine kleine Schnecke und ein gro\u00dfes Abenteuer!\"Ich kann Regentage nicht leiden\", sagt Danny zu seinen beiden Schwestern Amanda und Nicole, w\u00e4hrend die drei drau\u00dfen auf der Veranda ihres Hauses sitzen und schlecht gelaunt in den Regen hinausstarren. \"Sie sind so langweilig!\" Da geht es der Schnecke Maximilian Schneck ganz anders. Max liebt Regentage! Endlich kann er seinen Laubberg verlassen und bequem \u00fcber die nasse Stra\u00dfe gleiten. Im Regen gl\u00e4nzen die gelben Spiralen auf seinem kleinen H\u00e4uschen besonders sch\u00f6n! Auf seiner aufregenden Reise zur anderen Stra\u00dfenseite begegnen ihm viele bekannte Tiere: Buster Braun, der Hund, Mr. Schwarz, der Bulle, Harald, die Katze, Sarah, die Schwalbe, und Mr. Blitz Hopkins, die Schlange. Sie alle sind gerne bereit, Max bei seiner abenteuerlichen \u00dcberquerung zu helfen. Und so gibt Buster Braun der Schnecke kurzerhand einen Schubs mit der feuchten Nase. Hui! Was f\u00fcr ein Spa\u00df!, freut sich Max. Besser als jede Achterbahn! Mr. Schwarz l\u00e4sst Max ein St\u00fcck auf seinem Huf mitreisen und Harald stupst die Schnecke mit seiner Pfote an, sodass sie sich rasant wie ein Kreisel dreht. Yippie! Sarah packt ihren kleinen Freund einfach mit dem Schnabel und gleitet mit ihm durch die L\u00fcfte. Und f\u00fcr einige Sekunden f\u00fchlt sich Max wie in einem richtigen Flugzeug! Das letzte St\u00fcck h\u00e4lt sich Max einfach an Mr. Blitz Hopkins' Schwanz fest und saust - juhu! - wie auf einer Wasserrutschbahn bis zum Stra\u00dfenrand. Dort macht er es sich auf seinem Lieblingsstein bequem und blickt zufrieden zum Himmel. Kurz bevor er einschl\u00e4ft, murmelt er noch: \"Ich mag Regentage!\"<\/span><\/td><\/tr><tr><td colspan='2'><a href='#' onclick='history.back(); return false'>Zur\u00fcck<\/a><\/td><\/tr><\/tbody><\/table>\n","protected":false},"excerpt":{"rendered":"","protected":false},"author":1,"featured_media":0,"parent":0,"menu_order":0,"comment_status":"closed","ping_status":"closed","template":"","meta":[],"_links":{"self":[{"href":"https:\/\/www.web-rr.de\/GHS-Buecherei\/index.php\/wp-json\/wp\/v2\/pages\/3359"}],"collection":[{"href":"https:\/\/www.web-rr.de\/GHS-Buecherei\/index.php\/wp-json\/wp\/v2\/pages"}],"about":[{"href":"https:\/\/www.web-rr.de\/GHS-Buecherei\/index.php\/wp-json\/wp\/v2\/types\/page"}],"author":[{"embeddable":true,"href":"https:\/\/www.web-rr.de\/GHS-Buecherei\/index.php\/wp-json\/wp\/v2\/users\/1"}],"replies":[{"embeddable":true,"href":"https:\/\/www.web-rr.de\/GHS-Buecherei\/index.php\/wp-json\/wp\/v2\/comments?post=3359"}],"version-history":[{"count":0,"href":"https:\/\/www.web-rr.de\/GHS-Buecherei\/index.php\/wp-json\/wp\/v2\/pages\/3359\/revisions"}],"wp:attachment":[{"href":"https:\/\/www.web-rr.de\/GHS-Buecherei\/index.php\/wp-json\/wp\/v2\/media?parent=3359"}],"curies":[{"name":"wp","href":"https:\/\/api.w.org\/{rel}","templated":true}]}}