{"id":3356,"date":"2021-02-23T20:00:00","date_gmt":"2021-02-23T20:00:00","guid":{"rendered":"https:\/\/www.web-rr.de\/GHS-Buecherei\/?page_id=3356"},"modified":"2021-02-22T23:59:59","modified_gmt":"2021-02-22T23:59:59","slug":"p9783701720071","status":"publish","type":"page","link":"https:\/\/www.web-rr.de\/GHS-Buecherei\/index.php\/p9783701720071\/","title":{"rendered":"Bilderbuch C-17"},"content":{"rendered":"<table><tbody><tr><td class='rDTitel' colspan='2'>Lilli, machst du Quatsch?<\/td><\/tr><tr><td><span class='rDLabel1'>Status: <\/span><span class='rDText1Gruen'>vorhanden<\/span><\/td><td><span class='rDLabel1'>Antolin: <\/span><span class='rDText1Rot'>Quiz nicht vorhanden.<\/span><\/td><\/tr><tr><td width=50%><img src='https:\/\/www.web-rr.de\/GHS-Buecherei\/wp-content\/uploads\/9783701720071.jpg' alt=''><\/td><td><p class='rDLabel2'>von <span class='rDText2'>Nina Kuhn<\/span><\/p><p class='rDLabel2'>Verlag: <span class='rDText2'>Residenz Verlag,  2006,  4.90 \u20ac<\/span><\/p><p class='rDLabel2'>B\u00fccherei-Barcode: <span class='rDText2'>9783701720071<\/span><\/p><p class='rDLabel2'>In der B\u00fccherei erfasst am: <span class='rDText2'>01.04.2013<\/span><\/p><p class='rDLabel2'>Stichw\u00f6rter: <span class='rDText2'>Eltern, Kinder<\/span><\/p><p class='rDLabel2'>Lesealter ca. <span class='rDText2'>-<\/span><span class='rDLabel2'> Jahre<\/span><\/p><p class='rDLabel2'>Das Buch wurde <span class='rDText2'>5<\/span><span class='rDLabel2'> mal gelesen.<\/span><\/p><\/td><\/tr><tr><td colspan='2'><p class='rDLabel1'>Inhalt:<\/p><span class='rDText2'>Was macht Lilli, wenn es (zu) leise ist? \u201eLilli, machst du Quatsch?\u201c, fragen die besorgten Eltern. \u201eNei-hein!\u201c, ruft sie, und die Eltern atmen erleichtert auf. Aber stimmt es wirklich, dass Lilli nichts im Schilde f\u00fchrt? Die kleinen und gro\u00dfen Leserinnen und Leser dieses bezaubernden Bilderbuchs wissen mehr. Sie werden regelrecht zu Komplizen, wenn Lilli \u201ekeinen Quatsch\u201c macht: Sie schneidet der Puppe die Z\u00f6pfe ab, schm\u00fcckt Fliesen mit Nagellack, baut im Supermarkt eine Br\u00fccke aus Schachteln und Dosen, trennt Vaters Pulli auf, geht an die Marmeladevorr\u00e4te, setzt das Badezimmer unter Wasser. Abends, als die Eltern meinen, sie schliefe endlich, turnt sie mit den Katzen durch ihr Zimmer. In locker-leichten Strichzeichnungen voll Bewegung und frischer Farbigkeit gestaltet die Berliner K\u00fcnstlerin Yvonne Kuschel diese turbulent-listige Geschichte, zu der die B\u00fccherfrau und frisch gebackene Mutter Nina Kuhn den Text geschaffen hat.<\/span><\/td><\/tr><tr><td colspan='2'><a href='#' onclick='history.back(); return false'>Zur\u00fcck<\/a><\/td><\/tr><\/tbody><\/table>\n","protected":false},"excerpt":{"rendered":"","protected":false},"author":1,"featured_media":0,"parent":0,"menu_order":0,"comment_status":"closed","ping_status":"closed","template":"","meta":[],"_links":{"self":[{"href":"https:\/\/www.web-rr.de\/GHS-Buecherei\/index.php\/wp-json\/wp\/v2\/pages\/3356"}],"collection":[{"href":"https:\/\/www.web-rr.de\/GHS-Buecherei\/index.php\/wp-json\/wp\/v2\/pages"}],"about":[{"href":"https:\/\/www.web-rr.de\/GHS-Buecherei\/index.php\/wp-json\/wp\/v2\/types\/page"}],"author":[{"embeddable":true,"href":"https:\/\/www.web-rr.de\/GHS-Buecherei\/index.php\/wp-json\/wp\/v2\/users\/1"}],"replies":[{"embeddable":true,"href":"https:\/\/www.web-rr.de\/GHS-Buecherei\/index.php\/wp-json\/wp\/v2\/comments?post=3356"}],"version-history":[{"count":0,"href":"https:\/\/www.web-rr.de\/GHS-Buecherei\/index.php\/wp-json\/wp\/v2\/pages\/3356\/revisions"}],"wp:attachment":[{"href":"https:\/\/www.web-rr.de\/GHS-Buecherei\/index.php\/wp-json\/wp\/v2\/media?parent=3356"}],"curies":[{"name":"wp","href":"https:\/\/api.w.org\/{rel}","templated":true}]}}