{"id":3289,"date":"2021-02-23T20:00:00","date_gmt":"2021-02-23T20:00:00","guid":{"rendered":"https:\/\/www.web-rr.de\/GHS-Buecherei\/?page_id=3289"},"modified":"2021-02-22T23:59:59","modified_gmt":"2021-02-22T23:59:59","slug":"p9783407793348","status":"publish","type":"page","link":"https:\/\/www.web-rr.de\/GHS-Buecherei\/index.php\/p9783407793348\/","title":{"rendered":"Bilderbuch B-24"},"content":{"rendered":"<table><tbody><tr><td class='rDTitel' colspan='2'>Onkel Puschkin guter B\u00e4r<\/td><\/tr><tr><td><span class='rDLabel1'>Status: <\/span><span class='rDText1Gruen'>vorhanden<\/span><\/td><td><span class='rDLabel1'>Antolin: <\/span><span class='rDText1Gruen'>ja, Empfehlung Klasse 3<\/span><\/td><\/tr><tr><td width=50%><img src='https:\/\/www.web-rr.de\/GHS-Buecherei\/wp-content\/uploads\/9783407793348.jpg' alt=''><\/td><td><p class='rDLabel2'>von <span class='rDText2'>Janosch<\/span><\/p><p class='rDLabel2'>Verlag: <span class='rDText2'>Beltz und Gelberg,  2004,  7.90 \u20ac<\/span><\/p><p class='rDLabel2'>B\u00fccherei-Barcode: <span class='rDText2'>9783407793348<\/span><\/p><p class='rDLabel2'>In der B\u00fccherei erfasst am: <span class='rDText2'>01.04.2013<\/span><\/p><p class='rDLabel2'>Stichw\u00f6rter: <span class='rDText2'>Reise<\/span><\/p><p class='rDLabel2'>Lesealter ca. <span class='rDText2'>7<\/span><span class='rDLabel2'> Jahre<\/span><\/p><p class='rDLabel2'>Das Buch wurde <span class='rDText2'>5<\/span><span class='rDLabel2'> mal gelesen.<\/span><\/p><\/td><\/tr><tr><td colspan='2'><p class='rDLabel1'>Inhalt:<\/p><span class='rDText2'>Endlich ist es soweit: Der kleine Tiger und der kleine B\u00e4r gehen wieder auf Reisen!Diesmal geht\u00b4s nach K\u00f6ln, mit Antje Superstar, und zwar im schnellen ICE. Tiger und B\u00e4r suchen ihren Onkel Puschkin, der aber gar nicht so leicht zu finden ist. Umso gr\u00f6\u00dfer ist die Wiedersehensfreude.Da sind sie wieder, der kleine Tiger und der kleine B\u00e4r. Auch der gl\u00fcckliche Maulwurf und Tante Graugans Lorenz. Diesmal bringt der Posthase einen Eilbrief von Onkel Puschkin B\u00e4r: Sofort kommen, das Gl\u00fcck der Welt finden, Treffpunkt Hagenbeck Zoo. Als die beiden samt Tigerente schlie\u00dflich bei Hagenbeck eintreffen, ist Onkel Puschkin schon mal weitergereist nach K\u00f6ln. Macht nichts, zusammen mit Hagenbecks Superstar Antje (mit Fisch Schl\u00fcter) fahren sie hinterher. Mit dem ICE. In K\u00f6ln stehen sie vor dem Dom und staunen. Dort ist auch das gro\u00dfe Funkhaus. Sie erfahren, wie das ist, wenn man ber\u00fchmt ist und als Superstar gefeiert wird. Antje ist in ihrem Element, aber der kleine Tiger will lieber nach Hause, wo der weise Maulwurf auf sie wartet. Nun erlebt Onkel Puschkin bei Tiger und B\u00e4r eine sch\u00f6ne Zeit und lernt, das Gl\u00fcck in der N\u00e4he zu finden. Der kleine B\u00e4r und der kleine Tiger wissen das schon lange. Deshalb werden sie ja geliebt, sozusagen millionenfach! - Hier ist ihr neuer bilderreicher Lebensroman f\u00fcr Kinder von sechs bis ins hohe Alter.<\/span><\/td><\/tr><tr><td colspan='2'><a href='#' onclick='history.back(); return false'>Zur\u00fcck<\/a><\/td><\/tr><\/tbody><\/table>\n","protected":false},"excerpt":{"rendered":"","protected":false},"author":1,"featured_media":0,"parent":0,"menu_order":0,"comment_status":"closed","ping_status":"closed","template":"","meta":[],"_links":{"self":[{"href":"https:\/\/www.web-rr.de\/GHS-Buecherei\/index.php\/wp-json\/wp\/v2\/pages\/3289"}],"collection":[{"href":"https:\/\/www.web-rr.de\/GHS-Buecherei\/index.php\/wp-json\/wp\/v2\/pages"}],"about":[{"href":"https:\/\/www.web-rr.de\/GHS-Buecherei\/index.php\/wp-json\/wp\/v2\/types\/page"}],"author":[{"embeddable":true,"href":"https:\/\/www.web-rr.de\/GHS-Buecherei\/index.php\/wp-json\/wp\/v2\/users\/1"}],"replies":[{"embeddable":true,"href":"https:\/\/www.web-rr.de\/GHS-Buecherei\/index.php\/wp-json\/wp\/v2\/comments?post=3289"}],"version-history":[{"count":0,"href":"https:\/\/www.web-rr.de\/GHS-Buecherei\/index.php\/wp-json\/wp\/v2\/pages\/3289\/revisions"}],"wp:attachment":[{"href":"https:\/\/www.web-rr.de\/GHS-Buecherei\/index.php\/wp-json\/wp\/v2\/media?parent=3289"}],"curies":[{"name":"wp","href":"https:\/\/api.w.org\/{rel}","templated":true}]}}