{"id":3283,"date":"2021-02-23T20:00:00","date_gmt":"2021-02-23T20:00:00","guid":{"rendered":"https:\/\/www.web-rr.de\/GHS-Buecherei\/?page_id=3283"},"modified":"2021-02-22T23:59:59","modified_gmt":"2021-02-22T23:59:59","slug":"p9783446258662","status":"publish","type":"page","link":"https:\/\/www.web-rr.de\/GHS-Buecherei\/index.php\/p9783446258662\/","title":{"rendered":"Bilderbuch B-18"},"content":{"rendered":"<table><tbody><tr><td class='rDTitel' colspan='2'>B\u00e4renstark<\/td><\/tr><tr><td><span class='rDLabel1'>Status: <\/span><span class='rDText1Gruen'>vorhanden<\/span><\/td><td><span class='rDLabel1'>Antolin: <\/span><span class='rDText1Gruen'>ja, Empfehlung Klasse 2<\/span><\/td><\/tr><tr><td width=50%><img src='https:\/\/www.web-rr.de\/GHS-Buecherei\/wp-content\/uploads\/9783446258662.jpg' alt=''><\/td><td><p class='rDLabel2'>von <span class='rDText2'>Helme Heine<\/span><\/p><p class='rDLabel2'>Verlag: <span class='rDText2'>Hanser C.,  2018,  14.00 \u20ac<\/span><\/p><p class='rDLabel2'>B\u00fccherei-Barcode: <span class='rDText2'>9783446258662<\/span><\/p><p class='rDLabel2'>In der B\u00fccherei erfasst am: <span class='rDText2'>25.08.2020<\/span><\/p><p class='rDLabel2'>Stichw\u00f6rter: <span class='rDText2'>B\u00e4r, Superkr\u00e4fte<\/span><\/p><p class='rDLabel2'>Lesealter ca. <span class='rDText2'>6<\/span><span class='rDLabel2'> Jahre<\/span><\/p><p class='rDLabel2'>Das Buch wurde <span class='rDText2'>0<\/span><span class='rDLabel2'> mal gelesen.<\/span><\/p><\/td><\/tr><tr><td colspan='2'><p class='rDLabel1'>Inhalt:<\/p><span class='rDText2'>B\u00fccher haben Superkr\u00e4fte! Helme Heines fantasievolles Bilderbuch \u00fcber einen starken B\u00e4ren und ein noch st\u00e4rkeres M\u00e4dchen\n\r\n\rWenn der Bauch des B\u00e4ren knurrt wie Donnergrollen, bringen sich alle Bewohner des Waldes in Sicherheit. Nur die kleine Nandi k\u00fcmmert das nicht. Sie liest gerade ein spannendes Buch. Den B\u00e4ren macht das w\u00fctend: \"Ich bin der st\u00e4rkste B\u00e4r der Welt. Hast du keine Angst vor mir?\" - \"Mein Buch ist st\u00e4rker als ein B\u00e4r\", meint Nandi gelassen und h\u00e4lt ihr Buch im prasselnden Regen sch\u00fctzend \u00fcber ihn. Als dann der Pfeil eines jagenden Indianers auf ihn zielt, bleibt er in Nandis Buch stecken statt im Pelz des B\u00e4ren. Und mit einer B\u00fccherleiter kommt der B\u00e4r ganz einfach an die leckersten Fr\u00fcchte. B\u00fccher sind wirklich f\u00fcr jedes Abenteuer zu gebrauchen. Ein charmant illustriertes Bilderbuch, b\u00e4renstark!\n\r\n\r<\/span><\/td><\/tr><tr><td colspan='2'><a href='#' onclick='history.back(); return false'>Zur\u00fcck<\/a><\/td><\/tr><\/tbody><\/table>\n","protected":false},"excerpt":{"rendered":"","protected":false},"author":1,"featured_media":0,"parent":0,"menu_order":0,"comment_status":"closed","ping_status":"closed","template":"","meta":[],"_links":{"self":[{"href":"https:\/\/www.web-rr.de\/GHS-Buecherei\/index.php\/wp-json\/wp\/v2\/pages\/3283"}],"collection":[{"href":"https:\/\/www.web-rr.de\/GHS-Buecherei\/index.php\/wp-json\/wp\/v2\/pages"}],"about":[{"href":"https:\/\/www.web-rr.de\/GHS-Buecherei\/index.php\/wp-json\/wp\/v2\/types\/page"}],"author":[{"embeddable":true,"href":"https:\/\/www.web-rr.de\/GHS-Buecherei\/index.php\/wp-json\/wp\/v2\/users\/1"}],"replies":[{"embeddable":true,"href":"https:\/\/www.web-rr.de\/GHS-Buecherei\/index.php\/wp-json\/wp\/v2\/comments?post=3283"}],"version-history":[{"count":0,"href":"https:\/\/www.web-rr.de\/GHS-Buecherei\/index.php\/wp-json\/wp\/v2\/pages\/3283\/revisions"}],"wp:attachment":[{"href":"https:\/\/www.web-rr.de\/GHS-Buecherei\/index.php\/wp-json\/wp\/v2\/media?parent=3283"}],"curies":[{"name":"wp","href":"https:\/\/api.w.org\/{rel}","templated":true}]}}