{"id":3254,"date":"2021-02-23T20:00:00","date_gmt":"2021-02-23T20:00:00","guid":{"rendered":"https:\/\/www.web-rr.de\/GHS-Buecherei\/?page_id=3254"},"modified":"2021-02-22T23:59:59","modified_gmt":"2021-02-22T23:59:59","slug":"p9783711740021","status":"publish","type":"page","link":"https:\/\/www.web-rr.de\/GHS-Buecherei\/index.php\/p9783711740021\/","title":{"rendered":"Bilderbuch A-117"},"content":{"rendered":"<table><tbody><tr><td class='rDTitel' colspan='2'>Vielleicht warst du ein Fl\u00fcgelschlag<\/td><\/tr><tr><td><span class='rDLabel1'>Status: <\/span><span class='rDText1Gruen'>vorhanden<\/span><\/td><td><span class='rDLabel1'>Antolin: <\/span><span class='rDText1Rot'>Quiz nicht vorhanden.<\/span><\/td><\/tr><tr><td width=50%><img src='https:\/\/www.web-rr.de\/GHS-Buecherei\/wp-content\/uploads\/9783711740021.jpg' alt=''><\/td><td><p class='rDLabel2'>von <span class='rDText2'>Birgit Unterholzner<\/span><\/p><p class='rDLabel2'>Verlag: <span class='rDText2'>Picus Verlag GmbH,  2018,  17.00 \u20ac<\/span><\/p><p class='rDLabel2'>B\u00fccherei-Barcode: <span class='rDText2'>9783711740021<\/span><\/p><p class='rDLabel2'>In der B\u00fccherei erfasst am: <span class='rDText2'>17.01.2020<\/span><\/p><p class='rDLabel2'>Stichw\u00f6rter: <span class='rDText2'>Poesie, Geburt, Baby<\/span><\/p><p class='rDLabel2'>Lesealter ca. <span class='rDText2'>-<\/span><span class='rDLabel2'> Jahre<\/span><\/p><p class='rDLabel2'>Das Buch wurde <span class='rDText2'>0<\/span><span class='rDLabel2'> mal gelesen.<\/span><\/p><\/td><\/tr><tr><td colspan='2'><p class='rDLabel1'>Inhalt:<\/p><span class='rDText2'>Warum bin ich auf der Welt? Wo komme ich her? Die kleine Felicia stellt sich die Fragen, vor denen jeder Mensch steht.\"Du bist hier, weil wir uns dich gew\u00fcnscht haben\", meint Papa. \"Du kommst aus meinem Bauch!\", sagt Mama. Aber wie kam sie da rein? \"Vielleicht warst du ein Schimpansenbaby\", spottet der \u00e4ltere Bruder. Vielleicht war sie fr\u00fcher ein Drachenbaum. Oder ein Hoffnungsstern? Oder sie war ein Lied \u2026Wir k\u00f6nnen nicht wissen, woher wir kommen. Aber wir k\u00f6nnen uns viel vorstellen. Und unser Lachen, das auf dieser Welt erklingt, das sp\u00fcren wir, das ist echt.Die fantasievollen Illustrationen von Clara Fr\u00fchwirth begleiten Birgit Unterholzners poetischen Text \u00fcber die wichtigen Fragen des Lebens - die sich auch kleine Kinder schon stellen.<\/span><\/td><\/tr><tr><td colspan='2'><a href='#' onclick='history.back(); return false'>Zur\u00fcck<\/a><\/td><\/tr><\/tbody><\/table>\n","protected":false},"excerpt":{"rendered":"","protected":false},"author":1,"featured_media":0,"parent":0,"menu_order":0,"comment_status":"closed","ping_status":"closed","template":"","meta":[],"_links":{"self":[{"href":"https:\/\/www.web-rr.de\/GHS-Buecherei\/index.php\/wp-json\/wp\/v2\/pages\/3254"}],"collection":[{"href":"https:\/\/www.web-rr.de\/GHS-Buecherei\/index.php\/wp-json\/wp\/v2\/pages"}],"about":[{"href":"https:\/\/www.web-rr.de\/GHS-Buecherei\/index.php\/wp-json\/wp\/v2\/types\/page"}],"author":[{"embeddable":true,"href":"https:\/\/www.web-rr.de\/GHS-Buecherei\/index.php\/wp-json\/wp\/v2\/users\/1"}],"replies":[{"embeddable":true,"href":"https:\/\/www.web-rr.de\/GHS-Buecherei\/index.php\/wp-json\/wp\/v2\/comments?post=3254"}],"version-history":[{"count":0,"href":"https:\/\/www.web-rr.de\/GHS-Buecherei\/index.php\/wp-json\/wp\/v2\/pages\/3254\/revisions"}],"wp:attachment":[{"href":"https:\/\/www.web-rr.de\/GHS-Buecherei\/index.php\/wp-json\/wp\/v2\/media?parent=3254"}],"curies":[{"name":"wp","href":"https:\/\/api.w.org\/{rel}","templated":true}]}}