{"id":3241,"date":"2021-02-23T20:00:00","date_gmt":"2021-02-23T20:00:00","guid":{"rendered":"https:\/\/www.web-rr.de\/GHS-Buecherei\/?page_id=3241"},"modified":"2021-02-22T23:59:59","modified_gmt":"2021-02-22T23:59:59","slug":"p9783941087491","status":"publish","type":"page","link":"https:\/\/www.web-rr.de\/GHS-Buecherei\/index.php\/p9783941087491\/","title":{"rendered":"Bilderbuch A-104"},"content":{"rendered":"<table><tbody><tr><td class='rDTitel' colspan='2'>Der Kartoffelk\u00f6nig<\/td><\/tr><tr><td><span class='rDLabel1'>Status: <\/span><span class='rDText1Gruen'>vorhanden<\/span><\/td><td><span class='rDLabel1'>Antolin: <\/span><span class='rDText1Gruen'>ja, Empfehlung Klasse 1<\/span><\/td><\/tr><tr><td width=50%><img src='https:\/\/www.web-rr.de\/GHS-Buecherei\/wp-content\/uploads\/9783941087491.jpg' alt=''><\/td><td><p class='rDLabel2'>von <span class='rDText2'>Christoph Niemann<\/span><\/p><p class='rDLabel2'>Verlag: <span class='rDText2'>Jacoby u. Stuart,  2013,  12.95 \u20ac<\/span><\/p><p class='rDLabel2'>B\u00fccherei-Barcode: <span class='rDText2'>9783941087491<\/span><\/p><p class='rDLabel2'>In der B\u00fccherei erfasst am: <span class='rDText2'>01.03.2015<\/span><\/p><p class='rDLabel2'>Stichw\u00f6rter: <span class='rDText2'>Kartoffel, Friedrich der Gro\u00dfe, Ern\u00e4hrung, Geschichte, Landwirtschaft<\/span><\/p><p class='rDLabel2'>Lesealter ca. <span class='rDText2'>6<\/span><span class='rDLabel2'> Jahre<\/span><\/p><p class='rDLabel2'>Das Buch wurde <span class='rDText2'>0<\/span><span class='rDLabel2'> mal gelesen.<\/span><\/p><\/td><\/tr><tr><td colspan='2'><p class='rDLabel1'>Inhalt:<\/p><span class='rDText2'>Die d\u00fcmmsten Bauern ...Der alte Fritz hat viel f\u00fcr sein Preu\u00dfen getan, das wissen wir alle. Insbesondere hat er sich um die Einf\u00fchrung der Kartoffel verdient gemacht. Was liegt also n\u00e4her, als dazu ein Buch im Kartoffeldruckverfahren zu gestalten. Die Idee ist so naheliegend, dass bisher niemand daraufgekommen ist au\u00dfer dem genialen Christoph Niemann. Die Geschichte der Einf\u00fchrung der Kartoffel in Deutschland geht so: Der alte Fritz wollte die Kartoffel einf\u00fchren, die Bauern wollten es nicht, weil sie sie nicht kannten, da griff der alte Fritz zu einer List. Er legte ein k\u00f6nigliches Kartoffelfeld an, um das er eine Menge schwer bewaffneter Soldaten postierte, daraufhin fanden die Bauern, dass etwas so streng Bewachtes doch sehr wertvoll sein m\u00fcsse. Und als der alte Fritz dann anordnete, die Soldaten m\u00f6chten ihren Dienst mal etwas weniger sorgf\u00e4ltig versehen, kamen die Bauern in Massen und stahlen die Kartoffeln vom Feld. Sie gruben sie in ihre Felder ein und seitdem ist Preu\u00dfen Kartoffelland. Ob es sich hierbei um eine wahre Geschichte oder \u00bbnur\u00ab eine Mythe handelt, wei\u00df jedoch niemand ganz sicher ...<\/span><\/td><\/tr><tr><td colspan='2'><a href='#' onclick='history.back(); return false'>Zur\u00fcck<\/a><\/td><\/tr><\/tbody><\/table>\n","protected":false},"excerpt":{"rendered":"","protected":false},"author":1,"featured_media":0,"parent":0,"menu_order":0,"comment_status":"closed","ping_status":"closed","template":"","meta":[],"_links":{"self":[{"href":"https:\/\/www.web-rr.de\/GHS-Buecherei\/index.php\/wp-json\/wp\/v2\/pages\/3241"}],"collection":[{"href":"https:\/\/www.web-rr.de\/GHS-Buecherei\/index.php\/wp-json\/wp\/v2\/pages"}],"about":[{"href":"https:\/\/www.web-rr.de\/GHS-Buecherei\/index.php\/wp-json\/wp\/v2\/types\/page"}],"author":[{"embeddable":true,"href":"https:\/\/www.web-rr.de\/GHS-Buecherei\/index.php\/wp-json\/wp\/v2\/users\/1"}],"replies":[{"embeddable":true,"href":"https:\/\/www.web-rr.de\/GHS-Buecherei\/index.php\/wp-json\/wp\/v2\/comments?post=3241"}],"version-history":[{"count":0,"href":"https:\/\/www.web-rr.de\/GHS-Buecherei\/index.php\/wp-json\/wp\/v2\/pages\/3241\/revisions"}],"wp:attachment":[{"href":"https:\/\/www.web-rr.de\/GHS-Buecherei\/index.php\/wp-json\/wp\/v2\/media?parent=3241"}],"curies":[{"name":"wp","href":"https:\/\/api.w.org\/{rel}","templated":true}]}}