{"id":3223,"date":"2021-02-23T20:00:00","date_gmt":"2021-02-23T20:00:00","guid":{"rendered":"https:\/\/www.web-rr.de\/GHS-Buecherei\/?page_id=3223"},"modified":"2021-02-22T23:59:59","modified_gmt":"2021-02-22T23:59:59","slug":"p9783941787483","status":"publish","type":"page","link":"https:\/\/www.web-rr.de\/GHS-Buecherei\/index.php\/p9783941787483\/","title":{"rendered":"Bilderbuch A-86"},"content":{"rendered":"<table><tbody><tr><td class='rDTitel' colspan='2'>Kater Carter f\u00e4hrt zum Nordpol<\/td><\/tr><tr><td><span class='rDLabel1'>Status: <\/span><span class='rDText1Gruen'>vorhanden<\/span><\/td><td><span class='rDLabel1'>Antolin: <\/span><span class='rDText1Gruen'>ja, Empfehlung Klasse 2<\/span><\/td><\/tr><tr><td width=50%><img src='https:\/\/www.web-rr.de\/GHS-Buecherei\/wp-content\/uploads\/9783941787483.jpg' alt=''><\/td><td><p class='rDLabel2'>von <span class='rDText2'>Tim Wynne-Jones<\/span><\/p><p class='rDLabel2'>Verlag: <span class='rDText2'>Jacoby u. Stuart,  2011,  12.95 \u20ac<\/span><\/p><p class='rDLabel2'>B\u00fccherei-Barcode: <span class='rDText2'>9783941787483<\/span><\/p><p class='rDLabel2'>In der B\u00fccherei erfasst am: <span class='rDText2'>01.04.2013<\/span><\/p><p class='rDLabel2'>Stichw\u00f6rter: <span class='rDText2'>Katzen<\/span><\/p><p class='rDLabel2'>Lesealter ca. <span class='rDText2'>6<\/span><span class='rDLabel2'> Jahre<\/span><\/p><p class='rDLabel2'>Das Buch wurde <span class='rDText2'>0<\/span><span class='rDLabel2'> mal gelesen.<\/span><\/p><\/td><\/tr><tr><td colspan='2'><p class='rDLabel1'>Inhalt:<\/p><span class='rDText2'>Eine bezaubernde Katzengeschichte fur Gro\u00df und Klein Kater Carter macht sich wieder auf den Weg, um seinen vermissten Onkel Roy, den Kapit\u00e4n, zu suchen diesmal zum Nordpol. Auch der zweite Band der kanadischen Bilderbuchklassiker-Trilogie besticht durch Phantasie, Witz und meisterhafte Zeichnungen. Und durch seinen charmanten Helden auf vier Pfoten. Sommerhitze ... alle Katzen tragen ihre leichteste Kleidung. Nur Kater Carter sitzt zu Hause und strickt einen dicken Pullover, denn er plant eine neue Reise. Gemeinsam mit seiner Freundin Maria macht er sich in ihrem verzauberten Haus auf den Weg zum Nordpol, um dort die Spur seines Onkels Roy aufzunehmen. Und tats\u00e4chlich sie sto\u00dfen auf sein Schiff und eine Nachricht ... Herrliche gro\u00dfformatige Schwarz-Wei\u00df-Zeichnungen nehmen gro\u00dfe und kleine Leser mit ins ewige Eis.<\/span><\/td><\/tr><tr><td colspan='2'><a href='#' onclick='history.back(); return false'>Zur\u00fcck<\/a><\/td><\/tr><\/tbody><\/table>\n","protected":false},"excerpt":{"rendered":"","protected":false},"author":1,"featured_media":0,"parent":0,"menu_order":0,"comment_status":"closed","ping_status":"closed","template":"","meta":[],"_links":{"self":[{"href":"https:\/\/www.web-rr.de\/GHS-Buecherei\/index.php\/wp-json\/wp\/v2\/pages\/3223"}],"collection":[{"href":"https:\/\/www.web-rr.de\/GHS-Buecherei\/index.php\/wp-json\/wp\/v2\/pages"}],"about":[{"href":"https:\/\/www.web-rr.de\/GHS-Buecherei\/index.php\/wp-json\/wp\/v2\/types\/page"}],"author":[{"embeddable":true,"href":"https:\/\/www.web-rr.de\/GHS-Buecherei\/index.php\/wp-json\/wp\/v2\/users\/1"}],"replies":[{"embeddable":true,"href":"https:\/\/www.web-rr.de\/GHS-Buecherei\/index.php\/wp-json\/wp\/v2\/comments?post=3223"}],"version-history":[{"count":0,"href":"https:\/\/www.web-rr.de\/GHS-Buecherei\/index.php\/wp-json\/wp\/v2\/pages\/3223\/revisions"}],"wp:attachment":[{"href":"https:\/\/www.web-rr.de\/GHS-Buecherei\/index.php\/wp-json\/wp\/v2\/media?parent=3223"}],"curies":[{"name":"wp","href":"https:\/\/api.w.org\/{rel}","templated":true}]}}