{"id":3220,"date":"2021-02-23T20:00:00","date_gmt":"2021-02-23T20:00:00","guid":{"rendered":"https:\/\/www.web-rr.de\/GHS-Buecherei\/?page_id=3220"},"modified":"2021-02-22T23:59:59","modified_gmt":"2021-02-22T23:59:59","slug":"p9783701720248","status":"publish","type":"page","link":"https:\/\/www.web-rr.de\/GHS-Buecherei\/index.php\/p9783701720248\/","title":{"rendered":"Bilderbuch A-83"},"content":{"rendered":"<table><tbody><tr><td class='rDTitel' colspan='2'>Flederhase Flatterpferd<\/td><\/tr><tr><td><span class='rDLabel1'>Status: <\/span><span class='rDText1Gruen'>vorhanden<\/span><\/td><td><span class='rDLabel1'>Antolin: <\/span><span class='rDText1Rot'>Quiz nicht vorhanden.<\/span><\/td><\/tr><tr><td width=50%><img src='https:\/\/www.web-rr.de\/GHS-Buecherei\/wp-content\/uploads\/9783701720248.jpg' alt=''><\/td><td><p class='rDLabel2'>von <span class='rDText2'>Eva Schatz<\/span><\/p><p class='rDLabel2'>Verlag: <span class='rDText2'>Residenz Verlag,  2007,  4.90 \u20ac<\/span><\/p><p class='rDLabel2'>B\u00fccherei-Barcode: <span class='rDText2'>9783701720248<\/span><\/p><p class='rDLabel2'>In der B\u00fccherei erfasst am: <span class='rDText2'>01.04.2013<\/span><\/p><p class='rDLabel2'>Stichw\u00f6rter: <span class='rDText2'>Bauernhof, Tiere<\/span><\/p><p class='rDLabel2'>Lesealter ca. <span class='rDText2'>-<\/span><span class='rDLabel2'> Jahre<\/span><\/p><p class='rDLabel2'>Das Buch wurde <span class='rDText2'>2<\/span><span class='rDLabel2'> mal gelesen.<\/span><\/p><\/td><\/tr><tr><td colspan='2'><p class='rDLabel1'>Inhalt:<\/p><span class='rDText2'>HEUTE IST WER-BIN-ICH-TAG AUF DEM BAUERNHOF. Alle Tiere verkleiden sich nach Lust und Laune, um endlich mal \u2013 wenn auch nur f\u00fcr kurze Zeit \u2013 ein Star zu sein. Der Dackel schnallt sich seine H\u00fctte auf den R\u00fccken und mutiert solcherart zur Schnecke. Der Eber geht als Elefant, der Stier steckt sich Federn unter den Schwanz und wird zum Pfau, das Schaf toupiert sich eine L\u00f6wenm\u00e4hne, die Katze zieht sich Sch\u00fchchen an und macht auf Zebra \u2026 In charmanten Reimen greift Eva Schatz zwei Themen auf, die alle Kinder besch\u00e4ftigen: Verkleiden macht Spa\u00df, und ein Star m\u00f6chte doch jeder gerne einmal sein! Susanne Stra\u00dfers Bilder sind kunstvoll gestaltet und ansprechend zugleich, rhythmisch wie der Text, voll Dynamik und \u00dcbermut. Sie geben der Geschichte Tiefe und streichen so manche zus\u00e4tzliche Facette heraus. Ein wunderbar witziges Bilderbuch f\u00fcr kleine Verkleidungsk\u00fcnstler und angehende Primadonnen.<\/span><\/td><\/tr><tr><td colspan='2'><a href='#' onclick='history.back(); return false'>Zur\u00fcck<\/a><\/td><\/tr><\/tbody><\/table>\n","protected":false},"excerpt":{"rendered":"","protected":false},"author":1,"featured_media":0,"parent":0,"menu_order":0,"comment_status":"closed","ping_status":"closed","template":"","meta":[],"_links":{"self":[{"href":"https:\/\/www.web-rr.de\/GHS-Buecherei\/index.php\/wp-json\/wp\/v2\/pages\/3220"}],"collection":[{"href":"https:\/\/www.web-rr.de\/GHS-Buecherei\/index.php\/wp-json\/wp\/v2\/pages"}],"about":[{"href":"https:\/\/www.web-rr.de\/GHS-Buecherei\/index.php\/wp-json\/wp\/v2\/types\/page"}],"author":[{"embeddable":true,"href":"https:\/\/www.web-rr.de\/GHS-Buecherei\/index.php\/wp-json\/wp\/v2\/users\/1"}],"replies":[{"embeddable":true,"href":"https:\/\/www.web-rr.de\/GHS-Buecherei\/index.php\/wp-json\/wp\/v2\/comments?post=3220"}],"version-history":[{"count":0,"href":"https:\/\/www.web-rr.de\/GHS-Buecherei\/index.php\/wp-json\/wp\/v2\/pages\/3220\/revisions"}],"wp:attachment":[{"href":"https:\/\/www.web-rr.de\/GHS-Buecherei\/index.php\/wp-json\/wp\/v2\/media?parent=3220"}],"curies":[{"name":"wp","href":"https:\/\/api.w.org\/{rel}","templated":true}]}}