{"id":3079,"date":"2021-02-22T18:07:16","date_gmt":"2021-02-22T17:07:16","guid":{"rendered":"https:\/\/www.web-rr.de\/GHS-Buecherei\/?page_id=3079"},"modified":"2021-02-26T18:54:13","modified_gmt":"2021-02-26T17:54:13","slug":"p9783785584347","status":"publish","type":"page","link":"https:\/\/www.web-rr.de\/GHS-Buecherei\/index.php\/p9783785584347\/","title":{"rendered":"Abenteuer 75"},"content":{"rendered":"<table><tbody><tr><td class='rDTitel' colspan='2'>Der fabelhafte Regenschirm - Die verr\u00fcckte Stadt<\/td><\/tr><tr><td><span class='rDLabel1'>Status: <\/span><span class='rDText1Gruen'>vorhanden<\/span><\/td><td><span class='rDLabel1'>Antolin: <\/span><span class='rDText1Gruen'>ja, Empfehlung Klasse 3<\/span><\/td><\/tr><tr><td width=50%><img src='https:\/\/www.web-rr.de\/GHS-Buecherei\/wp-content\/uploads\/9783785584347.jpg' alt=''><\/td><td><p class='rDLabel2'>von <span class='rDText2'>Sarah Storm und Naeko Ishida<\/span><\/p><p class='rDLabel2'>Verlag: <span class='rDText2'>Loewe,  2016,  7.95 \u20ac<\/span><\/p><p class='rDLabel2'>B\u00fccherei-Barcode: <span class='rDText2'>9783785584347<\/span><\/p><p class='rDLabel2'>In der B\u00fccherei erfasst am: <span class='rDText2'>06.08.2018<\/span><\/p><p class='rDLabel2'>Stichw\u00f6rter: <span class='rDText2'>Abenteuer, fremde Orte, Fantasie, magische Baumhaus<\/span><\/p><p class='rDLabel2'>Lesealter ca. <span class='rDText2'>7<\/span><span class='rDLabel2'> Jahre<\/span><\/p><p class='rDLabel2'>Das Buch wurde <span class='rDText2'>1<\/span><span class='rDLabel2'> mal gelesen.<\/span><\/p><\/td><\/tr><tr><td colspan='2'><p class='rDLabel1'>Inhalt:<\/p><span class='rDText2'>Ella und Paul trauen ihren Augen nicht: Der alte, unscheinbare Regenschirm ihres Opas hat sie an einen fremden Ort gebracht! Hier werden Schweine und K\u00fche an der Leine spazieren gef\u00fchrt, statt Eis gibt es Gem\u00fcse in der Waffel und die Erwachsenen spielen wie Kinder! Was ist hier nur passiert? Der fabelhafte Regenschirm bringt Ella und ihre Freunde an unbekannte Orte und in vergangene Zeiten, in denen immer ein spannendes Abenteuer auf sie wartet! Die reich illustrierte Abenteuerreihe f\u00fcr Jungen und M\u00e4dchen ab 8 Jahren im Stil der Bestseller-Reihe Das magische Baumhaus. In jedem Band m\u00fcssen die sympathischen Charaktere ein R\u00e4tsel l\u00f6sen und jemandem helfen. Hierzu reisen sie in der Zeit, an fremde Orte und treffen interessante und mitunter auch ber\u00fchmte Pers\u00f6nlichkeiten.<\/span><\/td><\/tr><tr><td colspan='2'><a href='#' onclick='history.back(); return false'>Zur\u00fcck<\/a><\/td><\/tr><\/tbody><\/table>\n","protected":false},"excerpt":{"rendered":"","protected":false},"author":1,"featured_media":0,"parent":0,"menu_order":0,"comment_status":"closed","ping_status":"closed","template":"","meta":[],"_links":{"self":[{"href":"https:\/\/www.web-rr.de\/GHS-Buecherei\/index.php\/wp-json\/wp\/v2\/pages\/3079"}],"collection":[{"href":"https:\/\/www.web-rr.de\/GHS-Buecherei\/index.php\/wp-json\/wp\/v2\/pages"}],"about":[{"href":"https:\/\/www.web-rr.de\/GHS-Buecherei\/index.php\/wp-json\/wp\/v2\/types\/page"}],"author":[{"embeddable":true,"href":"https:\/\/www.web-rr.de\/GHS-Buecherei\/index.php\/wp-json\/wp\/v2\/users\/1"}],"replies":[{"embeddable":true,"href":"https:\/\/www.web-rr.de\/GHS-Buecherei\/index.php\/wp-json\/wp\/v2\/comments?post=3079"}],"version-history":[{"count":0,"href":"https:\/\/www.web-rr.de\/GHS-Buecherei\/index.php\/wp-json\/wp\/v2\/pages\/3079\/revisions"}],"wp:attachment":[{"href":"https:\/\/www.web-rr.de\/GHS-Buecherei\/index.php\/wp-json\/wp\/v2\/media?parent=3079"}],"curies":[{"name":"wp","href":"https:\/\/api.w.org\/{rel}","templated":true}]}}