{"id":3003,"date":"2021-02-22T17:37:40","date_gmt":"2021-02-22T16:37:40","guid":{"rendered":"https:\/\/www.web-rr.de\/GHS-Buecherei\/?page_id=3003"},"modified":"2021-02-26T18:50:42","modified_gmt":"2021-02-26T17:50:42","slug":"p9783785588055","status":"publish","type":"page","link":"https:\/\/www.web-rr.de\/GHS-Buecherei\/index.php\/p9783785588055\/","title":{"rendered":"Abenteuer 36"},"content":{"rendered":"<table><tbody><tr><td class='rDTitel' colspan='2'>Beast Quest - Die goldene R\u00fcstung - Tagus, Prinz der Steppe; Nanook, Herrscherin der Eisw\u00fcste; Eposs, Gebieterin der L\u00fcfte<\/td><\/tr><tr><td><span class='rDLabel1'>Status: <\/span><span class='rDText1Gruen'>vorhanden<\/span><\/td><td><span class='rDLabel1'>Antolin: <\/span><span class='rDText1Gruen'>ja, Empfehlung Klasse 4<\/span><\/td><\/tr><tr><td width=50%><img src='https:\/\/www.web-rr.de\/GHS-Buecherei\/wp-content\/uploads\/9783785588055.jpg' alt=''><\/td><td><p class='rDLabel2'>von <span class='rDText2'>Adam Blade<\/span><\/p><p class='rDLabel2'>Verlag: <span class='rDText2'>Loewe,  2017,  9.95 \u20ac<\/span><\/p><p class='rDLabel2'>B\u00fccherei-Barcode: <span class='rDText2'>9783785588055<\/span><\/p><p class='rDLabel2'>In der B\u00fccherei erfasst am: <span class='rDText2'>24.08.2020<\/span><\/p><p class='rDLabel2'>Stichw\u00f6rter: <span class='rDText2'>Nervenkitzel, Spannung, Magier, Fantasy,<\/span><\/p><p class='rDLabel2'>Lesealter ca. <span class='rDText2'>8<\/span><span class='rDLabel2'> Jahre<\/span><\/p><p class='rDLabel2'>Das Buch wurde <span class='rDText2'>2<\/span><span class='rDLabel2'> mal gelesen.<\/span><\/p><\/td><\/tr><tr><td colspan='2'><p class='rDLabel1'>Inhalt:<\/p><span class='rDText2'>Nervenkitzel pur: Drei Beast Quest -Abenteuer in einem Band! Das K\u00f6nigreich Avantia ist in gro\u00dfer Gefahr, denn der b\u00f6se Magier Malvel hat die guten Biester des Landes verzaubert. Tom wurde auserw\u00e4hlt, die Biester zu besiegen, doch seine Mission ist noch nicht erf\u00fcllt. Um den Fluch zu l\u00f6sen und Avantia zu retten, muss er gegen den Pferdemann Tagus , das Schneemonster Nanook und den Flammenvogel Eposs k\u00e4mpfen. Der zweite Beast Quest -Sammelband enth\u00e4lt die Einzelb\u00e4nde: - Tagus, Prinz der Steppe (Band 4) - Nanook, Herrscherin der Eisw\u00fcste (Band 5) - Eposs, Gebieterin der L\u00fcfte (Band 6) Der Titel des ersten Beast Quest -Sammelbands lautet \" Die finstere Mission \". Actionreiche Fantasy , spannende Missionen und gef\u00e4hrliche Biester ! Die erfolgreiche Kinderbuchreihe mit zahlreichen Illustrationen ist besonders f\u00fcr Jungs ab 8 Jahren geeignet.\n\r\n\r<\/span><\/td><\/tr><tr><td colspan='2'><a href='#' onclick='history.back(); return false'>Zur\u00fcck<\/a><\/td><\/tr><\/tbody><\/table>\n","protected":false},"excerpt":{"rendered":"","protected":false},"author":1,"featured_media":0,"parent":0,"menu_order":0,"comment_status":"closed","ping_status":"closed","template":"","meta":[],"_links":{"self":[{"href":"https:\/\/www.web-rr.de\/GHS-Buecherei\/index.php\/wp-json\/wp\/v2\/pages\/3003"}],"collection":[{"href":"https:\/\/www.web-rr.de\/GHS-Buecherei\/index.php\/wp-json\/wp\/v2\/pages"}],"about":[{"href":"https:\/\/www.web-rr.de\/GHS-Buecherei\/index.php\/wp-json\/wp\/v2\/types\/page"}],"author":[{"embeddable":true,"href":"https:\/\/www.web-rr.de\/GHS-Buecherei\/index.php\/wp-json\/wp\/v2\/users\/1"}],"replies":[{"embeddable":true,"href":"https:\/\/www.web-rr.de\/GHS-Buecherei\/index.php\/wp-json\/wp\/v2\/comments?post=3003"}],"version-history":[{"count":0,"href":"https:\/\/www.web-rr.de\/GHS-Buecherei\/index.php\/wp-json\/wp\/v2\/pages\/3003\/revisions"}],"wp:attachment":[{"href":"https:\/\/www.web-rr.de\/GHS-Buecherei\/index.php\/wp-json\/wp\/v2\/media?parent=3003"}],"curies":[{"name":"wp","href":"https:\/\/api.w.org\/{rel}","templated":true}]}}