{"id":2940,"date":"2021-02-22T17:04:25","date_gmt":"2021-02-22T16:04:25","guid":{"rendered":"https:\/\/www.web-rr.de\/GHS-Buecherei\/?page_id=2940"},"modified":"2021-02-26T18:47:45","modified_gmt":"2021-02-26T17:47:45","slug":"p9783899965735","status":"publish","type":"page","link":"https:\/\/www.web-rr.de\/GHS-Buecherei\/index.php\/p9783899965735\/","title":{"rendered":"Abenteuer 05"},"content":{"rendered":"<table><tbody><tr><td class='rDTitel' colspan='2'>Der magische Stein - In der Gruft des Pharaos<\/td><\/tr><tr><td><span class='rDLabel1'>Status: <\/span><span class='rDText1Gruen'>vorhanden<\/span><\/td><td><span class='rDLabel1'>Antolin: <\/span><span class='rDText1Gruen'>ja, Empfehlung Klasse 4<\/span><\/td><\/tr><tr><td width=50%><img src='https:\/\/www.web-rr.de\/GHS-Buecherei\/wp-content\/uploads\/9783899965735.jpg' alt=''><\/td><td><p class='rDLabel2'>von <span class='rDText2'>Jens Schumacher<\/span><\/p><p class='rDLabel2'>Verlag: <span class='rDText2'>Area Verlag,  2005,  2.95 \u20ac<\/span><\/p><p class='rDLabel2'>B\u00fccherei-Barcode: <span class='rDText2'>9783899965735<\/span><\/p><p class='rDLabel2'>In der B\u00fccherei erfasst am: <span class='rDText2'>01.04.2013<\/span><\/p><p class='rDLabel2'>Stichw\u00f6rter: <span class='rDText2'>\u00c4gypten, Pyramiden, Pharao, Geschichte<\/span><\/p><p class='rDLabel2'>Lesealter ca. <span class='rDText2'>8<\/span><span class='rDLabel2'> Jahre<\/span><\/p><p class='rDLabel2'>Das Buch wurde <span class='rDText2'>1<\/span><span class='rDLabel2'> mal gelesen.<\/span><\/p><\/td><\/tr><tr><td colspan='2'><p class='rDLabel1'>Inhalt:<\/p><span class='rDText2'>Ein staubiges Tal unter sengender Sonne, flimmernde Luft und hohe, s\u00e4ulenverzierte Tempel: Der magische Stein f\u00fchrt Maya und Jan ins alte \u00c4gypten. Durch ein Versehen geraten sie in ein Felsengrab und werden dort zwischen Gold und Juwelen eingeschlossen. Als sie sich gerade auf die Suche nach einem Ausgang machen wollen, vernehmen sie in der Finsternis der Gruft pl\u00f6tzlich schlurfende Schritte ...\u00a7\u00a7Begleite Maya und Jan auf ihren abenteuerlichen Reisen quer durch die Zeit. Vergangenheit, Gegenwart, Zukunft - mit dem magischen Stein nur ein paar Buchseiten entfernt!<\/span><\/td><\/tr><tr><td colspan='2'><a href='#' onclick='history.back(); return false'>Zur\u00fcck<\/a><\/td><\/tr><\/tbody><\/table>\n","protected":false},"excerpt":{"rendered":"","protected":false},"author":1,"featured_media":0,"parent":0,"menu_order":0,"comment_status":"closed","ping_status":"closed","template":"","meta":[],"_links":{"self":[{"href":"https:\/\/www.web-rr.de\/GHS-Buecherei\/index.php\/wp-json\/wp\/v2\/pages\/2940"}],"collection":[{"href":"https:\/\/www.web-rr.de\/GHS-Buecherei\/index.php\/wp-json\/wp\/v2\/pages"}],"about":[{"href":"https:\/\/www.web-rr.de\/GHS-Buecherei\/index.php\/wp-json\/wp\/v2\/types\/page"}],"author":[{"embeddable":true,"href":"https:\/\/www.web-rr.de\/GHS-Buecherei\/index.php\/wp-json\/wp\/v2\/users\/1"}],"replies":[{"embeddable":true,"href":"https:\/\/www.web-rr.de\/GHS-Buecherei\/index.php\/wp-json\/wp\/v2\/comments?post=2940"}],"version-history":[{"count":0,"href":"https:\/\/www.web-rr.de\/GHS-Buecherei\/index.php\/wp-json\/wp\/v2\/pages\/2940\/revisions"}],"wp:attachment":[{"href":"https:\/\/www.web-rr.de\/GHS-Buecherei\/index.php\/wp-json\/wp\/v2\/media?parent=2940"}],"curies":[{"name":"wp","href":"https:\/\/api.w.org\/{rel}","templated":true}]}}