{"id":2926,"date":"2021-02-22T15:34:30","date_gmt":"2021-02-22T14:34:30","guid":{"rendered":"https:\/\/www.web-rr.de\/GHS-Buecherei\/?page_id=2926"},"modified":"2021-02-26T18:47:23","modified_gmt":"2021-02-26T17:47:23","slug":"p9783959160452","status":"publish","type":"page","link":"https:\/\/www.web-rr.de\/GHS-Buecherei\/index.php\/p9783959160452\/","title":{"rendered":"Abenteuer 02"},"content":{"rendered":"<table><tbody><tr><td class='rDTitel' colspan='2'>Abenteuer zwischen Nordeifel und Aachen - Lilly und Nikolas auf der Suche nach dem schwarzen Gold<\/td><\/tr><tr><td><span class='rDLabel1'>Status: <\/span><span class='rDText1Gruen'>vorhanden<\/span><\/td><td><span class='rDLabel1'>Antolin: <\/span><span class='rDText1Gruen'>ja, Empfehlung Klasse 4<\/span><\/td><\/tr><tr><td width=50%><img src='https:\/\/www.web-rr.de\/GHS-Buecherei\/wp-content\/uploads\/9783959160452.jpg' alt=''><\/td><td><p class='rDLabel2'>von <span class='rDText2'>Miriam Schaps<\/span><\/p><p class='rDLabel2'>Verlag: <span class='rDText2'>Biber & Butzemann,  2018,  14.50 \u20ac<\/span><\/p><p class='rDLabel2'>B\u00fccherei-Barcode: <span class='rDText2'>9783959160452<\/span><\/p><p class='rDLabel2'>In der B\u00fccherei erfasst am: <span class='rDText2'>24.08.2020<\/span><\/p><p class='rDLabel2'>Stichw\u00f6rter: <span class='rDText2'>Abenteuer, Bauernhof, Urlaub, Spannung, Geheimnis<\/span><\/p><p class='rDLabel2'>Lesealter ca. <span class='rDText2'>8<\/span><span class='rDLabel2'> Jahre<\/span><\/p><p class='rDLabel2'>Das Buch wurde <span class='rDText2'>0<\/span><span class='rDLabel2'> mal gelesen.<\/span><\/p><\/td><\/tr><tr><td colspan='2'><p class='rDLabel1'>Inhalt:<\/p><span class='rDText2'>K\u00fchemelken, Ponyreiten und frische Eier aus dem H\u00fchnerstall holen - Lilly und Nikolas finden den Bauernhof-Urlaub in der Nordeifel gro\u00dfartig. Und das Beste: Ihre Tante Sarah l\u00e4dt die Geschwister nicht nur zu ihrer Geburtstagsparty auf dem Rursee ein, sondern unternimmt auch tolle Ausfl\u00fcge mit ihnen, sogar nach Belgien und in die Niederlande. Doch dann gibt ein kleiner Unfall den Ferien eine v\u00f6llig neue Wendung: Bei einem Spaziergang durch das Hohe Venn f\u00e4llt Nikolas ins Moor - und findet dabei eine verrostete Dose. Sie enth\u00e4lt eine r\u00e4tselhafte Nachricht, bei der nur eines klar ist: Es ist etwas Verbotenes im Gange. Der Absender und der Empf\u00e4nger f\u00fchren irgendetwas im Schilde. Aber was? Was hat es mit dem schwarzen Gold auf sich, von dem in dem Brief die Rede ist? Was bedeutet das geheimnisvolle Symbol? Und wo ist der Ort, an dem es \"erquicklich stinkt\", und an dem das krumme Gesch\u00e4ft offenbar abgewickelt werden soll? Lilly und Nikolas folgen den Spuren nach Monschau, Aachen und in die Wildnis des Nationalparks. Werden sie das R\u00e4tsel l\u00f6sen k\u00f6nnen?\n\r\n\r<\/span><\/td><\/tr><tr><td colspan='2'><a href='#' onclick='history.back(); return false'>Zur\u00fcck<\/a><\/td><\/tr><\/tbody><\/table>\n","protected":false},"excerpt":{"rendered":"","protected":false},"author":1,"featured_media":0,"parent":0,"menu_order":0,"comment_status":"closed","ping_status":"closed","template":"","meta":[],"_links":{"self":[{"href":"https:\/\/www.web-rr.de\/GHS-Buecherei\/index.php\/wp-json\/wp\/v2\/pages\/2926"}],"collection":[{"href":"https:\/\/www.web-rr.de\/GHS-Buecherei\/index.php\/wp-json\/wp\/v2\/pages"}],"about":[{"href":"https:\/\/www.web-rr.de\/GHS-Buecherei\/index.php\/wp-json\/wp\/v2\/types\/page"}],"author":[{"embeddable":true,"href":"https:\/\/www.web-rr.de\/GHS-Buecherei\/index.php\/wp-json\/wp\/v2\/users\/1"}],"replies":[{"embeddable":true,"href":"https:\/\/www.web-rr.de\/GHS-Buecherei\/index.php\/wp-json\/wp\/v2\/comments?post=2926"}],"version-history":[{"count":0,"href":"https:\/\/www.web-rr.de\/GHS-Buecherei\/index.php\/wp-json\/wp\/v2\/pages\/2926\/revisions"}],"wp:attachment":[{"href":"https:\/\/www.web-rr.de\/GHS-Buecherei\/index.php\/wp-json\/wp\/v2\/media?parent=2926"}],"curies":[{"name":"wp","href":"https:\/\/api.w.org\/{rel}","templated":true}]}}