{"id":16995,"date":"2021-05-21T10:00:00","date_gmt":"2021-05-21T10:00:00","guid":{"rendered":"https:\/\/www.web-rr.de\/GHS-Buecherei\/?page_id=16995"},"modified":"2021-05-21T23:00:00","modified_gmt":"2021-05-21T23:00:00","slug":"p9783865024879","status":"publish","type":"page","link":"https:\/\/www.web-rr.de\/GHS-Buecherei\/index.php\/p9783865024879\/","title":{"rendered":"Fr\u00fcher + Heute 87"},"content":{"rendered":"<table><tbody><tr><td class='rDTitel' colspan='2'>Unsere Welt in Bewegung: Wie Menschen und Ideen wandern<\/td><\/tr><tr><td><span class='rDLabel1'>Status: <\/span><span class='rDText1Gruen'>vorhanden<\/span><\/td><td><span class='rDLabel1'>Antolin: <\/span><span class='rDText1Gruen'>ja, Empfehlung Klasse 4<\/span><\/td><\/tr><tr><td width=50%><img src='https:\/\/www.web-rr.de\/GHS-Buecherei\/wp-content\/uploads\/9783865024879.jpg' alt=''><\/td><td><p class='rDLabel2'>von <span class='rDText2'>Martin Howard<\/span><\/p><p class='rDLabel2'>Verlag: <span class='rDText2'>E. A. Seemann in E. A. Seemann Henschel GmbH & Co. KG,  2023,  25.00 \u20ac<\/span><\/p><p class='rDLabel2'>B\u00fccherei-Barcode: <span class='rDText2'>9783865024879<\/span><\/p><p class='rDLabel2'>In der B\u00fccherei erfasst am: <span class='rDText2'>11.10.2025<\/span><\/p><p class='rDLabel2'>Stichw\u00f6rter: <span class='rDText2'>Auswanderer, Kulturen, Wanderungsbewegungen, Welt, Kolumbus, Wikinger, R\u00f6mer<\/span><\/p><p class='rDLabel2'>Lesealter ca. <span class='rDText2'>8<\/span><span class='rDLabel2'> Jahre<\/span><\/p><p class='rDLabel2'>Das Buch wurde <span class='rDText2'>0<\/span><span class='rDLabel2'> mal gelesen.<\/span><\/p><\/td><\/tr><tr><td colspan='2'><p class='rDLabel1'>Inhalt:<\/p><span class='rDText2'>DIE FASZINIERENDE GESCHICHTE DER MIGRATION Seit 70.000 Jahren machen sich die Menschen immer wieder auf in die Ferne \u2013 von den ersten Auswanderern und Auswandererinnen aus Afrika bis heute. In einer knallbunt illustrierten Reise rund um den Globus (und sogar bis in den Weltraum) erkundet dieses Sachbuch f\u00fcr Kinder, wie sich verschiedene Kulturen und Ideen \u00fcberall auf der Welt verbreitet haben. In \u00fcber 50 unglaublichen Geschichten erz\u00e4hlt es von den Wanderungsbewegungen der Menschen in jeden Winkel der Erde. Kindgerecht, informativ und vielschichtig vermittelt der Band, dass das Auswandern zur Geschichte der Menschheit geh\u00f6rt, und dass jede einzelne Reise die Welt ver\u00e4ndern kann. Ein Buch, das uns die Welt ganz neu entdecken l\u00e4sst! WO WIR HERKOMMEN UND WO WIR HINGEHEN Seit dem Beginn ihrer Geschichte sind die Menschen aus den unterschiedlichsten Gr\u00fcnden in ferne L\u00e4nder gezogen. Sei es, um Kriegen oder Hungersn\u00f6ten zu entkommen, um Arbeit zu finden oder um Abenteuer zu erleben. All das begann vor Zehntausenden von Jahren, als sich unsere Vorfahrin \u2013 eine Frau ohne Namen \u2013 aus Afrika auf den Weg machte. Heute sehen wir vielleicht alle v\u00f6llig unterschiedlich aus, sprechen verschiedene Sprachen und feiern andere Feste, aber ganz urspr\u00fcnglich ist jeder Mensch Teil dieser Familie, die in jeden Teil dieser Welt gezogen ist. Durch die Untersuchung unserer DNA fanden Wissenschaftler:innen heraus, dass die Menschen seit jeher um die Erde gewandert sind und riesige Entfernungen zur\u00fccklegten. Einige wurden sesshaft, begegneten einander, bekamen Babys, lernten die Sprachen ihrer Nachbar:innen, erz\u00e4hlten Geschichten und teilten Ideen. Und dann zogen sie weiter \u2013 in einer endlosen Bewegung rund um den Globus, die auch heute noch weitergeht. EIN AKTUELLES THEMA KINDGERECHT VERMITTELT Dieses farbenfrohe Buch versammelt kindgerechtes Wissen zu einem allgegenw\u00e4rtigen Thema und er\u00f6ffnet viele neue Horizonte. Die leuchtenden Illustrationen und Karten des K\u00fcnstlers Christopher Corr erwecken die Geschichten zum Leben. Dazu berichtet der Autor Martin Howard jungen Lesern und Leserinnen ab 8 Jahren faszinierende Geschichte von Menschen, die die Welt durchquert haben: von Christoph Kolumbus und Wikinger-Seeh\u00e4ndlern, von den R\u00f6mern, die mit ihren Armeen durch Europa marschierten, von H\u00e4ndlern auf der Seidenstra\u00dfe und Marco Polo, den Hippies der 1970er Jahre, bis hin zu heutigen Expeditionen in den Weltraum. Dabei vermittelt das Buch einem jungen Publikum auch komplexe Aspekte der Migrationsgeschichte auf zug\u00e4ngliche Weise, etwa die Flucht der Hugenotten, der Transport j\u00fcdischer Kinder nach Gro\u00dfbritannien, Kolonialisierung und Sklavenhandel sowie heutige Fluchtbewegungen. Aus dem Englischen von Stefanie Br\u00e4gelmann und Katharina Meyer.<\/span><\/td><\/tr><tr><td colspan='2'><a href='#' onclick='history.back(); return false'>Zur\u00fcck<\/a><\/td><\/tr><\/tbody><\/table>\n","protected":false},"excerpt":{"rendered":"<p>&#8211;<\/p>\n","protected":false},"author":1,"featured_media":0,"parent":0,"menu_order":0,"comment_status":"closed","ping_status":"closed","template":"","meta":[],"_links":{"self":[{"href":"https:\/\/www.web-rr.de\/GHS-Buecherei\/index.php\/wp-json\/wp\/v2\/pages\/16995"}],"collection":[{"href":"https:\/\/www.web-rr.de\/GHS-Buecherei\/index.php\/wp-json\/wp\/v2\/pages"}],"about":[{"href":"https:\/\/www.web-rr.de\/GHS-Buecherei\/index.php\/wp-json\/wp\/v2\/types\/page"}],"author":[{"embeddable":true,"href":"https:\/\/www.web-rr.de\/GHS-Buecherei\/index.php\/wp-json\/wp\/v2\/users\/1"}],"replies":[{"embeddable":true,"href":"https:\/\/www.web-rr.de\/GHS-Buecherei\/index.php\/wp-json\/wp\/v2\/comments?post=16995"}],"version-history":[{"count":0,"href":"https:\/\/www.web-rr.de\/GHS-Buecherei\/index.php\/wp-json\/wp\/v2\/pages\/16995\/revisions"}],"wp:attachment":[{"href":"https:\/\/www.web-rr.de\/GHS-Buecherei\/index.php\/wp-json\/wp\/v2\/media?parent=16995"}],"curies":[{"name":"wp","href":"https:\/\/api.w.org\/{rel}","templated":true}]}}