{"id":16990,"date":"2021-05-21T10:00:00","date_gmt":"2021-05-21T10:00:00","guid":{"rendered":"https:\/\/www.web-rr.de\/GHS-Buecherei\/?page_id=16990"},"modified":"2021-05-21T23:00:00","modified_gmt":"2021-05-21T23:00:00","slug":"p9783964552662","status":"publish","type":"page","link":"https:\/\/www.web-rr.de\/GHS-Buecherei\/index.php\/p9783964552662\/","title":{"rendered":"Erde &#8211; Planet 38"},"content":{"rendered":"<table><tbody><tr><td class='rDTitel' colspan='2'>Wundervolle Welt von morgen - Anleitung f\u00fcr eine bessere Zukunft<\/td><\/tr><tr><td><span class='rDLabel1'>Status: <\/span><span class='rDText1Gruen'>vorhanden<\/span><\/td><td><span class='rDLabel1'>Antolin: <\/span><span class='rDText1Gruen'>ja, Empfehlung Klasse 5<\/span><\/td><\/tr><tr><td width=50%><img src='https:\/\/www.web-rr.de\/GHS-Buecherei\/wp-content\/uploads\/9783964552662.jpg' alt=''><\/td><td><p class='rDLabel2'>von <span class='rDText2'>Cindy Forde<\/span><\/p><p class='rDLabel2'>Verlag: <span class='rDText2'>moses. Verlag,  2023,  19.95 \u20ac<\/span><\/p><p class='rDLabel2'>B\u00fccherei-Barcode: <span class='rDText2'>9783964552662<\/span><\/p><p class='rDLabel2'>In der B\u00fccherei erfasst am: <span class='rDText2'>11.10.2025<\/span><\/p><p class='rDLabel2'>Stichw\u00f6rter: <span class='rDText2'>Zeitreise, Zukunft, Ozeane, Regenw\u00e4lder, Wirtschaftsleistung, eben, Planet, Welt, Erde<\/span><\/p><p class='rDLabel2'>Lesealter ca. <span class='rDText2'>10<\/span><span class='rDLabel2'> Jahre<\/span><\/p><p class='rDLabel2'>Das Buch wurde <span class='rDText2'>0<\/span><span class='rDLabel2'> mal gelesen.<\/span><\/p><\/td><\/tr><tr><td colspan='2'><p class='rDLabel1'>Inhalt:<\/p><span class='rDText2'>Dieses Buch nimmt uns mit auf eine Zeitreise in die Zukunft, in die Welt, in der die uns nachfolgenden Generationen leben werden. Und wir schauen uns staunend und erleichtert um: In der wundervollen Welt von morgen gibt es ausschlie\u00dflich nachhaltige Landwirtschaft, alle Ozeane und Regenw\u00e4lder sind gesch\u00fctzt, wir fahren solarbetriebene Fahrzeuge und wohnen in lebendigen Geb\u00e4uden mit vertikalen G\u00e4rten an den Au\u00dfenw\u00e4nden, die ihren Strom selber produzieren. Wir sehen eine gleichberechtigte Gesellschaft, in der alle Kinder die gleichen Bildungschancen haben, Erfolg wird an einem Gesund-und-Gl\u00fccklich-Index gemessen statt an Wirtschaftsleistung \u2013 kurz: Alle Bereiche des gesellschaftlichen Lebens sind darauf ausgerichtet, unseren Planeten zu sch\u00fctzen. Beruhigt, gl\u00fccklich und voller Tatendrang landen wir wieder in der Gegenwart. Die anerkannte Umweltsch\u00fctzerin Cindy Forde stellt Erfindungen von Menschen auf der ganzen Welt vor, die unserer Erde schon jetzt helfen. Wundervolle Welt von morgen ist ein gro\u00dfartiges, mutmachendes Buch \u00fcber eine m\u00f6gliche, nachhaltige Zukunft und dar\u00fcber, was wir heute daf\u00fcr tun m\u00fcssen, damit es so werden kann.<\/span><\/td><\/tr><tr><td colspan='2'><a href='#' onclick='history.back(); return false'>Zur\u00fcck<\/a><\/td><\/tr><\/tbody><\/table>\n","protected":false},"excerpt":{"rendered":"<p>&#8211;<\/p>\n","protected":false},"author":1,"featured_media":0,"parent":0,"menu_order":0,"comment_status":"closed","ping_status":"closed","template":"","meta":[],"_links":{"self":[{"href":"https:\/\/www.web-rr.de\/GHS-Buecherei\/index.php\/wp-json\/wp\/v2\/pages\/16990"}],"collection":[{"href":"https:\/\/www.web-rr.de\/GHS-Buecherei\/index.php\/wp-json\/wp\/v2\/pages"}],"about":[{"href":"https:\/\/www.web-rr.de\/GHS-Buecherei\/index.php\/wp-json\/wp\/v2\/types\/page"}],"author":[{"embeddable":true,"href":"https:\/\/www.web-rr.de\/GHS-Buecherei\/index.php\/wp-json\/wp\/v2\/users\/1"}],"replies":[{"embeddable":true,"href":"https:\/\/www.web-rr.de\/GHS-Buecherei\/index.php\/wp-json\/wp\/v2\/comments?post=16990"}],"version-history":[{"count":0,"href":"https:\/\/www.web-rr.de\/GHS-Buecherei\/index.php\/wp-json\/wp\/v2\/pages\/16990\/revisions"}],"wp:attachment":[{"href":"https:\/\/www.web-rr.de\/GHS-Buecherei\/index.php\/wp-json\/wp\/v2\/media?parent=16990"}],"curies":[{"name":"wp","href":"https:\/\/api.w.org\/{rel}","templated":true}]}}