{"id":16985,"date":"2021-05-21T10:00:00","date_gmt":"2021-05-21T10:00:00","guid":{"rendered":"https:\/\/www.web-rr.de\/GHS-Buecherei\/?page_id=16985"},"modified":"2021-05-21T23:00:00","modified_gmt":"2021-05-21T23:00:00","slug":"p9783985851720","status":"publish","type":"page","link":"https:\/\/www.web-rr.de\/GHS-Buecherei\/index.php\/p9783985851720\/","title":{"rendered":"Fantasie 109"},"content":{"rendered":"<table><tbody><tr><td class='rDTitel' colspan='2'>Das magische K\u00f6nigreich: Der verlorene Stein<\/td><\/tr><tr><td><span class='rDLabel1'>Status: <\/span><span class='rDText1Gruen'>vorhanden<\/span><\/td><td><span class='rDLabel1'>Antolin: <\/span><span class='rDText1Gruen'>ja, Empfehlung Klasse 3<\/span><\/td><\/tr><tr><td width=50%><img src='https:\/\/www.web-rr.de\/GHS-Buecherei\/wp-content\/uploads\/9783985851720.jpg' alt=''><\/td><td><p class='rDLabel2'>von <span class='rDText2'>Jordan Quinn und Robert McPhillips<\/span><\/p><p class='rDLabel2'>Verlag: <span class='rDText2'>adrian & wimmelbuchverlag,  2023,  9.95 \u20ac<\/span><\/p><p class='rDLabel2'>B\u00fccherei-Barcode: <span class='rDText2'>9783985851720<\/span><\/p><p class='rDLabel2'>In der B\u00fccherei erfasst am: <span class='rDText2'>11.10.2025<\/span><\/p><p class='rDLabel2'>Stichw\u00f6rter: <span class='rDText2'>Magie, Prinzen, K\u00f6nigin, Edelstein, Abenteuer, K\u00f6nigreich, Trolle, Feen, Zauberer<\/span><\/p><p class='rDLabel2'>Lesealter ca. <span class='rDText2'>7<\/span><span class='rDLabel2'> Jahre<\/span><\/p><p class='rDLabel2'>Das Buch wurde <span class='rDText2'>0<\/span><span class='rDLabel2'> mal gelesen.<\/span><\/p><\/td><\/tr><tr><td colspan='2'><p class='rDLabel1'>Inhalt:<\/p><span class='rDText2'>Die Erstlesereihe \u201eDas magische K\u00f6nigreich\u201c begleitet Lukas, den achtj\u00e4hrigen Prinzen, und Clara, die Tochter der N\u00e4herin der K\u00f6nigin. Lukas ist ein Einzelkind, das sich danach sehnt, Freunde zu finden und Abenteuer zu erleben. Clara kennt das K\u00f6nigreich gut, also schlie\u00dfen sie und Lukas sich zusammen und erkunden die L\u00e4ndereien von Zauna!\r\nIm ersten Band \u201eDer verlorene Stein\u201c suchen Lukas und Clara nach dem fehlenden Smaragd von K\u00f6nigin Tanja. K\u00f6nig Kaleb hat versprochen, denjenigen zu belohnen, der den Edelstein findet, und Lukas und Clara sind entschlossen, das gesamte K\u00f6nigreich zu durchsuchen, bis sie ihn finden! So reisen sie zu den unterschiedlichen L\u00e4ndereien von Zauna: Primhall (die Insel der Feen), Burk (die Insel der Trolle), Gipfelhorst (die Insel der Drachen), Hobshagen (die Insel der Zauberer) und die Meerjungfrauenbucht.<\/span><\/td><\/tr><tr><td colspan='2'><a href='#' onclick='history.back(); return false'>Zur\u00fcck<\/a><\/td><\/tr><\/tbody><\/table>\n","protected":false},"excerpt":{"rendered":"<p>&#8211;<\/p>\n","protected":false},"author":1,"featured_media":0,"parent":0,"menu_order":0,"comment_status":"closed","ping_status":"closed","template":"","meta":[],"_links":{"self":[{"href":"https:\/\/www.web-rr.de\/GHS-Buecherei\/index.php\/wp-json\/wp\/v2\/pages\/16985"}],"collection":[{"href":"https:\/\/www.web-rr.de\/GHS-Buecherei\/index.php\/wp-json\/wp\/v2\/pages"}],"about":[{"href":"https:\/\/www.web-rr.de\/GHS-Buecherei\/index.php\/wp-json\/wp\/v2\/types\/page"}],"author":[{"embeddable":true,"href":"https:\/\/www.web-rr.de\/GHS-Buecherei\/index.php\/wp-json\/wp\/v2\/users\/1"}],"replies":[{"embeddable":true,"href":"https:\/\/www.web-rr.de\/GHS-Buecherei\/index.php\/wp-json\/wp\/v2\/comments?post=16985"}],"version-history":[{"count":0,"href":"https:\/\/www.web-rr.de\/GHS-Buecherei\/index.php\/wp-json\/wp\/v2\/pages\/16985\/revisions"}],"wp:attachment":[{"href":"https:\/\/www.web-rr.de\/GHS-Buecherei\/index.php\/wp-json\/wp\/v2\/media?parent=16985"}],"curies":[{"name":"wp","href":"https:\/\/api.w.org\/{rel}","templated":true}]}}