{"id":16952,"date":"2021-05-21T10:00:00","date_gmt":"2021-05-21T10:00:00","guid":{"rendered":"https:\/\/www.web-rr.de\/GHS-Buecherei\/?page_id=16952"},"modified":"2021-05-21T23:00:00","modified_gmt":"2021-05-21T23:00:00","slug":"p9783967927573","status":"publish","type":"page","link":"https:\/\/www.web-rr.de\/GHS-Buecherei\/index.php\/p9783967927573\/","title":{"rendered":"Spa\u00df 45"},"content":{"rendered":"<table><tbody><tr><td class='rDTitel' colspan='2'>Unter den B\u00e4umen: Ein cooler Sommer<\/td><\/tr><tr><td><span class='rDLabel1'>Status: <\/span><span class='rDText1Gruen'>vorhanden<\/span><\/td><td><span class='rDLabel1'>Antolin: <\/span><span class='rDText1Rot'>Quiz nicht vorhanden.<\/span><\/td><\/tr><tr><td width=50%><img src='https:\/\/www.web-rr.de\/GHS-Buecherei\/wp-content\/uploads\/9783967927573.jpg' alt=''><\/td><td><p class='rDLabel2'>von <span class='rDText2'>Dav<\/span><\/p><p class='rDLabel2'>Verlag: <span class='rDText2'>Toonfisch-Verlag,  2022,  10.00 \u20ac<\/span><\/p><p class='rDLabel2'>B\u00fccherei-Barcode: <span class='rDText2'>9783967927573<\/span><\/p><p class='rDLabel2'>In der B\u00fccherei erfasst am: <span class='rDText2'>10.10.2025<\/span><\/p><p class='rDLabel2'>Stichw\u00f6rter: <span class='rDText2'>Comic, Tiere, Natur, Wald<\/span><\/p><p class='rDLabel2'>Lesealter ca. <span class='rDText2'>7<\/span><span class='rDLabel2'> Jahre<\/span><\/p><p class='rDLabel2'>Das Buch wurde <span class='rDText2'>0<\/span><span class='rDLabel2'> mal gelesen.<\/span><\/p><\/td><\/tr><tr><td colspan='2'><p class='rDLabel1'>Inhalt:<\/p><span class='rDText2'>Im Wald bringt der Wechsel der Jahreszeiten viele Ver\u00e4nderungen mit sich. Im Herbst m\u00fcssen Vorr\u00e4te angelegt und Laub zusammengekehrt werden, wobei sich nicht alle Tiere so geschickt anstellen wie Herr Grumpf, der Dachs. Im Winter ist es kalt und ungem\u00fctlich, vor allem, wenn man allein ist wie Herr Fuchs, der so gerne eine Freundin h\u00e4tte, aber so furchtbar sch\u00fcchtern ist. Der Fr\u00fchling l\u00e4sst die sch\u00f6nsten Blumen sprie\u00dfen\u2026 zu dumm, dass das kleine Wildschwein dadurch immer niesen muss, obwohl es einen Strau\u00df f\u00fcr seine Mama pfl\u00fccken will. Und im Sommer kann man endlich wieder spielen und toben, aber manche Waldtiere wie der Uhu m\u00f6chten trotzdem lieber ihre Ruhe haben. \u00bbUnter den B\u00e4umen\u00ab sind vier warmherzige Comic-Fabeln, die vom Leben der Waldtiere berichten, von ihren kleinen und gro\u00dfen Problemen und wie man sie l\u00f6sen kann. Kindgerecht erz\u00e4hlt und liebevoll illustriert vermitteln die Geschichten augenzwinkernd, dass man zu keiner Jahreszeit das L\u00e4cheln vergessen sollte. Umfasst die Comics \u00bbHerr Grumpf im Herbst\u00ab, \u00bbEin Kribbeln im Winter\u00ab, \u00bbDer erste Fr\u00fchling\u00ab und \u00bbEin cooler Sommer\u00ab, zusammengefasst in einem Sammelschuber.<\/span><\/td><\/tr><tr><td colspan='2'><a href='#' onclick='history.back(); return false'>Zur\u00fcck<\/a><\/td><\/tr><\/tbody><\/table>\n","protected":false},"excerpt":{"rendered":"<p>&#8211;<\/p>\n","protected":false},"author":1,"featured_media":0,"parent":0,"menu_order":0,"comment_status":"closed","ping_status":"closed","template":"","meta":[],"_links":{"self":[{"href":"https:\/\/www.web-rr.de\/GHS-Buecherei\/index.php\/wp-json\/wp\/v2\/pages\/16952"}],"collection":[{"href":"https:\/\/www.web-rr.de\/GHS-Buecherei\/index.php\/wp-json\/wp\/v2\/pages"}],"about":[{"href":"https:\/\/www.web-rr.de\/GHS-Buecherei\/index.php\/wp-json\/wp\/v2\/types\/page"}],"author":[{"embeddable":true,"href":"https:\/\/www.web-rr.de\/GHS-Buecherei\/index.php\/wp-json\/wp\/v2\/users\/1"}],"replies":[{"embeddable":true,"href":"https:\/\/www.web-rr.de\/GHS-Buecherei\/index.php\/wp-json\/wp\/v2\/comments?post=16952"}],"version-history":[{"count":0,"href":"https:\/\/www.web-rr.de\/GHS-Buecherei\/index.php\/wp-json\/wp\/v2\/pages\/16952\/revisions"}],"wp:attachment":[{"href":"https:\/\/www.web-rr.de\/GHS-Buecherei\/index.php\/wp-json\/wp\/v2\/media?parent=16952"}],"curies":[{"name":"wp","href":"https:\/\/api.w.org\/{rel}","templated":true}]}}