{"id":16930,"date":"2021-05-21T10:00:00","date_gmt":"2021-05-21T10:00:00","guid":{"rendered":"https:\/\/www.web-rr.de\/GHS-Buecherei\/?page_id=16930"},"modified":"2021-05-21T23:00:00","modified_gmt":"2021-05-21T23:00:00","slug":"p9783792003831","status":"publish","type":"page","link":"https:\/\/www.web-rr.de\/GHS-Buecherei\/index.php\/p9783792003831\/","title":{"rendered":"Kunst 34"},"content":{"rendered":"<table><tbody><tr><td class='rDTitel' colspan='2'>Wie rettet man Kunst?<\/td><\/tr><tr><td><span class='rDLabel1'>Status: <\/span><span class='rDText1Gruen'>vorhanden<\/span><\/td><td><span class='rDLabel1'>Antolin: <\/span><span class='rDText1Gruen'>ja, Empfehlung Klasse 5<\/span><\/td><\/tr><tr><td width=50%><img src='https:\/\/www.web-rr.de\/GHS-Buecherei\/wp-content\/uploads\/9783792003831.jpg' alt=''><\/td><td><p class='rDLabel2'>von <span class='rDText2'>Fabienne Meyer, Sibylle Wulff<\/span><\/p><p class='rDLabel2'>Verlag: <span class='rDText2'>Karl Rauch Verlag GmbH & Co. KG,  2023,  30.00 \u20ac<\/span><\/p><p class='rDLabel2'>B\u00fccherei-Barcode: <span class='rDText2'>9783792003831<\/span><\/p><p class='rDLabel2'>In der B\u00fccherei erfasst am: <span class='rDText2'>27.09.2025<\/span><\/p><p class='rDLabel2'>Stichw\u00f6rter: <span class='rDText2'>Restaurierung, Restaurator, Kunstwerke, Materialkunde, Sch\u00e4dlingen, Schadstoffen, Gem\u00e4lde<\/span><\/p><p class='rDLabel2'>Lesealter ca. <span class='rDText2'>9<\/span><span class='rDLabel2'> Jahre<\/span><\/p><p class='rDLabel2'>Das Buch wurde <span class='rDText2'>0<\/span><span class='rDLabel2'> mal gelesen.<\/span><\/p><\/td><\/tr><tr><td colspan='2'><p class='rDLabel1'>Inhalt:<\/p><span class='rDText2'>\u00dcber Geheimnisse, Gefahren und Restaurierungsarbeiten.\r\nKunstwerke sind einmalig und unersetzlich\r\nKeine Kopie ist so gut wie das Original, denn sie bleibt meistens seelenlos. Dabei sind sie von allen Seiten Gefahren ausgesetzt: gefr\u00e4\u00dfige Insekten, Pilze, Licht, Menschen und vieles andere setzt ihnen zu. Die Retter und Besch\u00fctzer der Kunst sind Restaurator*innen. Mit welchen Methoden alte und moderne Kunst entschl\u00fcsselt und erhalten werden kann, was dabei ber\u00fccksichtigt werden muss und was einem Kunstwerk alles widerfahren kann \u2013 davon berichten die Restauratorinnen Fabienne Meyer und Sibylle Wulff im Team mit der Illustratorin Martina Leykamm. Ein informatives und virtuos illustriertes Buch, das den Blick auf und den Umgang mit Kunstwerken ver\u00e4ndert. Denn indem wir Kunst erhalten, erhalten wir auch das Ged\u00e4chtnis der Menschheit!\r\nNominiert zum Wissenschaftsbuch des Jahres\r\nNominiert f\u00fcr den Deutsch-Franz\u00f6sischen Jugendliteraturpreis\r\nAus dem Inhalt\r\nKunstwerke untersuchen \u2013 Geheimnisse l\u00fcften\r\nDas Restaurierungsatelier\r\nMaterialkunde\r\nWelche Geheimnisse verbirgt ein Papier?\r\nWie ist eine Holzskulptur aufgebaut?\r\nVergoldungstechniken\r\nZeitgen\u00f6ssische Kunst\r\nEine Ausstellung wird organisiert\r\nVon Sch\u00e4dlingen, Schadstoffen und anderen Gefahren\r\nSchritt f\u00fcr Schritt ein Gem\u00e4lde restaurieren<\/span><\/td><\/tr><tr><td colspan='2'><a href='#' onclick='history.back(); return false'>Zur\u00fcck<\/a><\/td><\/tr><\/tbody><\/table>\n","protected":false},"excerpt":{"rendered":"<p>&#8211;<\/p>\n","protected":false},"author":1,"featured_media":0,"parent":0,"menu_order":0,"comment_status":"closed","ping_status":"closed","template":"","meta":[],"_links":{"self":[{"href":"https:\/\/www.web-rr.de\/GHS-Buecherei\/index.php\/wp-json\/wp\/v2\/pages\/16930"}],"collection":[{"href":"https:\/\/www.web-rr.de\/GHS-Buecherei\/index.php\/wp-json\/wp\/v2\/pages"}],"about":[{"href":"https:\/\/www.web-rr.de\/GHS-Buecherei\/index.php\/wp-json\/wp\/v2\/types\/page"}],"author":[{"embeddable":true,"href":"https:\/\/www.web-rr.de\/GHS-Buecherei\/index.php\/wp-json\/wp\/v2\/users\/1"}],"replies":[{"embeddable":true,"href":"https:\/\/www.web-rr.de\/GHS-Buecherei\/index.php\/wp-json\/wp\/v2\/comments?post=16930"}],"version-history":[{"count":0,"href":"https:\/\/www.web-rr.de\/GHS-Buecherei\/index.php\/wp-json\/wp\/v2\/pages\/16930\/revisions"}],"wp:attachment":[{"href":"https:\/\/www.web-rr.de\/GHS-Buecherei\/index.php\/wp-json\/wp\/v2\/media?parent=16930"}],"curies":[{"name":"wp","href":"https:\/\/api.w.org\/{rel}","templated":true}]}}