{"id":16927,"date":"2021-05-21T10:00:00","date_gmt":"2021-05-21T10:00:00","guid":{"rendered":"https:\/\/www.web-rr.de\/GHS-Buecherei\/?page_id=16927"},"modified":"2021-05-21T23:00:00","modified_gmt":"2021-05-21T23:00:00","slug":"p9783865024954","status":"publish","type":"page","link":"https:\/\/www.web-rr.de\/GHS-Buecherei\/index.php\/p9783865024954\/","title":{"rendered":"Natur &#8211; Lexika 42"},"content":{"rendered":"<table><tbody><tr><td class='rDTitel' colspan='2'>Von Ameise bis Wombat: Tierisch geniale Bautricks f\u00fcr unsere Zukunft<\/td><\/tr><tr><td><span class='rDLabel1'>Status: <\/span><span class='rDText1Gruen'>vorhanden<\/span><\/td><td><span class='rDLabel1'>Antolin: <\/span><span class='rDText1Gruen'>ja, Empfehlung Klasse 4<\/span><\/td><\/tr><tr><td width=50%><img src='https:\/\/www.web-rr.de\/GHS-Buecherei\/wp-content\/uploads\/9783865024954.jpg' alt=''><\/td><td><p class='rDLabel2'>von <span class='rDText2'>Christiane Dorion<\/span><\/p><p class='rDLabel2'>Verlag: <span class='rDText2'>E.A. Seemann Henschel GmbH & Co. KG,  2023,  22.95 \u20ac<\/span><\/p><p class='rDLabel2'>B\u00fccherei-Barcode: <span class='rDText2'>9783865024954<\/span><\/p><p class='rDLabel2'>In der B\u00fccherei erfasst am: <span class='rDText2'>27.09.2025<\/span><\/p><p class='rDLabel2'>Stichw\u00f6rter: <span class='rDText2'>Architekten, Baukunst, Techniken, Bautricks, Biber, Termite, Beutelmeise, Korallenpolyp<\/span><\/p><p class='rDLabel2'>Lesealter ca. <span class='rDText2'>8<\/span><span class='rDLabel2'> Jahre<\/span><\/p><p class='rDLabel2'>Das Buch wurde <span class='rDText2'>0<\/span><span class='rDLabel2'> mal gelesen.<\/span><\/p><\/td><\/tr><tr><td colspan='2'><p class='rDLabel1'>Inhalt:<\/p><span class='rDText2'>Tiere, die Stararchitekten in den Schatten stellen\r\nOb Wasserd\u00e4mme, Hochh\u00e4user oder ein erdbebensicheres Olympiastadion \u2013 die Menschen lassen sich seit jeher von der spektakul\u00e4ren Baukunst der Tiere inspirieren. Dieses hinrei\u00dfend illustrierte Buch stellt uns die tierischen Architekten und ihre Techniken vor. Und es zeigt, wie Ideen aus der Natur helfen k\u00f6nnen, unsere Zukunft zu gestalten. Was verr\u00e4t uns die Hornisse \u00fcber umweltfreundliche Solarkraft und was k\u00f6nnen uns Termiten \u00fcber Klimaanlagen beibringen? Hier k\u00f6nnen auch Erwachsene noch etwas lernen!\r\ngeniale Bautricks von Biber, Termite und Beutelmeise\r\nmit Infos zu Nachhaltigkeit, Umweltschutz und Artenvielfalt\r\nwitzig und fachkundig von WWF-P\u00e4dagogin erkl\u00e4rt\r\nwie der Korallenpolyp uns hilft, umweltfreundlichen Beton herzustellen\r\nwas wir von der Ameise \u00fcber die Vernetzung von Computern und Robotern lernen k\u00f6nnen\r\nVon der Natur inspirierte Baukunst\r\nUnterhaltsam und bunt pr\u00e4sentiert dieses Kindersachbuch die innovativen Techniken, Formen und Materialien, mit denen S\u00e4ugetiere, V\u00f6gel, Insekten und Meereslebewesen ihre H\u00e4user bauen oder sich wahnsinnig effektiv an ihre Umwelt anpassen. Es zeigt spielerisch, wie die Menschen seit Jahrhunderten Ideen aus der Tierwelt nachahmen, um bessere H\u00e4user, St\u00e4dte, Br\u00fccken oder Stra\u00dfen zu bauen. Von den konstruktionsverst\u00e4rkenden Wabenformen der Bienen bis hin zu umweltfreundlichen Verpackungen von Vogel, Frosch und Schmetterling \u2013 diese Lebewesen haben es zuerst erfunden! Dass der Ideenklau auch f\u00fcr unsere Zukunft \u00e4u\u00dferst bedeutsam sein kann, ist ein weiterer Aspekt dieses vor Rekorden nur so strotzenden Buches. \u00dcber die widerstandsf\u00e4higsten Panzer, die flexibelsten F\u00e4den und den klebrigsten Leim aus der Tierwelt l\u00e4sst sich bei dieser Gelegenheit hervorragend staunen.<\/span><\/td><\/tr><tr><td colspan='2'><a href='#' onclick='history.back(); return false'>Zur\u00fcck<\/a><\/td><\/tr><\/tbody><\/table>\n","protected":false},"excerpt":{"rendered":"<p>&#8211;<\/p>\n","protected":false},"author":1,"featured_media":0,"parent":0,"menu_order":0,"comment_status":"closed","ping_status":"closed","template":"","meta":[],"_links":{"self":[{"href":"https:\/\/www.web-rr.de\/GHS-Buecherei\/index.php\/wp-json\/wp\/v2\/pages\/16927"}],"collection":[{"href":"https:\/\/www.web-rr.de\/GHS-Buecherei\/index.php\/wp-json\/wp\/v2\/pages"}],"about":[{"href":"https:\/\/www.web-rr.de\/GHS-Buecherei\/index.php\/wp-json\/wp\/v2\/types\/page"}],"author":[{"embeddable":true,"href":"https:\/\/www.web-rr.de\/GHS-Buecherei\/index.php\/wp-json\/wp\/v2\/users\/1"}],"replies":[{"embeddable":true,"href":"https:\/\/www.web-rr.de\/GHS-Buecherei\/index.php\/wp-json\/wp\/v2\/comments?post=16927"}],"version-history":[{"count":0,"href":"https:\/\/www.web-rr.de\/GHS-Buecherei\/index.php\/wp-json\/wp\/v2\/pages\/16927\/revisions"}],"wp:attachment":[{"href":"https:\/\/www.web-rr.de\/GHS-Buecherei\/index.php\/wp-json\/wp\/v2\/media?parent=16927"}],"curies":[{"name":"wp","href":"https:\/\/api.w.org\/{rel}","templated":true}]}}