{"id":16926,"date":"2021-05-21T10:00:00","date_gmt":"2021-05-21T10:00:00","guid":{"rendered":"https:\/\/www.web-rr.de\/GHS-Buecherei\/?page_id=16926"},"modified":"2021-05-21T23:00:00","modified_gmt":"2021-05-21T23:00:00","slug":"p9783964552884","status":"publish","type":"page","link":"https:\/\/www.web-rr.de\/GHS-Buecherei\/index.php\/p9783964552884\/","title":{"rendered":"Technik &#8211; Experimente 17"},"content":{"rendered":"<table><tbody><tr><td class='rDTitel' colspan='2'>Das gro\u00dfe Buch der Experimente<\/td><\/tr><tr><td><span class='rDLabel1'>Status: <\/span><span class='rDText1Gruen'>vorhanden<\/span><\/td><td><span class='rDLabel1'>Antolin: <\/span><span class='rDText1Rot'>Quiz nicht vorhanden.<\/span><\/td><\/tr><tr><td width=50%><img src='https:\/\/www.web-rr.de\/GHS-Buecherei\/wp-content\/uploads\/9783964552884.jpg' alt=''><\/td><td><p class='rDLabel2'>von <span class='rDText2'>Jonny Berliner, Dr. Kate Luckett<\/span><\/p><p class='rDLabel2'>Verlag: <span class='rDText2'>moses. Verlag,  2023,  19.95 \u20ac<\/span><\/p><p class='rDLabel2'>B\u00fccherei-Barcode: <span class='rDText2'>9783964552884<\/span><\/p><p class='rDLabel2'>In der B\u00fccherei erfasst am: <span class='rDText2'>27.09.2025<\/span><\/p><p class='rDLabel2'>Stichw\u00f6rter: <span class='rDText2'>Technik, Naturwissenschaft, Experimente, Forscher<\/span><\/p><p class='rDLabel2'>Lesealter ca. <span class='rDText2'>8<\/span><span class='rDLabel2'> Jahre<\/span><\/p><p class='rDLabel2'>Das Buch wurde <span class='rDText2'>0<\/span><span class='rDLabel2'> mal gelesen.<\/span><\/p><\/td><\/tr><tr><td colspan='2'><p class='rDLabel1'>Inhalt:<\/p><span class='rDText2'>Herzlich willkommen in der spannenden und gro\u00dfartigen Welt der Technik und Naturwissenschaft!\r\nSeit jeher streben Menschen danach, die Geheimnisse unserer Welt zu enth\u00fcllen. Heutzutage erm\u00f6glicht uns moderne Technologie tiefgreifende Forschungen, die fr\u00fcher undenkbar waren. In diesem au\u00dfergew\u00f6hnlichen Wissensbuch aus der beliebten Ph\u00e4noMINT-Reihe aus dem moses. Verlag begeben sich kleine Naturforscher auf eine abenteuerliche Reise durch spannende naturwissenschaftliche und technische Experimente. Dabei erleben sie nicht nur spektakul\u00e4re Momente, sondern werden auch zum Nachdenken angeregt. So machen Naturwissenschaften Spa\u00df!\r\nAuf \u00fcber 250 liebevoll gestalteten Seiten finden junge Forscher spannende Experimente mit kindgerechten Anleitungen und interessanten Hintergrundinformationen. Die vielf\u00e4ltigen Experimente sind nicht nur spektakul\u00e4r, sondern regen durch gezielte Tipps und Hinweise dazu an, es leicht zu ver\u00e4ndern, weiterzuforschen und eigene Erfahrungen zu sammeln. Spielerisch verbindet das XL-Experimente Buch Wissenschaft mit technischem Grundwissen und f\u00fchrt Kinder Schritt f\u00fcr Schritt an die verschiedenen Themen heran. Dabei finden sie unter Anderem heraus, was eine Sonnenuhr mit der Erdrotation zu tun hat, wie ein Luftkissenfahrzeug funktioniert, wie ein Tornado entsteht, wie man eine rasend schnelle Achterbahn konstruiert und vieles mehr. Jedes Experiment wird ausf\u00fchrlich erkl\u00e4rt, mit Bez\u00fcgen zur realen Welt erg\u00e4nzt und auf den ansprechend gestalteten Seiten kindgerecht pr\u00e4sentiert.<\/span><\/td><\/tr><tr><td colspan='2'><a href='#' onclick='history.back(); return false'>Zur\u00fcck<\/a><\/td><\/tr><\/tbody><\/table>\n","protected":false},"excerpt":{"rendered":"<p>&#8211;<\/p>\n","protected":false},"author":1,"featured_media":0,"parent":0,"menu_order":0,"comment_status":"closed","ping_status":"closed","template":"","meta":[],"_links":{"self":[{"href":"https:\/\/www.web-rr.de\/GHS-Buecherei\/index.php\/wp-json\/wp\/v2\/pages\/16926"}],"collection":[{"href":"https:\/\/www.web-rr.de\/GHS-Buecherei\/index.php\/wp-json\/wp\/v2\/pages"}],"about":[{"href":"https:\/\/www.web-rr.de\/GHS-Buecherei\/index.php\/wp-json\/wp\/v2\/types\/page"}],"author":[{"embeddable":true,"href":"https:\/\/www.web-rr.de\/GHS-Buecherei\/index.php\/wp-json\/wp\/v2\/users\/1"}],"replies":[{"embeddable":true,"href":"https:\/\/www.web-rr.de\/GHS-Buecherei\/index.php\/wp-json\/wp\/v2\/comments?post=16926"}],"version-history":[{"count":0,"href":"https:\/\/www.web-rr.de\/GHS-Buecherei\/index.php\/wp-json\/wp\/v2\/pages\/16926\/revisions"}],"wp:attachment":[{"href":"https:\/\/www.web-rr.de\/GHS-Buecherei\/index.php\/wp-json\/wp\/v2\/media?parent=16926"}],"curies":[{"name":"wp","href":"https:\/\/api.w.org\/{rel}","templated":true}]}}