{"id":16916,"date":"2021-05-21T10:00:00","date_gmt":"2021-05-21T10:00:00","guid":{"rendered":"https:\/\/www.web-rr.de\/GHS-Buecherei\/?page_id=16916"},"modified":"2021-05-21T23:00:00","modified_gmt":"2021-05-21T23:00:00","slug":"p9783414826732","status":"publish","type":"page","link":"https:\/\/www.web-rr.de\/GHS-Buecherei\/index.php\/p9783414826732\/","title":{"rendered":"Natur &#8211; Lexika 39"},"content":{"rendered":"<table><tbody><tr><td class='rDTitel' colspan='2'>Wir sind die Tiere dieser Welt<\/td><\/tr><tr><td><span class='rDLabel1'>Status: <\/span><span class='rDText1Gruen'>vorhanden<\/span><\/td><td><span class='rDLabel1'>Antolin: <\/span><span class='rDText1Gruen'>ja, Empfehlung Klasse 4<\/span><\/td><\/tr><tr><td width=50%><img src='https:\/\/www.web-rr.de\/GHS-Buecherei\/wp-content\/uploads\/9783414826732.jpg' alt=''><\/td><td><p class='rDLabel2'>von <span class='rDText2'>Sophie Schoenwald<\/span><\/p><p class='rDLabel2'>Verlag: <span class='rDText2'>Baumhaus,  2023,  20.00 \u20ac<\/span><\/p><p class='rDLabel2'>B\u00fccherei-Barcode: <span class='rDText2'>9783414826732<\/span><\/p><p class='rDLabel2'>In der B\u00fccherei erfasst am: <span class='rDText2'>25.09.2025<\/span><\/p><p class='rDLabel2'>Stichw\u00f6rter: <span class='rDText2'>Tierwelt, Meer, Berge, Fauna<\/span><\/p><p class='rDLabel2'>Lesealter ca. <span class='rDText2'>9<\/span><span class='rDLabel2'> Jahre<\/span><\/p><p class='rDLabel2'>Das Buch wurde <span class='rDText2'>0<\/span><span class='rDLabel2'> mal gelesen.<\/span><\/p><\/td><\/tr><tr><td colspan='2'><p class='rDLabel1'>Inhalt:<\/p><span class='rDText2'>Das gro\u00dfe Tier-Lexikon der Unterscheide und Gemeinsamkeiten\r\nLustig und informativ: Hier kannst du staunen, lachen und stundenlang darin bl\u00e4ttern!\r\nWas haben ein Gepard und ein Wanderfalke gemeinsam? Sie sind beide unglaublich schnell! Und was unterscheidet die Eintagsfliege vom Gr\u00f6nlandhai? Der Gr\u00f6nlandhai kann bis zu vierhundert Jahre alt werden, w\u00e4hrend die Eintagsfliege ... na ja, du kannst es dir denken. Entdecke in vielen lustigen Reimen die Gemeinsamkeiten und Unterschiede der wundersamen Fauna unserer Erde. Von Tieren mit Schn\u00e4beln und solchen mit M\u00e4ulern. Von Tieren, die im Meer leben, und anderen, die in den Bergen hausen. Und von Tieren, die laut br\u00fcllen, und welchen, die melodisch tr\u00e4llern. Mach dich bereit, unsere Tierwelt auf eine ganz neue Art zu entdecken!<\/span><\/td><\/tr><tr><td colspan='2'><a href='#' onclick='history.back(); return false'>Zur\u00fcck<\/a><\/td><\/tr><\/tbody><\/table>\n","protected":false},"excerpt":{"rendered":"<p>&#8211;<\/p>\n","protected":false},"author":1,"featured_media":0,"parent":0,"menu_order":0,"comment_status":"closed","ping_status":"closed","template":"","meta":[],"_links":{"self":[{"href":"https:\/\/www.web-rr.de\/GHS-Buecherei\/index.php\/wp-json\/wp\/v2\/pages\/16916"}],"collection":[{"href":"https:\/\/www.web-rr.de\/GHS-Buecherei\/index.php\/wp-json\/wp\/v2\/pages"}],"about":[{"href":"https:\/\/www.web-rr.de\/GHS-Buecherei\/index.php\/wp-json\/wp\/v2\/types\/page"}],"author":[{"embeddable":true,"href":"https:\/\/www.web-rr.de\/GHS-Buecherei\/index.php\/wp-json\/wp\/v2\/users\/1"}],"replies":[{"embeddable":true,"href":"https:\/\/www.web-rr.de\/GHS-Buecherei\/index.php\/wp-json\/wp\/v2\/comments?post=16916"}],"version-history":[{"count":0,"href":"https:\/\/www.web-rr.de\/GHS-Buecherei\/index.php\/wp-json\/wp\/v2\/pages\/16916\/revisions"}],"wp:attachment":[{"href":"https:\/\/www.web-rr.de\/GHS-Buecherei\/index.php\/wp-json\/wp\/v2\/media?parent=16916"}],"curies":[{"name":"wp","href":"https:\/\/api.w.org\/{rel}","templated":true}]}}