{"id":16909,"date":"2021-05-21T10:00:00","date_gmt":"2021-05-21T10:00:00","guid":{"rendered":"https:\/\/www.web-rr.de\/GHS-Buecherei\/?page_id=16909"},"modified":"2021-05-21T23:00:00","modified_gmt":"2021-05-21T23:00:00","slug":"p9783522460156","status":"publish","type":"page","link":"https:\/\/www.web-rr.de\/GHS-Buecherei\/index.php\/p9783522460156\/","title":{"rendered":"Bilderbuch B-99"},"content":{"rendered":"<table><tbody><tr><td class='rDTitel' colspan='2'>Elmar und das Geschenk<\/td><\/tr><tr><td><span class='rDLabel1'>Status: <\/span><span class='rDText1Gruen'>vorhanden<\/span><\/td><td><span class='rDLabel1'>Antolin: <\/span><span class='rDText1Gruen'>ja, Empfehlung Klasse 1<\/span><\/td><\/tr><tr><td width=50%><img src='https:\/\/www.web-rr.de\/GHS-Buecherei\/wp-content\/uploads\/9783522460156.jpg' alt=''><\/td><td><p class='rDLabel2'>von <span class='rDText2'>David Mckee<\/span><\/p><p class='rDLabel2'>Verlag: <span class='rDText2'>Thienemann in der Thienemann-Esslinger Verlag GmbH,  2023,  15.00 \u20ac<\/span><\/p><p class='rDLabel2'>B\u00fccherei-Barcode: <span class='rDText2'>9783522460156<\/span><\/p><p class='rDLabel2'>In der B\u00fccherei erfasst am: <span class='rDText2'>23.09.2025<\/span><\/p><p class='rDLabel2'>Stichw\u00f6rter: <span class='rDText2'>Akzeptanz, Verst\u00e4ndnis, Toleranz, Humor, Verwandte, Freunde<\/span><\/p><p class='rDLabel2'>Lesealter ca. <span class='rDText2'>6<\/span><span class='rDLabel2'> Jahre<\/span><\/p><p class='rDLabel2'>Das Buch wurde <span class='rDText2'>0<\/span><span class='rDLabel2'> mal gelesen.<\/span><\/p><\/td><\/tr><tr><td colspan='2'><p class='rDLabel1'>Inhalt:<\/p><span class='rDText2'>Eine neue fr\u00f6hliche Bilderbuch-Geschichte zum Vorlesen mit dem bunt karierten Elefanten und der liebenswerten Tante Thea, die ein bisschen vergesslich ist:\r\n\"Elmar, Tante Thea sucht dich!\", rufen die Tiere im Urwald. \"Sie m\u00f6chte dir etwas geben.\" Ein Geschenk? Aber es ist doch gar nicht Elmars Geburtstag und Weihnachten schon gar nicht! Aber vielleicht ist Tante Thea ein bisschen durcheinander, denkt Elmar. Gemeinsam mit seiner Freundin Rosa macht Elmar sich auf die Suche nach seiner Tante ...\r\nElmar ist ein ganz besonderer Elefant: kein bisschen elefantenfarben, sondern bunt kariert! Elmar ist anders \u2013 und das ist gut so! In seinen Geschichten zeigt er Kindern, wie sch\u00f6n es ist, dass nicht alle Menschen und Tiere gleich sind. Mit Elmar hat David McKee unvergessliche, wertvolle Bilderb\u00fccher \u00fcber Themen wie Akzeptanz, Verst\u00e4ndnis und Toleranz geschaffen \u2013 ganz ohne erhobenen Zeigefinger. Und deshalb geh\u00f6rt der kunterbunte Bilderbuchheld mit seinen lustigen Streichen in jedes Kinderzimmer.<\/span><\/td><\/tr><tr><td colspan='2'><a href='#' onclick='history.back(); return false'>Zur\u00fcck<\/a><\/td><\/tr><\/tbody><\/table>\n","protected":false},"excerpt":{"rendered":"<p>&#8211;<\/p>\n","protected":false},"author":1,"featured_media":0,"parent":0,"menu_order":0,"comment_status":"closed","ping_status":"closed","template":"","meta":[],"_links":{"self":[{"href":"https:\/\/www.web-rr.de\/GHS-Buecherei\/index.php\/wp-json\/wp\/v2\/pages\/16909"}],"collection":[{"href":"https:\/\/www.web-rr.de\/GHS-Buecherei\/index.php\/wp-json\/wp\/v2\/pages"}],"about":[{"href":"https:\/\/www.web-rr.de\/GHS-Buecherei\/index.php\/wp-json\/wp\/v2\/types\/page"}],"author":[{"embeddable":true,"href":"https:\/\/www.web-rr.de\/GHS-Buecherei\/index.php\/wp-json\/wp\/v2\/users\/1"}],"replies":[{"embeddable":true,"href":"https:\/\/www.web-rr.de\/GHS-Buecherei\/index.php\/wp-json\/wp\/v2\/comments?post=16909"}],"version-history":[{"count":0,"href":"https:\/\/www.web-rr.de\/GHS-Buecherei\/index.php\/wp-json\/wp\/v2\/pages\/16909\/revisions"}],"wp:attachment":[{"href":"https:\/\/www.web-rr.de\/GHS-Buecherei\/index.php\/wp-json\/wp\/v2\/media?parent=16909"}],"curies":[{"name":"wp","href":"https:\/\/api.w.org\/{rel}","templated":true}]}}