{"id":16897,"date":"2021-05-21T10:00:00","date_gmt":"2021-05-21T10:00:00","guid":{"rendered":"https:\/\/www.web-rr.de\/GHS-Buecherei\/?page_id=16897"},"modified":"2021-05-21T23:00:00","modified_gmt":"2021-05-21T23:00:00","slug":"p9783328301622","status":"publish","type":"page","link":"https:\/\/www.web-rr.de\/GHS-Buecherei\/index.php\/p9783328301622\/","title":{"rendered":"Dahl 06"},"content":{"rendered":"<table><tbody><tr><td class='rDTitel' colspan='2'>Danny, der Weltmeister<\/td><\/tr><tr><td><span class='rDLabel1'>Status: <\/span><span class='rDText1Gruen'>vorhanden<\/span><\/td><td><span class='rDLabel1'>Antolin: <\/span><span class='rDText1Gruen'>ja, Empfehlung Klasse 4<\/span><\/td><\/tr><tr><td width=50%><img src='https:\/\/www.web-rr.de\/GHS-Buecherei\/wp-content\/uploads\/9783328301622.jpg' alt=''><\/td><td><p class='rDLabel2'>von <span class='rDText2'>Roald Dahl , Quentin Blake<\/span><\/p><p class='rDLabel2'>Verlag: <span class='rDText2'>Penguin Junior,  2023,  18.00 \u20ac<\/span><\/p><p class='rDLabel2'>B\u00fccherei-Barcode: <span class='rDText2'>9783328301622<\/span><\/p><p class='rDLabel2'>In der B\u00fccherei erfasst am: <span class='rDText2'>18.09.2025<\/span><\/p><p class='rDLabel2'>Stichw\u00f6rter: <span class='rDText2'>Familie, Spannung, Lustig, Abenteuer<\/span><\/p><p class='rDLabel2'>Lesealter ca. <span class='rDText2'>8<\/span><span class='rDLabel2'> Jahre<\/span><\/p><p class='rDLabel2'>Das Buch wurde <span class='rDText2'>0<\/span><span class='rDLabel2'> mal gelesen.<\/span><\/p><\/td><\/tr><tr><td colspan='2'><p class='rDLabel1'>Inhalt:<\/p><span class='rDText2'>Der fantastische Fasanentrick\r\n\u00bbAls ich vier Monate alt war, starb meine Mutter pl\u00f6tzlich und mein Vater musste jetzt ganz allein auf mich aufpassen. Das war keine einfache Aufgabe, vor allem weil er gleichzeitig an seiner Tankstelle unseren Lebensunterhalt verdienen musste. Aber meinem Vater machte das nichts aus. Ich glaube, dass er all die Liebe, die er f\u00fcr meine Mutter empfunden hatte, solange sie lebte, nun mir schenkte. Nicht einen Moment lang war ich ungl\u00fccklich oder krank in meiner Kindheit.\u00ab\r\nDanny lebt in einem kleinen Wohnwagen zusammen mit seinem Vater \u2013 dem gro\u00dfartigsten und wunderbarsten Vater, den man sich nur vorstellen kann. Die L\u00e4ndereien rund herum geh\u00f6ren alle dem unfassbar reichen und unfassbar fiesen Gesch\u00e4ftsmann Victor Hazell. Eines Tages schmieden Danny und sein Vater einen grandiosen Plan, wie sie dem gierigen Geldsack Hazell eine Lektion erteilen k\u00f6nnen. Wenn sie dabei nur nicht erwischt werden!<\/span><\/td><\/tr><tr><td colspan='2'><a href='#' onclick='history.back(); return false'>Zur\u00fcck<\/a><\/td><\/tr><\/tbody><\/table>\n","protected":false},"excerpt":{"rendered":"<p>&#8211;<\/p>\n","protected":false},"author":1,"featured_media":0,"parent":0,"menu_order":0,"comment_status":"closed","ping_status":"closed","template":"","meta":[],"_links":{"self":[{"href":"https:\/\/www.web-rr.de\/GHS-Buecherei\/index.php\/wp-json\/wp\/v2\/pages\/16897"}],"collection":[{"href":"https:\/\/www.web-rr.de\/GHS-Buecherei\/index.php\/wp-json\/wp\/v2\/pages"}],"about":[{"href":"https:\/\/www.web-rr.de\/GHS-Buecherei\/index.php\/wp-json\/wp\/v2\/types\/page"}],"author":[{"embeddable":true,"href":"https:\/\/www.web-rr.de\/GHS-Buecherei\/index.php\/wp-json\/wp\/v2\/users\/1"}],"replies":[{"embeddable":true,"href":"https:\/\/www.web-rr.de\/GHS-Buecherei\/index.php\/wp-json\/wp\/v2\/comments?post=16897"}],"version-history":[{"count":0,"href":"https:\/\/www.web-rr.de\/GHS-Buecherei\/index.php\/wp-json\/wp\/v2\/pages\/16897\/revisions"}],"wp:attachment":[{"href":"https:\/\/www.web-rr.de\/GHS-Buecherei\/index.php\/wp-json\/wp\/v2\/media?parent=16897"}],"curies":[{"name":"wp","href":"https:\/\/api.w.org\/{rel}","templated":true}]}}