{"id":16878,"date":"2021-05-21T10:00:00","date_gmt":"2021-05-21T10:00:00","guid":{"rendered":"https:\/\/www.web-rr.de\/GHS-Buecherei\/?page_id=16878"},"modified":"2021-05-21T23:00:00","modified_gmt":"2021-05-21T23:00:00","slug":"p9783948877392","status":"publish","type":"page","link":"https:\/\/www.web-rr.de\/GHS-Buecherei\/index.php\/p9783948877392\/","title":{"rendered":"Weihnachten 86"},"content":{"rendered":"<table><tbody><tr><td class='rDTitel' colspan='2'>Kolfinnas Traum: Ein Pony vor dem Weihnachtsschlitten<\/td><\/tr><tr><td><span class='rDLabel1'>Status: <\/span><span class='rDText1Gruen'>vorhanden<\/span><\/td><td><span class='rDLabel1'>Antolin: <\/span><span class='rDText1Gruen'>ja, Empfehlung Klasse 5<\/span><\/td><\/tr><tr><td width=50%><img src='https:\/\/www.web-rr.de\/GHS-Buecherei\/wp-content\/uploads\/9783948877392.jpg' alt=''><\/td><td><p class='rDLabel2'>von <span class='rDText2'>Lilja Hindahl und Sanna Wandtke<\/span><\/p><p class='rDLabel2'>Verlag: <span class='rDText2'>CalmeMara Verlag,  2023,  25.00 \u20ac<\/span><\/p><p class='rDLabel2'>B\u00fccherei-Barcode: <span class='rDText2'>9783948877392<\/span><\/p><p class='rDLabel2'>In der B\u00fccherei erfasst am: <span class='rDText2'>16.09.2025<\/span><\/p><p class='rDLabel2'>Stichw\u00f6rter: <span class='rDText2'>Pony, Rentiere, Weihnachtsschlitten<\/span><\/p><p class='rDLabel2'>Lesealter ca. <span class='rDText2'>9<\/span><span class='rDLabel2'> Jahre<\/span><\/p><p class='rDLabel2'>Das Buch wurde <span class='rDText2'>0<\/span><span class='rDLabel2'> mal gelesen.<\/span><\/p><\/td><\/tr><tr><td colspan='2'><p class='rDLabel1'>Inhalt:<\/p><span class='rDText2'>Die junge Islandponystute Kolfinna tr\u00e4umt vom Fliegen, seit sie denken kann. Als sie von den fliegenden Rentieren des Weihnachtsmannes erf\u00e4hrt, begibt sie sich kurzentschlossen ins Weihnachtsreich. Dort darf sie tats\u00e4chlich Flugstunden nehmen! Doch die Rentiere sind alles andere als begeistert von Kolfinnas Pl\u00e4nen. Die Pl\u00e4tze vor dem Weihnachtsschlitten sind hart umk\u00e4mpft und sie versuchen mit allen Mitteln, Kolfinna aufzuhalten. Bald ist ihr Traum in gro\u00dfer Gefahr. Nur Rentier Schneeflocke und Trollfrau Yuma stehen Kolfinna zur Seite. Gemeinsam fassen sie einen hochgeheimen und gef\u00e4hrlichen Plan. Wird ihr fester Glaube an das Unvorstellbare daf\u00fcr sorgen, dass Kolfinnas Herzenswunsch in Erf\u00fcllung geht?<\/span><\/td><\/tr><tr><td colspan='2'><a href='#' onclick='history.back(); return false'>Zur\u00fcck<\/a><\/td><\/tr><\/tbody><\/table>\n","protected":false},"excerpt":{"rendered":"<p>&#8211;<\/p>\n","protected":false},"author":1,"featured_media":0,"parent":0,"menu_order":0,"comment_status":"closed","ping_status":"closed","template":"","meta":[],"_links":{"self":[{"href":"https:\/\/www.web-rr.de\/GHS-Buecherei\/index.php\/wp-json\/wp\/v2\/pages\/16878"}],"collection":[{"href":"https:\/\/www.web-rr.de\/GHS-Buecherei\/index.php\/wp-json\/wp\/v2\/pages"}],"about":[{"href":"https:\/\/www.web-rr.de\/GHS-Buecherei\/index.php\/wp-json\/wp\/v2\/types\/page"}],"author":[{"embeddable":true,"href":"https:\/\/www.web-rr.de\/GHS-Buecherei\/index.php\/wp-json\/wp\/v2\/users\/1"}],"replies":[{"embeddable":true,"href":"https:\/\/www.web-rr.de\/GHS-Buecherei\/index.php\/wp-json\/wp\/v2\/comments?post=16878"}],"version-history":[{"count":0,"href":"https:\/\/www.web-rr.de\/GHS-Buecherei\/index.php\/wp-json\/wp\/v2\/pages\/16878\/revisions"}],"wp:attachment":[{"href":"https:\/\/www.web-rr.de\/GHS-Buecherei\/index.php\/wp-json\/wp\/v2\/media?parent=16878"}],"curies":[{"name":"wp","href":"https:\/\/api.w.org\/{rel}","templated":true}]}}