{"id":16685,"date":"2021-05-21T10:00:00","date_gmt":"2021-05-21T10:00:00","guid":{"rendered":"https:\/\/www.web-rr.de\/GHS-Buecherei\/?page_id=16685"},"modified":"2021-05-21T23:00:00","modified_gmt":"2021-05-21T23:00:00","slug":"p9783737340977","status":"publish","type":"page","link":"https:\/\/www.web-rr.de\/GHS-Buecherei\/index.php\/p9783737340977\/","title":{"rendered":"Tiere 125"},"content":{"rendered":"<table><tbody><tr><td class='rDTitel' colspan='2'>Ellie findet das Gl\u00fcck: Band 2<\/td><\/tr><tr><td><span class='rDLabel1'>Status: <\/span><span class='rDText1Gruen'>vorhanden<\/span><\/td><td><span class='rDLabel1'>Antolin: <\/span><span class='rDText1Gruen'>ja, Empfehlung Klasse 5<\/span><\/td><\/tr><tr><td width=50%><img src='https:\/\/www.web-rr.de\/GHS-Buecherei\/wp-content\/uploads\/9783737340977.jpg' alt=''><\/td><td><p class='rDLabel2'>von <span class='rDText2'>W. Bruce Cameron, Richard Cowdrey<\/span><\/p><p class='rDLabel2'>Verlag: <span class='rDText2'>FISCHER KJB 1. Edition,  2017,  9.99 \u20ac<\/span><\/p><p class='rDLabel2'>B\u00fccherei-Barcode: <span class='rDText2'>9783737340977<\/span><\/p><p class='rDLabel2'>In der B\u00fccherei erfasst am: <span class='rDText2'>15.12.2024<\/span><\/p><p class='rDLabel2'>Stichw\u00f6rter: <span class='rDText2'>Hunde, Welpe, Spannung, Humor<\/span><\/p><p class='rDLabel2'>Lesealter ca. <span class='rDText2'>10<\/span><span class='rDLabel2'> Jahre<\/span><\/p><p class='rDLabel2'>Das Buch wurde <span class='rDText2'>0<\/span><span class='rDLabel2'> mal gelesen.<\/span><\/p><\/td><\/tr><tr><td colspan='2'><p class='rDLabel1'>Inhalt:<\/p><span class='rDText2'>Hunde und Menschen verbindet eine besondere Zuneigung. Und keiner kann das besser erz\u00e4hlen als ... ein kleiner Welpe!\r\nWelpe Ellie findet bei Jakob ein Zuhause und darf, wie es sich geh\u00f6rt, jeden Tag im Park rumtoben und spielen. Eigentlich ein tolles Leben, wenn sie jetzt noch bei ihm im Bett schlafen d\u00fcrfte! Doch das Spiel ist ein wichtiges Training, denn Ellie soll ein Sp\u00fcrhund werden und vermisste Menschen finden. Und sie macht sich gut, egal ob F\u00e4hrtensuche, \u00fcber Hindernisse springen oder im Hubschrauber mitfliegen ... solange Ellie bei ihrem Menschen Jakob ist, kann sie alles schaffen. Doch warum ist Jakob immer so traurig? Ellie f\u00e4ngt an zu verstehen, dass man Menschen nicht nur finden, sondern auch retten muss!\r\nWie aus dem tapsigen, schlappohrigen Welpen Ellie ein mutiger und selbstloser Rettungshund wird und wie sie dabei die Menschen um sich herum gl\u00fccklich macht, beschreibt Bestsellerautor W. Bruce Cameron nicht nur spannend, sondern mit viel Herz und Humor.<\/span><\/td><\/tr><tr><td colspan='2'><a href='#' onclick='history.back(); return false'>Zur\u00fcck<\/a><\/td><\/tr><\/tbody><\/table>\n","protected":false},"excerpt":{"rendered":"<p>&#8211;<\/p>\n","protected":false},"author":1,"featured_media":0,"parent":0,"menu_order":0,"comment_status":"closed","ping_status":"closed","template":"","meta":[],"_links":{"self":[{"href":"https:\/\/www.web-rr.de\/GHS-Buecherei\/index.php\/wp-json\/wp\/v2\/pages\/16685"}],"collection":[{"href":"https:\/\/www.web-rr.de\/GHS-Buecherei\/index.php\/wp-json\/wp\/v2\/pages"}],"about":[{"href":"https:\/\/www.web-rr.de\/GHS-Buecherei\/index.php\/wp-json\/wp\/v2\/types\/page"}],"author":[{"embeddable":true,"href":"https:\/\/www.web-rr.de\/GHS-Buecherei\/index.php\/wp-json\/wp\/v2\/users\/1"}],"replies":[{"embeddable":true,"href":"https:\/\/www.web-rr.de\/GHS-Buecherei\/index.php\/wp-json\/wp\/v2\/comments?post=16685"}],"version-history":[{"count":0,"href":"https:\/\/www.web-rr.de\/GHS-Buecherei\/index.php\/wp-json\/wp\/v2\/pages\/16685\/revisions"}],"wp:attachment":[{"href":"https:\/\/www.web-rr.de\/GHS-Buecherei\/index.php\/wp-json\/wp\/v2\/media?parent=16685"}],"curies":[{"name":"wp","href":"https:\/\/api.w.org\/{rel}","templated":true}]}}