{"id":16621,"date":"2021-05-21T10:00:00","date_gmt":"2021-05-21T10:00:00","guid":{"rendered":"https:\/\/www.web-rr.de\/GHS-Buecherei\/?page_id=16621"},"modified":"2021-05-21T23:00:00","modified_gmt":"2021-05-21T23:00:00","slug":"p9783968460949","status":"publish","type":"page","link":"https:\/\/www.web-rr.de\/GHS-Buecherei\/index.php\/p9783968460949\/","title":{"rendered":"Abenteuer 112"},"content":{"rendered":"<table><tbody><tr><td class='rDTitel' colspan='2'>Wil, der Wolkenst\u00fcrmer, und der Traum vom Fliegen<\/td><\/tr><tr><td><span class='rDLabel1'>Status: <\/span><span class='rDText1Gruen'>vorhanden<\/span><\/td><td><span class='rDLabel1'>Antolin: <\/span><span class='rDText1Gruen'>ja, Empfehlung Klasse 3<\/span><\/td><\/tr><tr><td width=50%><img src='https:\/\/www.web-rr.de\/GHS-Buecherei\/wp-content\/uploads\/9783968460949.jpg' alt=''><\/td><td><p class='rDLabel2'>von <span class='rDText2'>Dr. Wladimir Klitschko , Tatjana Kiel<\/span><\/p><p class='rDLabel2'>Verlag: <span class='rDText2'>migo,  2022,  17.00 \u20ac<\/span><\/p><p class='rDLabel2'>B\u00fccherei-Barcode: <span class='rDText2'>9783968460949<\/span><\/p><p class='rDLabel2'>In der B\u00fccherei erfasst am: <span class='rDText2'>27.10.2024<\/span><\/p><p class='rDLabel2'>Stichw\u00f6rter: <span class='rDText2'>Willenskraft, Inspirierendes, Traum, Fliegen, Abenteuer, Freunde, Wettbewerb, Mut, Freundschaft<\/span><\/p><p class='rDLabel2'>Lesealter ca. <span class='rDText2'>8<\/span><span class='rDLabel2'> Jahre<\/span><\/p><p class='rDLabel2'>Das Buch wurde <span class='rDText2'>0<\/span><span class='rDLabel2'> mal gelesen.<\/span><\/p><\/td><\/tr><tr><td colspan='2'><p class='rDLabel1'>Inhalt:<\/p><span class='rDText2'>In \"Wil, der Wolkenst\u00fcrmer, und der Traum vom Fliegen\" von Wladimir Klitschko erlebt der 8-j\u00e4hrige Wil, ein charmanter kleiner Junge mit einer riesigen Faszination f\u00fcr das Fliegen, spannende Abenteuer. Getrieben von dem Traum, die Wolken von oben zu sehen, und dem Wunsch, einen Modellflugzeugwettbewerb zu gewinnen, begibt sich Wil zusammen mit seinen Freunden, dem Honigdachs Ezki und dem M\u00e4dchen Janne, auf eine abenteuerliche Reise. Ihr Ziel: ein Flugzeug bauen, den Wettbewerb gewinnen und das Preisgeld f\u00fcr Wils ersten echten Flug nutzen. Die Geschichte ist eine lebendige Erz\u00e4hlung \u00fcber Mut, Freundschaft und die \u00dcberwindung von \u00c4ngsten. Sie unterstreicht die Bedeutung des Strebens nach pers\u00f6nlichen Zielen und die Kraft der Zusammenarbeit.<\/span><\/td><\/tr><tr><td colspan='2'><a href='#' onclick='history.back(); return false'>Zur\u00fcck<\/a><\/td><\/tr><\/tbody><\/table>\n","protected":false},"excerpt":{"rendered":"<p>&#8211;<\/p>\n","protected":false},"author":1,"featured_media":0,"parent":0,"menu_order":0,"comment_status":"closed","ping_status":"closed","template":"","meta":[],"_links":{"self":[{"href":"https:\/\/www.web-rr.de\/GHS-Buecherei\/index.php\/wp-json\/wp\/v2\/pages\/16621"}],"collection":[{"href":"https:\/\/www.web-rr.de\/GHS-Buecherei\/index.php\/wp-json\/wp\/v2\/pages"}],"about":[{"href":"https:\/\/www.web-rr.de\/GHS-Buecherei\/index.php\/wp-json\/wp\/v2\/types\/page"}],"author":[{"embeddable":true,"href":"https:\/\/www.web-rr.de\/GHS-Buecherei\/index.php\/wp-json\/wp\/v2\/users\/1"}],"replies":[{"embeddable":true,"href":"https:\/\/www.web-rr.de\/GHS-Buecherei\/index.php\/wp-json\/wp\/v2\/comments?post=16621"}],"version-history":[{"count":0,"href":"https:\/\/www.web-rr.de\/GHS-Buecherei\/index.php\/wp-json\/wp\/v2\/pages\/16621\/revisions"}],"wp:attachment":[{"href":"https:\/\/www.web-rr.de\/GHS-Buecherei\/index.php\/wp-json\/wp\/v2\/media?parent=16621"}],"curies":[{"name":"wp","href":"https:\/\/api.w.org\/{rel}","templated":true}]}}