{"id":16614,"date":"2021-05-21T10:00:00","date_gmt":"2021-05-21T10:00:00","guid":{"rendered":"https:\/\/www.web-rr.de\/GHS-Buecherei\/?page_id=16614"},"modified":"2021-05-21T23:00:00","modified_gmt":"2021-05-21T23:00:00","slug":"p9783981660319","status":"publish","type":"page","link":"https:\/\/www.web-rr.de\/GHS-Buecherei\/index.php\/p9783981660319\/","title":{"rendered":"L\u00e4nder &#8211; Europa 26"},"content":{"rendered":"<table><tbody><tr><td class='rDTitel' colspan='2'>SCHINKEL B\u00c4R CURRYWURST - Ein Architekturf\u00fchrer \u00fcber Berlin nicht nur f\u00fcr Kinder<\/td><\/tr><tr><td><span class='rDLabel1'>Status: <\/span><span class='rDText1Gruen'>vorhanden<\/span><\/td><td><span class='rDLabel1'>Antolin: <\/span><span class='rDText1Gruen'>ja, Empfehlung Klasse 3<\/span><\/td><\/tr><tr><td width=50%><img src='https:\/\/www.web-rr.de\/GHS-Buecherei\/wp-content\/uploads\/9783981660319.jpg' alt=''><\/td><td><p class='rDLabel2'>von <span class='rDText2'>Volker Schultz, Claudia Stolte<\/span><\/p><p class='rDLabel2'>Verlag: <span class='rDText2'>Hinterland Verlag,  2014,  14.95 \u20ac<\/span><\/p><p class='rDLabel2'>B\u00fccherei-Barcode: <span class='rDText2'>9783981660319<\/span><\/p><p class='rDLabel2'>In der B\u00fccherei erfasst am: <span class='rDText2'>27.10.2024<\/span><\/p><p class='rDLabel2'>Stichw\u00f6rter: <span class='rDText2'>Berlin, Grafik, Stadtgeschichte, Architektur, Baustile, Entwurfskonzepte<\/span><\/p><p class='rDLabel2'>Lesealter ca. <span class='rDText2'>8<\/span><span class='rDLabel2'> Jahre<\/span><\/p><p class='rDLabel2'>Das Buch wurde <span class='rDText2'>0<\/span><span class='rDLabel2'> mal gelesen.<\/span><\/p><\/td><\/tr><tr><td colspan='2'><p class='rDLabel1'>Inhalt:<\/p><span class='rDText2'>SCHINKEL B\u00c4R CURRYWURST ist ein grafischer Stadt- und Architekturf\u00fchrer f\u00fcr Berlin. Das Buch richtet sich an kleine und gro\u00dfe Leser mit Interesse an Grafik, Stadtgeschichte und Architektur. Der Junge Oscar und sein Hund Carla gehen auf eine abenteuerliche Reise nach Berlin und entdecken dabei interessante Orte. Verschiedene Stadtbewohner begleiten sie auf dieser Reise. Historische und zeitgen\u00f6ssische Architektur wird hierbei vorgestellt. Detaillierte Illustrationen und kurze Texte erkl\u00e4ren Kindern verst\u00e4ndlich verschiedene Themenbereiche wie Baustile, Entwurfskonzepte, Architekturdarstellungen und st\u00e4dtebauliche Entwicklungen. Die Autoren Claudia Stolte und Volker Schultz sind Architekten und Stadtplaner aus Berlin.<\/span><\/td><\/tr><tr><td colspan='2'><a href='#' onclick='history.back(); return false'>Zur\u00fcck<\/a><\/td><\/tr><\/tbody><\/table>\n","protected":false},"excerpt":{"rendered":"<p>&#8211;<\/p>\n","protected":false},"author":1,"featured_media":0,"parent":0,"menu_order":0,"comment_status":"closed","ping_status":"closed","template":"","meta":[],"_links":{"self":[{"href":"https:\/\/www.web-rr.de\/GHS-Buecherei\/index.php\/wp-json\/wp\/v2\/pages\/16614"}],"collection":[{"href":"https:\/\/www.web-rr.de\/GHS-Buecherei\/index.php\/wp-json\/wp\/v2\/pages"}],"about":[{"href":"https:\/\/www.web-rr.de\/GHS-Buecherei\/index.php\/wp-json\/wp\/v2\/types\/page"}],"author":[{"embeddable":true,"href":"https:\/\/www.web-rr.de\/GHS-Buecherei\/index.php\/wp-json\/wp\/v2\/users\/1"}],"replies":[{"embeddable":true,"href":"https:\/\/www.web-rr.de\/GHS-Buecherei\/index.php\/wp-json\/wp\/v2\/comments?post=16614"}],"version-history":[{"count":0,"href":"https:\/\/www.web-rr.de\/GHS-Buecherei\/index.php\/wp-json\/wp\/v2\/pages\/16614\/revisions"}],"wp:attachment":[{"href":"https:\/\/www.web-rr.de\/GHS-Buecherei\/index.php\/wp-json\/wp\/v2\/media?parent=16614"}],"curies":[{"name":"wp","href":"https:\/\/api.w.org\/{rel}","templated":true}]}}