{"id":16574,"date":"2021-05-21T10:00:00","date_gmt":"2021-05-21T10:00:00","guid":{"rendered":"https:\/\/www.web-rr.de\/GHS-Buecherei\/?page_id=16574"},"modified":"2021-05-21T23:00:00","modified_gmt":"2021-05-21T23:00:00","slug":"p9783446247475","status":"publish","type":"page","link":"https:\/\/www.web-rr.de\/GHS-Buecherei\/index.php\/p9783446247475\/","title":{"rendered":"Familie 45"},"content":{"rendered":"<table><tbody><tr><td class='rDTitel' colspan='2'>Pernilla oder Wie die Beatles meine viel zu gro\u00dfe Familie retteten<\/td><\/tr><tr><td><span class='rDLabel1'>Status: <\/span><span class='rDText1Gruen'>vorhanden<\/span><\/td><td><span class='rDLabel1'>Antolin: <\/span><span class='rDText1Gruen'>ja, Empfehlung Klasse 4<\/span><\/td><\/tr><tr><td width=50%><img src='https:\/\/www.web-rr.de\/GHS-Buecherei\/wp-content\/uploads\/9783446247475.jpg' alt=''><\/td><td><p class='rDLabel2'>von <span class='rDText2'>Silke Schlichtmann und Susanne G\u00f6hlich<\/span><\/p><p class='rDLabel2'>Verlag: <span class='rDText2'>Carl Hanser Verlag GmbH & Co. KG,  2015,  12.90 \u20ac<\/span><\/p><p class='rDLabel2'>B\u00fccherei-Barcode: <span class='rDText2'>9783446247475<\/span><\/p><p class='rDLabel2'>In der B\u00fccherei erfasst am: <span class='rDText2'>25.10.2024<\/span><\/p><p class='rDLabel2'>Stichw\u00f6rter: <span class='rDText2'>Familie, Gro\u00dffamilie, Geschwister, Fantasie<\/span><\/p><p class='rDLabel2'>Lesealter ca. <span class='rDText2'>9<\/span><span class='rDLabel2'> Jahre<\/span><\/p><p class='rDLabel2'>Das Buch wurde <span class='rDText2'>0<\/span><span class='rDLabel2'> mal gelesen.<\/span><\/p><\/td><\/tr><tr><td colspan='2'><p class='rDLabel1'>Inhalt:<\/p><span class='rDText2'>Die Nachricht, dass Mama schwanger ist, treibt Pernilla die Schwei\u00dfperlen auf die Stirn. Sie hat doch schon zwei Geschwister! Ihren Eltern m\u00fcsste eigentlich klar sein, dass eine sechsk\u00f6pfige Familie gesellschaftlich abgeschrieben ist. Nicht mal die Nachbarn laden sie noch zum Grillabend ein. Da hilft nur eines: selbst die gr\u00f6\u00dfte Party geben. Nat\u00fcrlich w\u00fcrde es Mama und Papa \u00fcberfordern, Getr\u00e4nke, ein Buffet und eine Band f\u00fcr 146 G\u00e4ste aufzutreiben. Zum Gl\u00fcck hat Pernilla da schon eine Idee, wie sie Oles Sprachtalent, das Klavier und den K\u00fcchenschrank zu Geld machen kann \u2026 Dieses Kinderbuch erz\u00e4hlt mit viel Fantasie und Humor von den N\u00f6ten und Chancen einer Gro\u00dffamilie. Zum Mitlachen und Mitfiebern.<\/span><\/td><\/tr><tr><td colspan='2'><a href='#' onclick='history.back(); return false'>Zur\u00fcck<\/a><\/td><\/tr><\/tbody><\/table>\n","protected":false},"excerpt":{"rendered":"<p>&#8211;<\/p>\n","protected":false},"author":1,"featured_media":0,"parent":0,"menu_order":0,"comment_status":"closed","ping_status":"closed","template":"","meta":[],"_links":{"self":[{"href":"https:\/\/www.web-rr.de\/GHS-Buecherei\/index.php\/wp-json\/wp\/v2\/pages\/16574"}],"collection":[{"href":"https:\/\/www.web-rr.de\/GHS-Buecherei\/index.php\/wp-json\/wp\/v2\/pages"}],"about":[{"href":"https:\/\/www.web-rr.de\/GHS-Buecherei\/index.php\/wp-json\/wp\/v2\/types\/page"}],"author":[{"embeddable":true,"href":"https:\/\/www.web-rr.de\/GHS-Buecherei\/index.php\/wp-json\/wp\/v2\/users\/1"}],"replies":[{"embeddable":true,"href":"https:\/\/www.web-rr.de\/GHS-Buecherei\/index.php\/wp-json\/wp\/v2\/comments?post=16574"}],"version-history":[{"count":0,"href":"https:\/\/www.web-rr.de\/GHS-Buecherei\/index.php\/wp-json\/wp\/v2\/pages\/16574\/revisions"}],"wp:attachment":[{"href":"https:\/\/www.web-rr.de\/GHS-Buecherei\/index.php\/wp-json\/wp\/v2\/media?parent=16574"}],"curies":[{"name":"wp","href":"https:\/\/api.w.org\/{rel}","templated":true}]}}