{"id":16561,"date":"2021-05-21T10:00:00","date_gmt":"2021-05-21T10:00:00","guid":{"rendered":"https:\/\/www.web-rr.de\/GHS-Buecherei\/?page_id=16561"},"modified":"2021-05-21T23:00:00","modified_gmt":"2021-05-21T23:00:00","slug":"p9783866595033","status":"publish","type":"page","link":"https:\/\/www.web-rr.de\/GHS-Buecherei\/index.php\/p9783866595033\/","title":{"rendered":"Natur &#8211; Fische 18"},"content":{"rendered":"<table><tbody><tr><td class='rDTitel' colspan='2'>Entdecke die Urzeitkrebse: Triops, Feenkrebse & Co<\/td><\/tr><tr><td><span class='rDLabel1'>Status: <\/span><span class='rDText1Gruen'>vorhanden<\/span><\/td><td><span class='rDLabel1'>Antolin: <\/span><span class='rDText1Rot'>Quiz nicht vorhanden.<\/span><\/td><\/tr><tr><td width=50%><img src='https:\/\/www.web-rr.de\/GHS-Buecherei\/wp-content\/uploads\/9783866595033.jpg' alt=''><\/td><td><p class='rDLabel2'>von <span class='rDText2'>Kriton Kunz<\/span><\/p><p class='rDLabel2'>Verlag: <span class='rDText2'>Natur und Tier,  2022,  16.80 \u20ac<\/span><\/p><p class='rDLabel2'>B\u00fccherei-Barcode: <span class='rDText2'>9783866595033<\/span><\/p><p class='rDLabel2'>In der B\u00fccherei erfasst am: <span class='rDText2'>24.10.2024<\/span><\/p><p class='rDLabel2'>Stichw\u00f6rter: <span class='rDText2'>Urzeitkrebse, Dinosaurier, Schildkrebse, Feenkrebse, Muschelschaler<\/span><\/p><p class='rDLabel2'>Lesealter ca. <span class='rDText2'>8<\/span><span class='rDLabel2'> Jahre<\/span><\/p><p class='rDLabel2'>Das Buch wurde <span class='rDText2'>0<\/span><span class='rDLabel2'> mal gelesen.<\/span><\/p><\/td><\/tr><tr><td colspan='2'><p class='rDLabel1'>Inhalt:<\/p><span class='rDText2'>Urzeitkrebse hei\u00dfen so, weil sie tats\u00e4chlich seit unvorstellbaren Zeiten unseren Planeten bev\u00f6lkern \u2013 sie haben sogar die Dinosaurier kommen und gehen sehen! So lange kann nur bestehen, wer perfekt an seinen Lebensraum angepasst ist und im Kampf ums \u00dcberleben jede Menge cleverer Tricks auf Lager hat. Von diesen fantastischen F\u00e4higkeiten der Urzeitkrebse, ihrem spannenden Verhalten, erstaunlichen Rekorden, einfach allem Wissenswerten rund um diese faszinierenden Tiere berichtet Dir dieses Buch \u2013 und \u00fcber einen Link gelangst Du zu einer Anleitung dar\u00fcber, wie Du Urzeitkrebse selbst aufziehen kannst, um sie zu beobachten! Aus dem Inhalt: \u2022 Willkommen in der Welt der Urzeitkrebse! \u2022 Schildkrebse, Feenkrebse, Muschelschaler: die Vielfalt der Urzeitkrebse \u2022 \u00dcberlebensk\u00fcnstler in extremen Lebensr\u00e4umen \u2022 Fast \u201eunkaputtbar\u201c: die unglaublichen Dauereier \u2022 Wie Urzeitkrebse sich ausbreiten: verbl\u00fcffende Tricks \u2022 Von harmlosen Filtrierern und aggressiven R\u00e4ubern: wie Urzeitkrebse sich ern\u00e4hren \u2022 Urzeitkrebse und der Mensch \u2022 Bedrohung und Schutz \u2022 Urzeitkrebse in der Natur beobachten \u2022 Extra: Urzeitkrebse selber halten \u2013 mit Erfolg und Spa\u00df! \u2799 Link zu ausf\u00fchrlicher Anleitung \u2022 Extra: Gro\u00dfes Urzeitkrebs-Quiz<\/span><\/td><\/tr><tr><td colspan='2'><a href='#' onclick='history.back(); return false'>Zur\u00fcck<\/a><\/td><\/tr><\/tbody><\/table>\n","protected":false},"excerpt":{"rendered":"<p>&#8211;<\/p>\n","protected":false},"author":1,"featured_media":0,"parent":0,"menu_order":0,"comment_status":"closed","ping_status":"closed","template":"","meta":[],"_links":{"self":[{"href":"https:\/\/www.web-rr.de\/GHS-Buecherei\/index.php\/wp-json\/wp\/v2\/pages\/16561"}],"collection":[{"href":"https:\/\/www.web-rr.de\/GHS-Buecherei\/index.php\/wp-json\/wp\/v2\/pages"}],"about":[{"href":"https:\/\/www.web-rr.de\/GHS-Buecherei\/index.php\/wp-json\/wp\/v2\/types\/page"}],"author":[{"embeddable":true,"href":"https:\/\/www.web-rr.de\/GHS-Buecherei\/index.php\/wp-json\/wp\/v2\/users\/1"}],"replies":[{"embeddable":true,"href":"https:\/\/www.web-rr.de\/GHS-Buecherei\/index.php\/wp-json\/wp\/v2\/comments?post=16561"}],"version-history":[{"count":0,"href":"https:\/\/www.web-rr.de\/GHS-Buecherei\/index.php\/wp-json\/wp\/v2\/pages\/16561\/revisions"}],"wp:attachment":[{"href":"https:\/\/www.web-rr.de\/GHS-Buecherei\/index.php\/wp-json\/wp\/v2\/media?parent=16561"}],"curies":[{"name":"wp","href":"https:\/\/api.w.org\/{rel}","templated":true}]}}