{"id":16547,"date":"2021-05-21T10:00:00","date_gmt":"2021-05-21T10:00:00","guid":{"rendered":"https:\/\/www.web-rr.de\/GHS-Buecherei\/?page_id=16547"},"modified":"2021-05-21T23:00:00","modified_gmt":"2021-05-21T23:00:00","slug":"p9783522185264","status":"publish","type":"page","link":"https:\/\/www.web-rr.de\/GHS-Buecherei\/index.php\/p9783522185264\/","title":{"rendered":"Tiere 121"},"content":{"rendered":"<table><tbody><tr><td class='rDTitel' colspan='2'>Schnurr, schnurr, schnurr, hier kommt Kater Murr<\/td><\/tr><tr><td><span class='rDLabel1'>Status: <\/span><span class='rDText1Gruen'>vorhanden<\/span><\/td><td><span class='rDLabel1'>Antolin: <\/span><span class='rDText1Gruen'>ja, Empfehlung Klasse 3<\/span><\/td><\/tr><tr><td width=50%><img src='https:\/\/www.web-rr.de\/GHS-Buecherei\/wp-content\/uploads\/9783522185264.jpg' alt=''><\/td><td><p class='rDLabel2'>von <span class='rDText2'>Michael Engler und Dirk Hennig<\/span><\/p><p class='rDLabel2'>Verlag: <span class='rDText2'>Thienemann in der Thienemann-Esslinger Verlag GmbH,  2022,  14.00 \u20ac<\/span><\/p><p class='rDLabel2'>B\u00fccherei-Barcode: <span class='rDText2'>9783522185264<\/span><\/p><p class='rDLabel2'>In der B\u00fccherei erfasst am: <span class='rDText2'>29.09.2024<\/span><\/p><p class='rDLabel2'>Stichw\u00f6rter: <span class='rDText2'>Stra\u00dfenkater, Diebstahl, Detektiv, Spannung, Freunde<\/span><\/p><p class='rDLabel2'>Lesealter ca. <span class='rDText2'>8<\/span><span class='rDLabel2'> Jahre<\/span><\/p><p class='rDLabel2'>Das Buch wurde <span class='rDText2'>0<\/span><span class='rDLabel2'> mal gelesen.<\/span><\/p><\/td><\/tr><tr><td colspan='2'><p class='rDLabel1'>Inhalt:<\/p><span class='rDText2'>Ein Stra\u00dfenkater wird zum Schmusekater: warmherziges und humorvolles Vorlesebuch ab 5 Jahren. \r\nMurr ist im Sommer am liebsten auf der Stra\u00dfe unterwegs, aber nun wird es Herbst und in der kalten Jahreszeit liegt der Kater lieber auf einem warmen Kissen. Ein Plan ist schnell ausgeheckt, als ihm Leon \u00fcber den Weg l\u00e4uft, dem gerade sein Fahrrad gestohlen wurde. Murr schl\u00e4gt dem Jungen vor, ein Detektivb\u00fcro zu gr\u00fcnden, um den Dieb aufzusp\u00fcren. Daf\u00fcr muss Murr bei Leon einziehen, klar, und verhindern, dass der Fall vor dem Fr\u00fchjahr gel\u00f6st wird, logisch. Doch bei den Ermittlungen werden die beiden Freunde und pl\u00f6tzlich hat Murr gar keine Lust mehr, wieder auszuziehen.<\/span><\/td><\/tr><tr><td colspan='2'><a href='#' onclick='history.back(); return false'>Zur\u00fcck<\/a><\/td><\/tr><\/tbody><\/table>\n","protected":false},"excerpt":{"rendered":"<p>&#8211;<\/p>\n","protected":false},"author":1,"featured_media":0,"parent":0,"menu_order":0,"comment_status":"closed","ping_status":"closed","template":"","meta":[],"_links":{"self":[{"href":"https:\/\/www.web-rr.de\/GHS-Buecherei\/index.php\/wp-json\/wp\/v2\/pages\/16547"}],"collection":[{"href":"https:\/\/www.web-rr.de\/GHS-Buecherei\/index.php\/wp-json\/wp\/v2\/pages"}],"about":[{"href":"https:\/\/www.web-rr.de\/GHS-Buecherei\/index.php\/wp-json\/wp\/v2\/types\/page"}],"author":[{"embeddable":true,"href":"https:\/\/www.web-rr.de\/GHS-Buecherei\/index.php\/wp-json\/wp\/v2\/users\/1"}],"replies":[{"embeddable":true,"href":"https:\/\/www.web-rr.de\/GHS-Buecherei\/index.php\/wp-json\/wp\/v2\/comments?post=16547"}],"version-history":[{"count":0,"href":"https:\/\/www.web-rr.de\/GHS-Buecherei\/index.php\/wp-json\/wp\/v2\/pages\/16547\/revisions"}],"wp:attachment":[{"href":"https:\/\/www.web-rr.de\/GHS-Buecherei\/index.php\/wp-json\/wp\/v2\/media?parent=16547"}],"curies":[{"name":"wp","href":"https:\/\/api.w.org\/{rel}","templated":true}]}}