{"id":16536,"date":"2021-05-21T10:00:00","date_gmt":"2021-05-21T10:00:00","guid":{"rendered":"https:\/\/www.web-rr.de\/GHS-Buecherei\/?page_id=16536"},"modified":"2021-05-21T23:00:00","modified_gmt":"2021-05-21T23:00:00","slug":"p9783957285300","status":"publish","type":"page","link":"https:\/\/www.web-rr.de\/GHS-Buecherei\/index.php\/p9783957285300\/","title":{"rendered":"Natur &#8211; Lexika 37"},"content":{"rendered":"<table><tbody><tr><td class='rDTitel' colspan='2'>Die Pf\u00fctze: Die Vielfalt einer verborgenen Welt entdecken<\/td><\/tr><tr><td><span class='rDLabel1'>Status: <\/span><span class='rDText1Gruen'>vorhanden<\/span><\/td><td><span class='rDLabel1'>Antolin: <\/span><span class='rDText1Gruen'>ja, Empfehlung Klasse 4<\/span><\/td><\/tr><tr><td width=50%><img src='https:\/\/www.web-rr.de\/GHS-Buecherei\/wp-content\/uploads\/9783957285300.jpg' alt=''><\/td><td><p class='rDLabel2'>von <span class='rDText2'>Angelika Huber-Janisch und Annette Zacharias<\/span><\/p><p class='rDLabel2'>Verlag: <span class='rDText2'>Knesebeck,  2022,  20.00 \u20ac<\/span><\/p><p class='rDLabel2'>B\u00fccherei-Barcode: <span class='rDText2'>9783957285300<\/span><\/p><p class='rDLabel2'>In der B\u00fccherei erfasst am: <span class='rDText2'>28.09.2024<\/span><\/p><p class='rDLabel2'>Stichw\u00f6rter: <span class='rDText2'>Libellen, Kaulquappen, Dinosaurier, Schwalben, Mikrokosmos, Pflanzen, Tiere<\/span><\/p><p class='rDLabel2'>Lesealter ca. <span class='rDText2'>9<\/span><span class='rDLabel2'> Jahre<\/span><\/p><p class='rDLabel2'>Das Buch wurde <span class='rDText2'>0<\/span><span class='rDLabel2'> mal gelesen.<\/span><\/p><\/td><\/tr><tr><td colspan='2'><p class='rDLabel1'>Inhalt:<\/p><span class='rDText2'>Pf\u00fctzen haben eine enorme Anziehungskraft auf Kinder: Kaum regnet es und ein kleines Rinnsal hat sich auf dem Weg gebildet, h\u00fcpfen sie freudestrahlend darin herum. Aber eine Pf\u00fctze ist noch so viel mehr! Dieses Buch widmet sich dem Mikrokosmos Pf\u00fctze und allem, was ihn ausmacht. Was eine Pf\u00fctze von anderen Gew\u00e4ssern unterscheidet und warum es davon immer weniger gibt, wird ebenso beleuchtet wie der Kreislauf einer Pf\u00fctze und welche Lebewesen hier vorkommen. Und wer h\u00e4tte gedacht, dass eine Pf\u00fctze mit so spannenden Bewohnern wie Urzeitkrebsen und B\u00e4rtierchen aufwarten kann und dass auch das Klima von Pf\u00fctzen beeinflusst wird? Au\u00dferdem werden im Buch verbl\u00fcffende Anpassungen der Pf\u00fctzen-Bewohner an ihren Lebensraum beleuchtet und auch gezeigt, wie man Pf\u00fctzen und kleine Wasserstellen selber anlegen kann, um den Tieren und der Natur zu helfen. \r\nDieses einmalig naturalistisch illustrierte Kindersachbuch rund um Pf\u00fctzen, Teiche und T\u00fcmpel und ihre Bewohner l\u00e4dt kleine (und gro\u00dfe) Naturforscher zum Entdecken und Staunen ein.<\/span><\/td><\/tr><tr><td colspan='2'><a href='#' onclick='history.back(); return false'>Zur\u00fcck<\/a><\/td><\/tr><\/tbody><\/table>\n","protected":false},"excerpt":{"rendered":"<p>&#8211;<\/p>\n","protected":false},"author":1,"featured_media":0,"parent":0,"menu_order":0,"comment_status":"closed","ping_status":"closed","template":"","meta":[],"_links":{"self":[{"href":"https:\/\/www.web-rr.de\/GHS-Buecherei\/index.php\/wp-json\/wp\/v2\/pages\/16536"}],"collection":[{"href":"https:\/\/www.web-rr.de\/GHS-Buecherei\/index.php\/wp-json\/wp\/v2\/pages"}],"about":[{"href":"https:\/\/www.web-rr.de\/GHS-Buecherei\/index.php\/wp-json\/wp\/v2\/types\/page"}],"author":[{"embeddable":true,"href":"https:\/\/www.web-rr.de\/GHS-Buecherei\/index.php\/wp-json\/wp\/v2\/users\/1"}],"replies":[{"embeddable":true,"href":"https:\/\/www.web-rr.de\/GHS-Buecherei\/index.php\/wp-json\/wp\/v2\/comments?post=16536"}],"version-history":[{"count":0,"href":"https:\/\/www.web-rr.de\/GHS-Buecherei\/index.php\/wp-json\/wp\/v2\/pages\/16536\/revisions"}],"wp:attachment":[{"href":"https:\/\/www.web-rr.de\/GHS-Buecherei\/index.php\/wp-json\/wp\/v2\/media?parent=16536"}],"curies":[{"name":"wp","href":"https:\/\/api.w.org\/{rel}","templated":true}]}}