{"id":16525,"date":"2021-05-21T10:00:00","date_gmt":"2021-05-21T10:00:00","guid":{"rendered":"https:\/\/www.web-rr.de\/GHS-Buecherei\/?page_id=16525"},"modified":"2021-05-21T23:00:00","modified_gmt":"2021-05-21T23:00:00","slug":"p9783438046611","status":"publish","type":"page","link":"https:\/\/www.web-rr.de\/GHS-Buecherei\/index.php\/p9783438046611\/","title":{"rendered":"Weihnachten 79"},"content":{"rendered":"<table><tbody><tr><td class='rDTitel' colspan='2'>Das mini Megabuch<\/td><\/tr><tr><td><span class='rDLabel1'>Status: <\/span><span class='rDText1Gruen'>vorhanden<\/span><\/td><td><span class='rDLabel1'>Antolin: <\/span><span class='rDText1Rot'>Quiz nicht vorhanden.<\/span><\/td><\/tr><tr><td width=50%><img src='https:\/\/www.web-rr.de\/GHS-Buecherei\/wp-content\/uploads\/9783438046611.jpg' alt=''><\/td><td><p class='rDLabel2'>von <span class='rDText2'>Deutsche Bibelgesellschaft<\/span><\/p><p class='rDLabel2'>Verlag: <span class='rDText2'>Deutsche Bibelgesellschaft,  2022,  5.95 \u20ac<\/span><\/p><p class='rDLabel2'>B\u00fccherei-Barcode: <span class='rDText2'>9783438046611<\/span><\/p><p class='rDLabel2'>In der B\u00fccherei erfasst am: <span class='rDText2'>26.09.2024<\/span><\/p><p class='rDLabel2'>Stichw\u00f6rter: <span class='rDText2'>Weihnachten, Bibel, Betlehem, Sternbild<\/span><\/p><p class='rDLabel2'>Lesealter ca. <span class='rDText2'>8<\/span><span class='rDLabel2'> Jahre<\/span><\/p><p class='rDLabel2'>Das Buch wurde <span class='rDText2'>0<\/span><span class='rDLabel2'> mal gelesen.<\/span><\/p><\/td><\/tr><tr><td colspan='2'><p class='rDLabel1'>Inhalt:<\/p><span class='rDText2'>Die Weihnachtsbotschaft neu erfahren:\r\nMit dem originellen mini-Megabuch \u00bbWeihnachten\u00ab kommen Kinder mit Entdeckergeist dem Weihnachtsgeschehenauf die Spur.\r\n\"Das ist ja mega!\": Vielen Kindern sind die biblischen Erz\u00e4hlungen von Maria und Josef, den Hirten auf dem Feld, den Sterndeutern und dem Kind in der Krippe bekannt. Im mini-Megabuch zu Weihnachten k\u00f6nnen Kinder ab 8 Jahren die Erz\u00e4hlungen neu entdecken und sich mit dem Weihnachtsfest besch\u00e4ftigen.\r\nDie Geschichten werden auf originelle und \u00fcberraschende Weise erz\u00e4hlt und wecken die Entdeckerlust. Weitere Themen binden junge Leserinnen und Leser altersangemessen ein: Weihnachten in aller Welt, weihnachtliche Br\u00e4uche, die Weihnachtsbotschaft in anderen Religionen oder die Bedeutung von Weihnachten in der heutigen Zeit. Das mini-Megabuch ist so gestaltet, dass Kinder Lust bekommen, sich mit diesen Themen zu besch\u00e4ftigen.<\/span><\/td><\/tr><tr><td colspan='2'><a href='#' onclick='history.back(); return false'>Zur\u00fcck<\/a><\/td><\/tr><\/tbody><\/table>\n","protected":false},"excerpt":{"rendered":"<p>&#8211;<\/p>\n","protected":false},"author":1,"featured_media":0,"parent":0,"menu_order":0,"comment_status":"closed","ping_status":"closed","template":"","meta":[],"_links":{"self":[{"href":"https:\/\/www.web-rr.de\/GHS-Buecherei\/index.php\/wp-json\/wp\/v2\/pages\/16525"}],"collection":[{"href":"https:\/\/www.web-rr.de\/GHS-Buecherei\/index.php\/wp-json\/wp\/v2\/pages"}],"about":[{"href":"https:\/\/www.web-rr.de\/GHS-Buecherei\/index.php\/wp-json\/wp\/v2\/types\/page"}],"author":[{"embeddable":true,"href":"https:\/\/www.web-rr.de\/GHS-Buecherei\/index.php\/wp-json\/wp\/v2\/users\/1"}],"replies":[{"embeddable":true,"href":"https:\/\/www.web-rr.de\/GHS-Buecherei\/index.php\/wp-json\/wp\/v2\/comments?post=16525"}],"version-history":[{"count":0,"href":"https:\/\/www.web-rr.de\/GHS-Buecherei\/index.php\/wp-json\/wp\/v2\/pages\/16525\/revisions"}],"wp:attachment":[{"href":"https:\/\/www.web-rr.de\/GHS-Buecherei\/index.php\/wp-json\/wp\/v2\/media?parent=16525"}],"curies":[{"name":"wp","href":"https:\/\/api.w.org\/{rel}","templated":true}]}}