{"id":16524,"date":"2021-05-21T10:00:00","date_gmt":"2021-05-21T10:00:00","guid":{"rendered":"https:\/\/www.web-rr.de\/GHS-Buecherei\/?page_id=16524"},"modified":"2021-05-21T23:00:00","modified_gmt":"2021-05-21T23:00:00","slug":"p9783745915655","status":"publish","type":"page","link":"https:\/\/www.web-rr.de\/GHS-Buecherei\/index.php\/p9783745915655\/","title":{"rendered":"Detektive 85"},"content":{"rendered":"<table><tbody><tr><td class='rDTitel' colspan='2'>Die Cobra-Bande und der geheimnisvolle Sprayer<\/td><\/tr><tr><td><span class='rDLabel1'>Status: <\/span><span class='rDText1Gruen'>vorhanden<\/span><\/td><td><span class='rDLabel1'>Antolin: <\/span><span class='rDText1Gruen'>ja, Empfehlung Klasse 5<\/span><\/td><\/tr><tr><td width=50%><img src='https:\/\/www.web-rr.de\/GHS-Buecherei\/wp-content\/uploads\/9783745915655.jpg' alt=''><\/td><td><p class='rDLabel2'>von <span class='rDText2'>Folko Streese<\/span><\/p><p class='rDLabel2'>Verlag: <span class='rDText2'>Edition Michael Fischer,  2023,  15.00 \u20ac<\/span><\/p><p class='rDLabel2'>B\u00fccherei-Barcode: <span class='rDText2'>9783745915655<\/span><\/p><p class='rDLabel2'>In der B\u00fccherei erfasst am: <span class='rDText2'>26.09.2024<\/span><\/p><p class='rDLabel2'>Stichw\u00f6rter: <span class='rDText2'>Abenteuer, Detektive, Krimi, Gangster, Diebstahl, R\u00e4tsel<\/span><\/p><p class='rDLabel2'>Lesealter ca. <span class='rDText2'>9<\/span><span class='rDLabel2'> Jahre<\/span><\/p><p class='rDLabel2'>Das Buch wurde <span class='rDText2'>0<\/span><span class='rDLabel2'> mal gelesen.<\/span><\/p><\/td><\/tr><tr><td colspan='2'><p class='rDLabel1'>Inhalt:<\/p><span class='rDText2'>Einsatz f\u00fcr die Cobra-Bande! Schaffst du es zusammen mit den drei Freunden die R\u00e4tsel im Buch zu L\u00f6sen und den Gangstern das Handwerk zu legen?\r\nBea (12) und ihr Bruder Otto (10) verbringen die Sommerferien in Berlin bei ihrem Opa. Als Beas Handy im Schwimmbad geklaut wird, treffen sie auf Cem (11), der den Diebstahl beobachtet hat. Zusammen machen sie sich auf die Jagd nach dem Dieb, doch der ist gar nicht so leicht zu schnappen.\r\nAls sie ihn schlie\u00dflich ausfindig machen, stellt sich heraus, dass er in einen viel gr\u00f6\u00dferen Fall verwickelt ist und dringend die Hilfe der drei Freunde gebrauchen kann.\r\nZusammen m\u00fcssen die Kinder (und damit auch die Leser*innen) einige R\u00e4tsel l\u00f6sen, um die Diebesbande hinter den zwielichtigen Handy-Gesch\u00e4ften zu \u00fcberf\u00fchren. \r\nImmer dabei ihr tierischer Freund \u2013 ein Rabe namens Rabbit.<\/span><\/td><\/tr><tr><td colspan='2'><a href='#' onclick='history.back(); return false'>Zur\u00fcck<\/a><\/td><\/tr><\/tbody><\/table>\n","protected":false},"excerpt":{"rendered":"<p>&#8211;<\/p>\n","protected":false},"author":1,"featured_media":0,"parent":0,"menu_order":0,"comment_status":"closed","ping_status":"closed","template":"","meta":[],"_links":{"self":[{"href":"https:\/\/www.web-rr.de\/GHS-Buecherei\/index.php\/wp-json\/wp\/v2\/pages\/16524"}],"collection":[{"href":"https:\/\/www.web-rr.de\/GHS-Buecherei\/index.php\/wp-json\/wp\/v2\/pages"}],"about":[{"href":"https:\/\/www.web-rr.de\/GHS-Buecherei\/index.php\/wp-json\/wp\/v2\/types\/page"}],"author":[{"embeddable":true,"href":"https:\/\/www.web-rr.de\/GHS-Buecherei\/index.php\/wp-json\/wp\/v2\/users\/1"}],"replies":[{"embeddable":true,"href":"https:\/\/www.web-rr.de\/GHS-Buecherei\/index.php\/wp-json\/wp\/v2\/comments?post=16524"}],"version-history":[{"count":0,"href":"https:\/\/www.web-rr.de\/GHS-Buecherei\/index.php\/wp-json\/wp\/v2\/pages\/16524\/revisions"}],"wp:attachment":[{"href":"https:\/\/www.web-rr.de\/GHS-Buecherei\/index.php\/wp-json\/wp\/v2\/media?parent=16524"}],"curies":[{"name":"wp","href":"https:\/\/api.w.org\/{rel}","templated":true}]}}