{"id":16523,"date":"2021-05-21T10:00:00","date_gmt":"2021-05-21T10:00:00","guid":{"rendered":"https:\/\/www.web-rr.de\/GHS-Buecherei\/?page_id=16523"},"modified":"2021-05-21T23:00:00","modified_gmt":"2021-05-21T23:00:00","slug":"p2000001021996","status":"publish","type":"page","link":"https:\/\/www.web-rr.de\/GHS-Buecherei\/index.php\/p2000001021996\/","title":{"rendered":"Natur &#8211; Wildtiere 28"},"content":{"rendered":"<table><tbody><tr><td class='rDTitel' colspan='2'>Uhus \u2013 lautlose W\u00e4chter & J\u00e4ger<\/td><\/tr><tr><td><span class='rDLabel1'>Status: <\/span><span class='rDText1Gruen'>vorhanden<\/span><\/td><td><span class='rDLabel1'>Antolin: <\/span><span class='rDText1Rot'>Quiz nicht vorhanden.<\/span><\/td><\/tr><tr><td width=50%><img src='https:\/\/www.web-rr.de\/GHS-Buecherei\/wp-content\/uploads\/2000001021996.jpg' alt=''><\/td><td><p class='rDLabel2'>von <span class='rDText2'>Dieter Bark (Autor),    Theo Eckmann (Autor)<\/span><\/p><p class='rDLabel2'>Verlag: <span class='rDText2'>ratio-books,  2015,  24.80 \u20ac<\/span><\/p><p class='rDLabel2'>B\u00fccherei-Barcode: <span class='rDText2'>2000001021996<\/span><\/p><p class='rDLabel2'>In der B\u00fccherei erfasst am: <span class='rDText2'>25.09.2024<\/span><\/p><p class='rDLabel2'>Stichw\u00f6rter: <span class='rDText2'>Eule, Uhu<\/span><\/p><p class='rDLabel2'>Lesealter ca. <span class='rDText2'>9<\/span><span class='rDLabel2'> Jahre<\/span><\/p><p class='rDLabel2'>Das Buch wurde <span class='rDText2'>0<\/span><span class='rDLabel2'> mal gelesen.<\/span><\/p><\/td><\/tr><tr><td colspan='2'><p class='rDLabel1'>Inhalt:<\/p><span class='rDText2'>Durch Vorlesen, Erz\u00e4hlen, Fragen und Antworten sollen besonders Kinder diese einzigartigen Eulen kennen lernen. Dies w\u00fcnschen sich die Autoren.Aber nat\u00fcrlich kann jeder an den Geschichten teilnehmen, kann seine eigene Geschichte erz\u00e4hlen, die Bilder erg\u00e4nzen oder einen passenden kleinen Reim, der Spa\u00df macht, finden.Der F\u00f6rster Dieter Bark hat die Uhus lange beobachtet und fotografiert.Theo Eckmann hat die Fotos durch den Text und ein paar kleine Gedichte erg\u00e4nzt.Sie wollen die Erz\u00e4hlenden anregen zu eigenen sprachlichen Ideen. Jeder der Autoren ist auf seine eigene Weise eng verbunden mit der Natur und w\u00fcnscht sich dies f\u00fcr alle, die das Buch in die Hand bekommen.<\/span><\/td><\/tr><tr><td colspan='2'><a href='#' onclick='history.back(); return false'>Zur\u00fcck<\/a><\/td><\/tr><\/tbody><\/table>\n","protected":false},"excerpt":{"rendered":"<p>&#8211;<\/p>\n","protected":false},"author":1,"featured_media":0,"parent":0,"menu_order":0,"comment_status":"closed","ping_status":"closed","template":"","meta":[],"_links":{"self":[{"href":"https:\/\/www.web-rr.de\/GHS-Buecherei\/index.php\/wp-json\/wp\/v2\/pages\/16523"}],"collection":[{"href":"https:\/\/www.web-rr.de\/GHS-Buecherei\/index.php\/wp-json\/wp\/v2\/pages"}],"about":[{"href":"https:\/\/www.web-rr.de\/GHS-Buecherei\/index.php\/wp-json\/wp\/v2\/types\/page"}],"author":[{"embeddable":true,"href":"https:\/\/www.web-rr.de\/GHS-Buecherei\/index.php\/wp-json\/wp\/v2\/users\/1"}],"replies":[{"embeddable":true,"href":"https:\/\/www.web-rr.de\/GHS-Buecherei\/index.php\/wp-json\/wp\/v2\/comments?post=16523"}],"version-history":[{"count":0,"href":"https:\/\/www.web-rr.de\/GHS-Buecherei\/index.php\/wp-json\/wp\/v2\/pages\/16523\/revisions"}],"wp:attachment":[{"href":"https:\/\/www.web-rr.de\/GHS-Buecherei\/index.php\/wp-json\/wp\/v2\/media?parent=16523"}],"curies":[{"name":"wp","href":"https:\/\/api.w.org\/{rel}","templated":true}]}}