{"id":16401,"date":"2021-05-21T10:00:00","date_gmt":"2021-05-21T10:00:00","guid":{"rendered":"https:\/\/www.web-rr.de\/GHS-Buecherei\/?page_id=16401"},"modified":"2021-05-21T23:00:00","modified_gmt":"2021-05-21T23:00:00","slug":"p9783845838021","status":"publish","type":"page","link":"https:\/\/www.web-rr.de\/GHS-Buecherei\/index.php\/p9783845838021\/","title":{"rendered":"Fantasie 94"},"content":{"rendered":"<table><tbody><tr><td class='rDTitel' colspan='2'>Liane und das Land der Geschichten: Ein Buch \u00fcber die Magie des Lesens<\/td><\/tr><tr><td><span class='rDLabel1'>Status: <\/span><span class='rDText1Gruen'>vorhanden<\/span><\/td><td><span class='rDLabel1'>Antolin: <\/span><span class='rDText1Gruen'>ja, Empfehlung Klasse 4<\/span><\/td><\/tr><tr><td width=50%><img src='https:\/\/www.web-rr.de\/GHS-Buecherei\/wp-content\/uploads\/9783845838021.jpg' alt=''><\/td><td><p class='rDLabel2'>von <span class='rDText2'>Elif Shafak und Gerhard Meier<\/span><\/p><p class='rDLabel2'>Verlag: <span class='rDText2'>arsEdition,  2020,  12.00 \u20ac<\/span><\/p><p class='rDLabel2'>B\u00fccherei-Barcode: <span class='rDText2'>9783845838021<\/span><\/p><p class='rDLabel2'>In der B\u00fccherei erfasst am: <span class='rDText2'>04.08.2024<\/span><\/p><p class='rDLabel2'>Stichw\u00f6rter: <span class='rDText2'>Abenteuer, Fantasie, Tr\u00e4ume, Magie<\/span><\/p><p class='rDLabel2'>Lesealter ca. <span class='rDText2'>9<\/span><span class='rDLabel2'> Jahre<\/span><\/p><p class='rDLabel2'>Das Buch wurde <span class='rDText2'>0<\/span><span class='rDLabel2'> mal gelesen.<\/span><\/p><\/td><\/tr><tr><td colspan='2'><p class='rDLabel1'>Inhalt:<\/p><span class='rDText2'>Ein fantastisches Abenteuer im Land der Geschichten\r\nLiane liebt Geschichten \u00fcber alles. Ihr gr\u00f6\u00dftes Gl\u00fcck findet sie im Lesen, in B\u00fcchern und in ihren fantasievollen Tagtr\u00e4umen. Eines Tages entdeckt sie in der Schulbibliothek einen alten Globus. Darauf ist ein r\u00e4tselhafter Kontinent in Buchform abgebildet. Kurz darauf begegnet sie zwei geheimnisvollen Kindern, die aus dem Land der Geschichten stammen. Doch dieses Land ist in gro\u00dfer Gefahr. Es lebt von der Fantasie der Menschen - und da immer weniger Menschen lesen, droht es zu verdorren. Liane will die Fantasie und das magische Land unbedingt retten, ehe es zu sp\u00e4t ist. Und so beginnt eine abenteuerliche Reise \u2026<\/span><\/td><\/tr><tr><td colspan='2'><a href='#' onclick='history.back(); return false'>Zur\u00fcck<\/a><\/td><\/tr><\/tbody><\/table>\n","protected":false},"excerpt":{"rendered":"<p>&#8211;<\/p>\n","protected":false},"author":1,"featured_media":0,"parent":0,"menu_order":0,"comment_status":"closed","ping_status":"closed","template":"","meta":[],"_links":{"self":[{"href":"https:\/\/www.web-rr.de\/GHS-Buecherei\/index.php\/wp-json\/wp\/v2\/pages\/16401"}],"collection":[{"href":"https:\/\/www.web-rr.de\/GHS-Buecherei\/index.php\/wp-json\/wp\/v2\/pages"}],"about":[{"href":"https:\/\/www.web-rr.de\/GHS-Buecherei\/index.php\/wp-json\/wp\/v2\/types\/page"}],"author":[{"embeddable":true,"href":"https:\/\/www.web-rr.de\/GHS-Buecherei\/index.php\/wp-json\/wp\/v2\/users\/1"}],"replies":[{"embeddable":true,"href":"https:\/\/www.web-rr.de\/GHS-Buecherei\/index.php\/wp-json\/wp\/v2\/comments?post=16401"}],"version-history":[{"count":0,"href":"https:\/\/www.web-rr.de\/GHS-Buecherei\/index.php\/wp-json\/wp\/v2\/pages\/16401\/revisions"}],"wp:attachment":[{"href":"https:\/\/www.web-rr.de\/GHS-Buecherei\/index.php\/wp-json\/wp\/v2\/media?parent=16401"}],"curies":[{"name":"wp","href":"https:\/\/api.w.org\/{rel}","templated":true}]}}

<table><tbody><tr><td class='rDTitel' colspan='2'>Liane und das Land der Geschichten: Ein Buch über die Magie des Lesens</td></tr><tr><td><span class='rDLabel1'>Status: </span><span class='rDText1Gruen'>vorhanden</span></td><td><span class='rDLabel1'>Antolin: </span><span class='rDText1Gruen'>ja, Empfehlung Klasse 4</span></td></tr><tr><td width=50%><img src='https://www.web-rr.de/GHS-Buecherei/wp-content/uploads/9783845838021.jpg' alt=''></td><td><p class='rDLabel2'>von <span class='rDText2'>Elif Shafak und Gerhard Meier</span></p><p class='rDLabel2'>Verlag: <span class='rDText2'>arsEdition,  2020,  12.00 €</span></p><p class='rDLabel2'>Bücherei-Barcode: <span class='rDText2'>9783845838021</span></p><p class='rDLabel2'>In der Bücherei erfasst am: <span class='rDText2'>04.08.2024</span></p><p class='rDLabel2'>Stichwörter: <span class='rDText2'>Abenteuer, Fantasie, Träume, Magie</span></p><p class='rDLabel2'>Lesealter ca. <span class='rDText2'>9</span><span class='rDLabel2'> Jahre</span></p><p class='rDLabel2'>Das Buch wurde <span class='rDText2'>0</span><span class='rDLabel2'> mal gelesen.</span></p></td></tr><tr><td colspan='2'><p class='rDLabel1'>Inhalt:</p><span class='rDText2'>Ein fantastisches Abenteuer im Land der Geschichten
Liane liebt Geschichten über alles. Ihr größtes Glück findet sie im Lesen, in Büchern und in ihren fantasievollen Tagträumen. Eines Tages entdeckt sie in der Schulbibliothek einen alten Globus. Darauf ist ein rätselhafter Kontinent in Buchform abgebildet. Kurz darauf begegnet sie zwei geheimnisvollen Kindern, die aus dem Land der Geschichten stammen. Doch dieses Land ist in großer Gefahr. Es lebt von der Fantasie der Menschen - und da immer weniger Menschen lesen, droht es zu verdorren. Liane will die Fantasie und das magische Land unbedingt retten, ehe es zu spät ist. Und so beginnt eine abenteuerliche Reise …</span></td></tr><tr><td colspan='2'><a href='#' onclick='history.back(); return false'>Zurück</a></td></tr></tbody></table>
