{"id":16369,"date":"2021-05-21T10:00:00","date_gmt":"2021-05-21T10:00:00","guid":{"rendered":"https:\/\/www.web-rr.de\/GHS-Buecherei\/?page_id=16369"},"modified":"2021-05-21T23:00:00","modified_gmt":"2021-05-21T23:00:00","slug":"p9783730818800","status":"publish","type":"page","link":"https:\/\/www.web-rr.de\/GHS-Buecherei\/index.php\/p9783730818800\/","title":{"rendered":"Erde &#8211; Planet 35"},"content":{"rendered":"<table><tbody><tr><td class='rDTitel' colspan='2'>Die Helden des Unterwasserwaldes<\/td><\/tr><tr><td><span class='rDLabel1'>Status: <\/span><span class='rDText1Gruen'>vorhanden<\/span><\/td><td><span class='rDLabel1'>Antolin: <\/span><span class='rDText1Rot'>Quiz nicht vorhanden.<\/span><\/td><\/tr><tr><td width=50%><img src='https:\/\/www.web-rr.de\/GHS-Buecherei\/wp-content\/uploads\/9783730818800.jpg' alt=''><\/td><td><p class='rDLabel2'>von <span class='rDText2'>Stephanie Helber und Paula Senff<\/span><\/p><p class='rDLabel2'>Verlag: <span class='rDText2'>Isensee, Florian, GmbH,  2022,  9.90 \u20ac<\/span><\/p><p class='rDLabel2'>B\u00fccherei-Barcode: <span class='rDText2'>9783730818800<\/span><\/p><p class='rDLabel2'>In der B\u00fccherei erfasst am: <span class='rDText2'>19.12.2023<\/span><\/p><p class='rDLabel2'>Stichw\u00f6rter: <span class='rDText2'>Meer, Biologie, Unterwasserwelt<\/span><\/p><p class='rDLabel2'>Lesealter ca. <span class='rDText2'>7<\/span><span class='rDLabel2'> Jahre<\/span><\/p><p class='rDLabel2'>Das Buch wurde <span class='rDText2'>0<\/span><span class='rDLabel2'> mal gelesen.<\/span><\/p><\/td><\/tr><tr><td colspan='2'><p class='rDLabel1'>Inhalt:<\/p><span class='rDText2'>Chloe ist nach Sansibar gezogen, da ihre Mama dort als Meeresbiologin arbeiten wird. Zusammen mit ihrem neuen Schulkameraden, Amo, geht sie auf Entdeckungsreise ins Meer. Dort treffen sie eine Seekuh namens Nya, die ihnen ihr Zuhause zeigt - die Seegraswiese. Gr\u00fcne, lange Bl\u00e4tter wohin man nur blickt. Zwischen ihnen eine Vielzahl von farbenfrohen Meeresbewohnern. Chloe und Amo sind sofort von diesem Unterwasserwald begeistert. Als jedoch der hei\u00dfe Sommer kommt und beide erst einige Wochen sp\u00e4ter wieder an den Strand zur\u00fcckkehren, ist die Seegraswiese verschwunden - und mit ihr auch ihre Freundin Nya. Eine W\u00fcste aus Sand ist zur\u00fcckgeblieben. Was ist nur passiert und was k\u00f6nnen sie tun? Das wollen beide nun herausfinden.<\/span><\/td><\/tr><tr><td colspan='2'><a href='#' onclick='history.back(); return false'>Zur\u00fcck<\/a><\/td><\/tr><\/tbody><\/table>\n","protected":false},"excerpt":{"rendered":"<p>&#8211;<\/p>\n","protected":false},"author":1,"featured_media":0,"parent":0,"menu_order":0,"comment_status":"closed","ping_status":"closed","template":"","meta":[],"_links":{"self":[{"href":"https:\/\/www.web-rr.de\/GHS-Buecherei\/index.php\/wp-json\/wp\/v2\/pages\/16369"}],"collection":[{"href":"https:\/\/www.web-rr.de\/GHS-Buecherei\/index.php\/wp-json\/wp\/v2\/pages"}],"about":[{"href":"https:\/\/www.web-rr.de\/GHS-Buecherei\/index.php\/wp-json\/wp\/v2\/types\/page"}],"author":[{"embeddable":true,"href":"https:\/\/www.web-rr.de\/GHS-Buecherei\/index.php\/wp-json\/wp\/v2\/users\/1"}],"replies":[{"embeddable":true,"href":"https:\/\/www.web-rr.de\/GHS-Buecherei\/index.php\/wp-json\/wp\/v2\/comments?post=16369"}],"version-history":[{"count":0,"href":"https:\/\/www.web-rr.de\/GHS-Buecherei\/index.php\/wp-json\/wp\/v2\/pages\/16369\/revisions"}],"wp:attachment":[{"href":"https:\/\/www.web-rr.de\/GHS-Buecherei\/index.php\/wp-json\/wp\/v2\/media?parent=16369"}],"curies":[{"name":"wp","href":"https:\/\/api.w.org\/{rel}","templated":true}]}}