{"id":16335,"date":"2021-05-21T10:00:00","date_gmt":"2021-05-21T10:00:00","guid":{"rendered":"https:\/\/www.web-rr.de\/GHS-Buecherei\/?page_id=16335"},"modified":"2021-05-21T23:00:00","modified_gmt":"2021-05-21T23:00:00","slug":"p9783702239145","status":"publish","type":"page","link":"https:\/\/www.web-rr.de\/GHS-Buecherei\/index.php\/p9783702239145\/","title":{"rendered":"Soziales 55"},"content":{"rendered":"<table><tbody><tr><td class='rDTitel' colspan='2'>Heul doch: Vom Heulen, Pl\u00e4rren, Weinen und Flennen<\/td><\/tr><tr><td><span class='rDLabel1'>Status: <\/span><span class='rDText1Gruen'>vorhanden<\/span><\/td><td><span class='rDLabel1'>Antolin: <\/span><span class='rDText1Rot'>Quiz nicht vorhanden.<\/span><\/td><\/tr><tr><td width=50%><img src='https:\/\/www.web-rr.de\/GHS-Buecherei\/wp-content\/uploads\/9783702239145.jpg' alt=''><\/td><td><p class='rDLabel2'>von <span class='rDText2'>Frauke Angel und Stephanie Brittnacher<\/span><\/p><p class='rDLabel2'>Verlag: <span class='rDText2'>TYROLIA Gesellschaft m. b. H.,  2021,  18.00 \u20ac<\/span><\/p><p class='rDLabel2'>B\u00fccherei-Barcode: <span class='rDText2'>9783702239145<\/span><\/p><p class='rDLabel2'>In der B\u00fccherei erfasst am: <span class='rDText2'>17.12.2023<\/span><\/p><p class='rDLabel2'>Stichw\u00f6rter: <span class='rDText2'>Heulen, pl\u00e4rren, weinen, flennen, Wut, Verzweiflung, Tr\u00e4ne<\/span><\/p><p class='rDLabel2'>Lesealter ca. <span class='rDText2'>8<\/span><span class='rDLabel2'> Jahre<\/span><\/p><p class='rDLabel2'>Das Buch wurde <span class='rDText2'>0<\/span><span class='rDLabel2'> mal gelesen.<\/span><\/p><\/td><\/tr><tr><td colspan='2'><p class='rDLabel1'>Inhalt:<\/p><span class='rDText2'>Fast alle Menschen tun es und zwar auf der ganzen Welt: heulen, pl\u00e4rren, weinen und flennen. Die Gr\u00fcnde daf\u00fcr sind mannigfaltig und h\u00f6chst individuell. Sei es vor Schmerzen, vor Trauer, vor Wut, vor Verzweiflung, sei es auf Knopfdruck, wenn man schauspielern soll, oder weil es wie bei Babys die einzige M\u00f6glichkeit ist, ein dringendes Bed\u00fcrfnis mitzuteilen. Auch vor Freude, R\u00fchrung und Erleichterung k\u00f6nnen uns schon einmal die Tr\u00e4nen kommen, w\u00e4hrend sie anderswo bereits v\u00f6llig versiegt scheinen.\r\nAber wozu weinen wir eigentlich? Und wo kommen die Tr\u00e4nen \u00fcberhaupt her? K\u00f6nnen Tiere weinen? Weinen alle Menschen gleich viel? Und weshalb schmecken Tr\u00e4nen salzig? Auf der Suche nach Antworten erkunden wir die Tr\u00e4nen einer Gro\u00dffamilie. Und in der wird wirklich viel geheult!\r\nFrauke Angel pr\u00e4sentiert das ernsthafte Thema frisch und humorig, gleichzeitig respektvoll und tiefgehend. Der mehr als w\u00e4ssrigen Materie setzt Stephanie Brittnacher expressive, kraftvolle Bilder entgegen, arbeitet vornehmlich mit Blau, Rot und Wei\u00df, f\u00fchrt Andeutungen weiter, erz\u00e4hlt Hintergr\u00fcnde und macht vor allem eines deutlich: Egal, wer wir sind und wie wir im Leben stehen \u2013 heulen tun wir alle, mal lauter, mal leiser, mal auch nur ganz versteckt in uns drin.<\/span><\/td><\/tr><tr><td colspan='2'><a href='#' onclick='history.back(); return false'>Zur\u00fcck<\/a><\/td><\/tr><\/tbody><\/table>\n","protected":false},"excerpt":{"rendered":"<p>&#8211;<\/p>\n","protected":false},"author":1,"featured_media":0,"parent":0,"menu_order":0,"comment_status":"closed","ping_status":"closed","template":"","meta":[],"_links":{"self":[{"href":"https:\/\/www.web-rr.de\/GHS-Buecherei\/index.php\/wp-json\/wp\/v2\/pages\/16335"}],"collection":[{"href":"https:\/\/www.web-rr.de\/GHS-Buecherei\/index.php\/wp-json\/wp\/v2\/pages"}],"about":[{"href":"https:\/\/www.web-rr.de\/GHS-Buecherei\/index.php\/wp-json\/wp\/v2\/types\/page"}],"author":[{"embeddable":true,"href":"https:\/\/www.web-rr.de\/GHS-Buecherei\/index.php\/wp-json\/wp\/v2\/users\/1"}],"replies":[{"embeddable":true,"href":"https:\/\/www.web-rr.de\/GHS-Buecherei\/index.php\/wp-json\/wp\/v2\/comments?post=16335"}],"version-history":[{"count":0,"href":"https:\/\/www.web-rr.de\/GHS-Buecherei\/index.php\/wp-json\/wp\/v2\/pages\/16335\/revisions"}],"wp:attachment":[{"href":"https:\/\/www.web-rr.de\/GHS-Buecherei\/index.php\/wp-json\/wp\/v2\/media?parent=16335"}],"curies":[{"name":"wp","href":"https:\/\/api.w.org\/{rel}","templated":true}]}}