{"id":16330,"date":"2021-05-21T10:00:00","date_gmt":"2021-05-21T10:00:00","guid":{"rendered":"https:\/\/www.web-rr.de\/GHS-Buecherei\/?page_id=16330"},"modified":"2021-05-21T23:00:00","modified_gmt":"2021-05-21T23:00:00","slug":"p9783965200739","status":"publish","type":"page","link":"https:\/\/www.web-rr.de\/GHS-Buecherei\/index.php\/p9783965200739\/","title":{"rendered":"Natur &#8211; Insekten 31"},"content":{"rendered":"<table><tbody><tr><td class='rDTitel' colspan='2'>Leselauscher Wissen: Insekten: mit H\u00f6rbuch und Stickerbogen<\/td><\/tr><tr><td><span class='rDLabel1'>Status: <\/span><span class='rDText1Gruen'>vorhanden<\/span><\/td><td><span class='rDLabel1'>Antolin: <\/span><span class='rDText1Gruen'>ja, Empfehlung Klasse 3<\/span><\/td><\/tr><tr><td width=50%><img src='https:\/\/www.web-rr.de\/GHS-Buecherei\/wp-content\/uploads\/9783965200739.jpg' alt=''><\/td><td><p class='rDLabel2'>von <span class='rDText2'>Sonja Thomas<\/span><\/p><p class='rDLabel2'>Verlag: <span class='rDText2'>BVK Buch Verlag Kempen GmbH,  2020,  15.00 \u20ac<\/span><\/p><p class='rDLabel2'>B\u00fccherei-Barcode: <span class='rDText2'>9783965200739<\/span><\/p><p class='rDLabel2'>In der B\u00fccherei erfasst am: <span class='rDText2'>13.12.2023<\/span><\/p><p class='rDLabel2'>Stichw\u00f6rter: <span class='rDText2'>Ameisen, Libellen, K\u00e4fer, Heuschrecken, Schmetterlinge, Insekten<\/span><\/p><p class='rDLabel2'>Lesealter ca. <span class='rDText2'>7<\/span><span class='rDLabel2'> Jahre<\/span><\/p><p class='rDLabel2'>Das Buch wurde <span class='rDText2'>0<\/span><span class='rDLabel2'> mal gelesen.<\/span><\/p><\/td><\/tr><tr><td colspan='2'><p class='rDLabel1'>Inhalt:<\/p><span class='rDText2'>Unz\u00e4hlige Arten von Insekten bev\u00f6lkern unsere Erde. Ob Ameisen, Libellen, K\u00e4fer oder Heuschrecken, man begegnet ihnen fast \u00fcberall. Dabei sind einige Insekten wie Bienen und Schmetterlinge sehr n\u00fctzlich, andere wie die Fliege gehen uns eher auf die Nerven. Wie faszinierend Insekten wirklich sind und welche Rekorde es innerhalb der Insektengruppen gibt, vermittelt Verona in diesem Sachbuch. Gemeinsam mit ihrem Opa geht sie immer wieder raus in die Natur und beobachtet die verschiedenen Insekten in ihren Lebensr\u00e4umen. Ihr Opa erkl\u00e4rt ihr unter anderem, woran man Insekten \u00fcberhaupt erkennt, was man unter Metamorphose versteht und warum es so wichtig ist, die Insekten zu sch\u00fctzen. Durch Mitmach-Angebote k\u00f6nnen sich die jungen Leser selbst aktiv f\u00fcr den Insektenschutz einsetzen. Extra: H\u00f6rbuch und Stickerbogen im Buch!<\/span><\/td><\/tr><tr><td colspan='2'><a href='#' onclick='history.back(); return false'>Zur\u00fcck<\/a><\/td><\/tr><\/tbody><\/table>\n","protected":false},"excerpt":{"rendered":"<p>&#8211;<\/p>\n","protected":false},"author":1,"featured_media":0,"parent":0,"menu_order":0,"comment_status":"closed","ping_status":"closed","template":"","meta":[],"_links":{"self":[{"href":"https:\/\/www.web-rr.de\/GHS-Buecherei\/index.php\/wp-json\/wp\/v2\/pages\/16330"}],"collection":[{"href":"https:\/\/www.web-rr.de\/GHS-Buecherei\/index.php\/wp-json\/wp\/v2\/pages"}],"about":[{"href":"https:\/\/www.web-rr.de\/GHS-Buecherei\/index.php\/wp-json\/wp\/v2\/types\/page"}],"author":[{"embeddable":true,"href":"https:\/\/www.web-rr.de\/GHS-Buecherei\/index.php\/wp-json\/wp\/v2\/users\/1"}],"replies":[{"embeddable":true,"href":"https:\/\/www.web-rr.de\/GHS-Buecherei\/index.php\/wp-json\/wp\/v2\/comments?post=16330"}],"version-history":[{"count":0,"href":"https:\/\/www.web-rr.de\/GHS-Buecherei\/index.php\/wp-json\/wp\/v2\/pages\/16330\/revisions"}],"wp:attachment":[{"href":"https:\/\/www.web-rr.de\/GHS-Buecherei\/index.php\/wp-json\/wp\/v2\/media?parent=16330"}],"curies":[{"name":"wp","href":"https:\/\/api.w.org\/{rel}","templated":true}]}}